{"id":1164,"date":"2020-11-09T20:16:27","date_gmt":"2020-11-09T18:16:27","guid":{"rendered":"https:\/\/edublog.educastur.es\/ixuxullingua\/?page_id=1164"},"modified":"2020-11-09T20:16:27","modified_gmt":"2020-11-09T18:16:27","slug":"sesion-02","status":"publish","type":"page","link":"https:\/\/edublog.educastur.es\/ixuxullingua\/5-quintu\/quintu-20-21\/02-primer-trimestre\/sesion-02\/","title":{"rendered":"Sesi\u00f3n 02"},"content":{"rendered":"<p><strong><em>Mapa dialectal de Asturias\u00a0 <\/em><\/strong><\/p>\n<p><a href=\"https:\/\/www.iventia.com\/asturlhiones\/images\/b\/bc\/Asturias.gif\"><img loading=\"lazy\" decoding=\"async\" class=\"alignnone \" src=\"https:\/\/www.iventia.com\/asturlhiones\/images\/b\/bc\/Asturias.gif\" width=\"275\" height=\"168\" \/><\/a><\/p>\n<p>\/\u00a0 <a href=\"https:\/\/upload.wikimedia.org\/wikipedia\/commons\/thumb\/e\/e3\/Mapa_llingua_asturiana.svg\/1200px-Mapa_llingua_asturiana.svg.png\"><img loading=\"lazy\" decoding=\"async\" class=\"alignnone \" src=\"https:\/\/upload.wikimedia.org\/wikipedia\/commons\/thumb\/e\/e3\/Mapa_llingua_asturiana.svg\/1200px-Mapa_llingua_asturiana.svg.png\" width=\"915\" height=\"852\" \/><\/a><\/p>\n<p>&nbsp;<\/p>\n<p><em><strong>En Asturias se hablan tres lenguas:\u00a0 el castellano<\/strong> (lengua oficial de Asturias y el resto de Espa\u00f1a)<strong> , el asturiano y el gallego-asturiano <\/strong>(\u00e9stas dos \u00faltimas son las lenguas aut\u00f3ctonas). El asturiano es una lengua romance, es decir, evolucion\u00f3 del lat\u00edn al igual que otras lenguas hermanas suyas, como el portugu\u00e9s, el franc\u00e9s, el italiano, el rumano o el propio castellano. <\/em><\/p>\n<p><a href=\"https:\/\/sfa.grupos.uniovi.es\/documents\/251554\/251658\/Domiu+asturlleon%C3%A9s\/7818eeee-d739-4c5b-aaee-96ffecf85475?t=1456142325994\"><img loading=\"lazy\" decoding=\"async\" class=\"alignnone size-full\" src=\"https:\/\/sfa.grupos.uniovi.es\/documents\/251554\/251658\/Domiu+asturlleon%C3%A9s\/7818eeee-d739-4c5b-aaee-96ffecf85475?t=1456142325994\" width=\"587\" height=\"787\" \/><\/a><\/p>\n<p><em>Cuando los romanos llegaron a la <a href=\"https:\/\/agrega.juntadeandalucia.es\/repositorio\/25072011\/41\/es-an_2011072513_9214737\/ODE-ccc66b9e-9003-3d5b-b9d5-acba197f4eb8\/Neolatinas_mio_color.jpg\">Pen\u00ednsula Ib\u00e9rica trajeron consigo, entre otras cosas, su lengua (el lat\u00edn)<\/a> que\u00a0 entr\u00f3 en contacto\u00a0 con las lenguas de los pueblos que habitaban estas tierras y de ese contacto nacieron las diferentes <strong>lenguas romances que existen actualmente en Espa\u00f1a: el gallego, el catal\u00e1n, el aragon\u00e9s, el aran\u00e9s, el castellano y el asturiano.\u00a0<\/strong> <\/em><\/p>\n<p><a href=\"https:\/\/traductoresoficiales.es\/wp-content\/uploads\/2016\/10\/idiomas-espana.png\"><img loading=\"lazy\" decoding=\"async\" class=\"alignnone \" src=\"https:\/\/traductoresoficiales.es\/wp-content\/uploads\/2016\/10\/idiomas-espana.png\" width=\"772\" height=\"297\" \/><\/a><\/p>\n<ul>\n<li><a href=\"https:\/\/es.calameo.com\/read\/00344917209f3351b0a3f\"><em>Ver p\u00e1g 2 en Calameo<\/em><\/a><\/li>\n<li><a href=\"https:\/\/image.slidesharecdn.com\/situacinlingsticadeespaa-140402122323-phpapp01\/95\/situacin-lingstica-de-espaa-6-638.jpg?cb=1396441468\"><em><strong>\u00bfY el vasco?<\/strong> \u00bfQu\u00e9 pens\u00e1is? \u00bfPor qu\u00e9 no est\u00e1 en este mapa?&#8230; <\/em><\/a><\/li>\n<\/ul>\n<hr \/>\n<p><em><strong>\u00abFalsos amigos\u00bb <\/strong>(para comentar y ver las diferencias&#8230;)<\/em><\/p>\n<p><a href=\"https:\/\/asturianutv.files.wordpress.com\/2020\/04\/captura-de-pantalla-2020-04-14-a-las-12.18.22.png\"><img loading=\"lazy\" decoding=\"async\" class=\"alignnone \" src=\"https:\/\/asturianutv.files.wordpress.com\/2020\/04\/captura-de-pantalla-2020-04-14-a-las-12.18.22.png\" width=\"519\" height=\"291\" \/><\/a><\/p>\n<p><em>Definici\u00f3n: Un<a href=\"https:\/\/es.wikipedia.org\/wiki\/Falso_amigo\"> <b>falso amigo<\/b><\/a> es una <a title=\"Palabra\" href=\"https:\/\/es.wikipedia.org\/wiki\/Palabra\">palabra<\/a> de otro <a title=\"Idioma\" href=\"https:\/\/es.wikipedia.org\/wiki\/Idioma\">idioma<\/a> que se parece, en la escritura o en la pronunciaci\u00f3n, a una palabra de la <a title=\"Lengua materna\" href=\"https:\/\/es.wikipedia.org\/wiki\/Lengua_materna\">lengua materna<\/a> del hablante, pero que tiene un significado diferente. En Asturias tambi\u00e9n tenemos estas \u00abpalabras enga\u00f1osas\u00bb que se pronuncian o se escriben igual\u00a0 o de manera muy parecida pero significan cosas distintas. Entre el asturiano y el castellano existen abundantes casos de \u00abfalsos amigos\u00bb \ud83d\ude09<\/em><\/p>\n<ul>\n<li><em><strong>PICAR<\/strong>: llamar a la puerta (asturiano) \/ herir con un agij\u00f3n o trocear algo (castellano)<\/em><\/li>\n<li><em><strong>C\u00c9LEBRE<\/strong>: simp\u00e1tico (asturiano) \/ famoso (castellano)<\/em><\/li>\n<li><em><strong>PRESTAR<\/strong>: gustar \/ disfrutar con algo (asturiano) \/ ceder algo a alguien temporalmente (castellano)<\/em><\/li>\n<li><em><strong>ABRASARSE<\/strong>: hacerse da\u00f1o (asturiano) \/ quemarse (castellano)<\/em><\/li>\n<li><em><strong>ARROGANTE<\/strong>: generoso (asturiano) \/ altanero (castellano)<\/em><\/li>\n<\/ul>\n<p><em><a href=\"https:\/\/www.youtube.com\/watch?v=lM3OJzBj0LY&amp;feature=emb_logo\">Ver minutu 08:50 (<strong>avanzar el video<\/strong>) en el siguiente video de Inaciu Gal\u00e1n<\/a><br \/>\n<\/em><\/p>\n\n<!-- iframe plugin v.6.0 wordpress.org\/plugins\/iframe\/ -->\n<iframe loading=\"lazy\" width=\"706\" height=\"397\" src=\"https:\/\/www.youtube.com\/embed\/lM3OJzBj0LY\" scrolling=\"yes\" class=\"iframe-class\" frameborder=\"0\"><\/iframe>\n\n<p>&nbsp;<\/p>\n<hr \/>\n<p><em>La<strong> Academia de la Llingua Asturiana (ALLA)<br \/>\n<a href=\"https:\/\/educastur-my.sharepoint.com\/:b:\/g\/personal\/isabellh_educastur_org\/ES2IXooZaY5NmEWUhKwocCABJ5Q-1hOtl5kvQ8c0Ey4FJw?e=fNhxaC\">Ficha alumnado con tarea para hacer en clase.<\/a><br \/>\n<\/strong><\/em><\/p>\n<p><a href=\"https:\/\/imgbox.es\/images\/2020\/03\/23\/allaf80524804ad28fab.jpg\"><img loading=\"lazy\" decoding=\"async\" class=\"alignnone \" src=\"https:\/\/imgbox.es\/images\/2020\/03\/23\/allaf80524804ad28fab.jpg\" width=\"185\" height=\"184\" \/>\u00a0<\/a><\/p>\n<ul>\n<li><a href=\"http:\/\/www.academiadelallingua.com\/\">Web oficial<\/a><\/li>\n<li><a href=\"http:\/\/www.academiadelallingua.com\/lacademia-2\/\">L\u00b4Academia<\/a><\/li>\n<li><a href=\"https:\/\/es.wikipedia.org\/wiki\/Academia_de_la_Lengua_Asturiana\">Ver en Wikipedia<\/a><\/li>\n<\/ul>\n<p><em>Es la m\u00e1xima instituci\u00f3n lling\u00fc\u00edstica en cuestiones relativas al estudio, la promoci\u00f3n y la defensa del asturiano y del gallego-asturiano, lenguas propias de Asturias.\u00a0 Su sede est\u00e1 en Oviedo: <\/em>Cai L\u2019\u00c1guila, n\u00famberu 10, 33003, Uvi\u00e9u, Asturies,\u00a0\u00a0 <em>Apart\u00e1u de Correos 574 E-33080 UVI\u00c9U\u00a0<\/em>\u00a0\u00a0 Tfnu. +34 985 21 18 37\u00a0\u00a0 <a href=\"mailto:alla@academiadelallingua.com\">alla@academiadelallingua.com<\/a><\/p>\n<p><em>Esta instituci\u00f3n fue creada en el a\u00f1o 1980 y est\u00e1 presidida en la actualidad por Xos\u00e9 Antonio Glez. Ria\u00f1o. Est\u00e1 formada por varios miembros (acad\u00e9micos y acad\u00e9micas) que son especialistas\u00a0 en el \u00e1mbito ling\u00fc\u00edstico y que se re\u00fanen peri\u00f3dicamente\u00a0 para trabajar en cuestiones relativas al asturiano y al gallego-asturiano.\u00a0 <a href=\"https:\/\/es.wikipedia.org\/wiki\/Academia_de_la_Lengua_Asturiana\">Ver lista completa de acad\u00e9micos.<\/a><\/em><\/p>\n<ul>\n<li><em>Presidente: Xos\u00e9 Ant\u00f3n Gonz\u00e1lez Ria\u00f1o<\/em><\/li>\n<li><em>Vicepresidenta: Marta Mori d\u2019Arriba<\/em><\/li>\n<li><em>Secretariu: Xos\u00e9 Ram\u00f3n Iglesias Cueva<\/em><\/li>\n<li><em>Vicesecretaria: Carmen Mu\u00f1iz Cach\u00f3n<\/em><\/li>\n<li><em>Ayalgueru: Carlos Lastra L\u00f3pez<\/em><\/li>\n<\/ul>\n<p><em>Coincidiendo con la celebraci\u00f3n\u00a0 del <a href=\"http:\/\/www.academiadelallingua.com\/lletresasturianes\/index.php\"><strong>D\u00eda de les Lletres Asturianes<\/strong><\/a>, el primer viernes de mayo, los miembros de la ALLA se re\u00fanen de forma extraordinaria para nombrar nuevos acad\u00e9micos. De esta manera, la instituci\u00f3n se va ampliando a\u00f1o tras a\u00f1o.<\/em><\/p>\n<p><em>La principal funci\u00f3n\u00a0 es establecer las normas adecuadas para un uso correcto de la lengua asturiana (su normalizaci\u00f3n). Para conseguie este objetivo cuenta con tres obras muy importantes que se revisan peri\u00f3dicamente: <strong>(1) Normes Ortogr\u00e1fiques y Conxugaci\u00f3n de Verbos, (2) Gram\u00e1tica de la Llingua Asturiana y (3) Diccionariu de l&#8217;Academia de la Llingua Asturiana. Se pueden consultar online.<\/strong><\/em><\/p>\n<p><a href=\"https:\/\/drive.google.com\/file\/d\/1jDsLacsEYYKvWNt6Gy8v3brN_cV6gAH_\/view?usp=sharing\" target=\"_blank\" rel=\"noopener noreferrer\"><img loading=\"lazy\" decoding=\"async\" class=\"\" src=\"https:\/\/imgbox.es\/images\/2020\/03\/31\/normes_p2f51d96c1465a745.jpg\" width=\"242\" height=\"140\" align=\"left\" \/><\/a><a href=\"https:\/\/drive.google.com\/file\/d\/1zxQFvjJumukO4oaug6-mhpNk55hQZbzB\/view?usp=sharing\"> \u00a0\u00a0 <img loading=\"lazy\" decoding=\"async\" class=\"image \" src=\"https:\/\/imgbox.es\/images\/2020\/03\/31\/gramaticap0a7ea8da7b5467e1.jpg\" alt=\"\" width=\"202\" height=\"144\" \/><\/a>\u00a0 \/<a href=\"https:\/\/mas.lne.es\/diccionario\/\"><img loading=\"lazy\" decoding=\"async\" class=\"image \" src=\"https:\/\/imgbox.es\/images\/2020\/03\/23\/dgla0dd2cf94af1e0a40.jpg\" alt=\"\" width=\"365\" height=\"48\" \/><\/a><\/p>\n<div class=\"wrapper section-inner group\">\n<div class=\"sidebar right\" role=\"complementary\">\n<div id=\"media_image-37\" class=\"widget widget_media_image\"><\/div>\n<\/div>\n<\/div>\n<p><em><strong>TRABAJOS:<\/strong> En <a title=\"1981\" href=\"https:\/\/es.wikipedia.org\/wiki\/1981\">1981<\/a> se public\u00f3 el primer trabajo normativo de la Academia, <strong>Normes Ortogr\u00e1fiques y Conxugaci\u00f3n de Verbos.<\/strong> Otras publicaciones a destacar son la <strong>Gram\u00e1tica de la Llingua Asturiana<\/strong> en <a title=\"1998\" href=\"https:\/\/es.wikipedia.org\/wiki\/1998\">1998<\/a> y en <a title=\"2000\" href=\"https:\/\/es.wikipedia.org\/wiki\/2000\">2000<\/a> el <strong>Diccionariu de l&#8217;Academia de la Llingua Asturiana<\/strong>, tambi\u00e9n conocido por sus siglas \u00abDALLA\u00bb.<\/em><\/p>\n<p><em>Publica peri\u00f3dicamente una revista titulada <strong><a href=\"http:\/\/www.academiadelallingua.com\/lletresasturianes\/index.php\">Lletres Asturianes<\/a> <\/strong>(bolet\u00edn oficial de la instituci\u00f3n), as\u00ed como libros y revistas relacionados con el estudio de la lengua, la literatura y la cultura asturiana: <a href=\"http:\/\/academiadelallingua.com\/cultures\/\"><strong>Cultures.<\/strong><\/a> Revista de cultura asturiana y Lliteratura. Revista lliteraria asturiana. Entre sus colecciones de libros se encuentran: Toponimia (n\u00f3minas <a title=\"Toponimia\" href=\"https:\/\/es.wikipedia.org\/wiki\/Toponimia\">topon\u00edmicas<\/a> orales), Llibrer\u00eda Lling\u00fc\u00edstica (estudios <a title=\"Filolog\u00eda\" href=\"https:\/\/es.wikipedia.org\/wiki\/Filolog%C3%ADa\">filol\u00f3gicos<\/a>), Preseos (<a title=\"Vocabulario\" href=\"https:\/\/es.wikipedia.org\/wiki\/Vocabulario\">vocabularios<\/a>), Cartafueyos Normativos (textos normativos de aplicaci\u00f3n en el proceso de normalizaci\u00f3n social de la lengua asturiana), Llibrer\u00eda Acad\u00e9mica (creaci\u00f3n literaria), Escol\u00edn (infantil), Lliteratura Xuvenil, Cuquiellu, M\u00e1zcara (teatro)&#8230;<\/em><\/p>\n<p>\/\u00a0\u00a0\u00a0\u00a0\u00a0\u00a0 <a href=\"https:\/\/asturies.com\/sites\/default\/files\/styles\/large\/public\/cartelu_del_xxxvii_dia_de_les_lletres_asturianes_alla.jpg?itok=rw7haV62\"><img loading=\"lazy\" decoding=\"async\" class=\"alignnone \" src=\"https:\/\/asturies.com\/sites\/default\/files\/styles\/large\/public\/cartelu_del_xxxvii_dia_de_les_lletres_asturianes_alla.jpg?itok=rw7haV62\" width=\"197\" height=\"284\" \/><\/a>\/ <a href=\"https:\/\/asturies.com\/sites\/default\/files\/dia_lletres_01.jpg\"><img loading=\"lazy\" decoding=\"async\" class=\"alignnone \" src=\"https:\/\/asturies.com\/sites\/default\/files\/dia_lletres_01.jpg\" width=\"200\" height=\"285\" \/><\/a><\/p>\n<p>\/<a href=\"https:\/\/www.laregioninternacional.com\/media\/lri\/images\/2020\/09\/18\/\/2020091819022852579.jpg\"><img loading=\"lazy\" decoding=\"async\" class=\"alignnone \" src=\"https:\/\/www.laregioninternacional.com\/media\/lri\/images\/2020\/09\/18\/\/2020091819022852579.jpg\" width=\"270\" height=\"169\" \/><\/a> \u00a0 \/\u00a0\u00a0 <a href=\"https:\/\/www.rtpa.es\/fotos\/\/19\/04\/871556474231_cfakepathlletres.jpg\"><img loading=\"lazy\" decoding=\"async\" class=\"alignnone \" src=\"https:\/\/www.rtpa.es\/fotos\/\/19\/04\/871556474231_cfakepathlletres.jpg\" width=\"307\" height=\"173\" \/><\/a><\/p>\n<p><em>Tambi\u00e9n celebra todos los a\u00f1os el<a href=\"http:\/\/www.academiadelallingua.com\/lletresasturianes\/index.php\"><strong> D\u00eda de les Lletres Asturianes<\/strong> (D\u00eda de las Letras Asturianas)<\/a> desde <a title=\"1982\" href=\"https:\/\/es.wikipedia.org\/wiki\/1982\">1982<\/a>, as\u00ed como unas sesiones internacionales de estudio (<strong>Xornaes Internacionales d&#8217;Estudiu)<\/strong>, de car\u00e1cter anual y el <strong>Alcuentru \u00abLlingua Minoritaria y Educaci\u00f3n\u00bb<\/strong> de car\u00e1cter bianual.<\/em><\/p>\n<p><em>La ALLA, por tanto,\u00a0 se encarga de organizar jornadas de estudio, encuentros, conferencias y cursos\u00a0 en los que el asturiano y el gallego-asturiano son protagonistas. Fomenta la investigaci\u00f3n ling\u00fc\u00edstica y la creaci\u00f3n literaria convocando distintos concursos\u00a0 y editando diferentes revistas y libros, no dejando de lado cuestiones relativas a la investigaci\u00f3n topon\u00edmica (los nombres de los lugares) y la literaria. <\/em><\/p>\n<p><em><u>Cuestiones:<\/u><\/em><\/p>\n<ul>\n<li><em>\u00bfCu\u00e1l es la funci\u00f3n de la Academia de la Llingua Asturiana?<\/em><\/li>\n<li><em>\u00bfEn qu\u00e9 a\u00f1o se fund\u00f3 la ALLA?<\/em><\/li>\n<li><em>\u00bfQu\u00e9 es la normativizaci\u00f3n de una lengua?<\/em><\/li>\n<li><em>\u00bfCu\u00e1ndo se celebra el D\u00eda de les Lletres Asturianes?<\/em><\/li>\n<li><em>\u00bfA qu\u00e9 se dedica y qui\u00e9n es el \u00faltimo acad\u00e9mico de la ALLA?<\/em><\/li>\n<li><em>Nombra alguna de sus actividades y publicaciones\u2026<br \/>\n<\/em><\/li>\n<\/ul>\n<p><em>ANEXOS para COMENTAR:<\/em><\/p>\n<p><a href=\"https:\/\/imgbox.es\/images\/2020\/10\/13\/Llingua_017395990f09ab9c8b.jpg\"><img loading=\"lazy\" decoding=\"async\" class=\"alignnone size-full\" src=\"https:\/\/imgbox.es\/images\/2020\/10\/13\/Llingua_017395990f09ab9c8b.jpg\" width=\"1207\" height=\"1601\" \/><\/a><\/p>\n<p><a href=\"https:\/\/imgbox.es\/images\/2020\/10\/13\/Llingua_024c3db8e2ca359e3b.jpg\"><img loading=\"lazy\" decoding=\"async\" class=\"alignnone size-full\" src=\"https:\/\/imgbox.es\/images\/2020\/10\/13\/Llingua_024c3db8e2ca359e3b.jpg\" width=\"1191\" height=\"1557\" \/><\/a><\/p>\n<p>&nbsp;<\/p>\n<p><a href=\"https:\/\/imgbox.es\/images\/2020\/10\/13\/Llingua_0383cf70d9ba388555.jpg\"><img loading=\"lazy\" decoding=\"async\" class=\"alignnone size-full\" src=\"https:\/\/imgbox.es\/images\/2020\/10\/13\/Llingua_0383cf70d9ba388555.jpg\" width=\"1143\" height=\"1617\" \/><\/a><\/p>\n<p>&nbsp;<\/p>\n<p><a href=\"https:\/\/imgbox.es\/images\/2020\/10\/13\/Llingua_04a85f043fc1015125.jpg\"><img loading=\"lazy\" decoding=\"async\" class=\"alignnone size-full\" src=\"https:\/\/imgbox.es\/images\/2020\/10\/13\/Llingua_04a85f043fc1015125.jpg\" width=\"1199\" height=\"1565\" \/><\/a><\/p>\n<p>&nbsp;<\/p>\n<p><a href=\"https:\/\/imgbox.es\/images\/2020\/10\/13\/Llingua_05166095c61bd0d970.jpg\"><img loading=\"lazy\" decoding=\"async\" class=\"alignnone size-full\" src=\"https:\/\/imgbox.es\/images\/2020\/10\/13\/Llingua_05166095c61bd0d970.jpg\" width=\"1195\" height=\"1577\" \/><\/a><\/p>\n<p><a href=\"https:\/\/imgbox.es\/images\/2020\/10\/13\/Llingua_06e30e9d3c99c97a3d.jpg\"><img loading=\"lazy\" decoding=\"async\" class=\"alignnone size-full\" src=\"https:\/\/imgbox.es\/images\/2020\/10\/13\/Llingua_06e30e9d3c99c97a3d.jpg\" width=\"1167\" height=\"1581\" \/><\/a><\/p>\n<p>&nbsp;<\/p>\n<hr \/>\n<p>&nbsp;<\/p>\n","protected":false},"excerpt":{"rendered":"<p>Mapa dialectal de Asturias\u00a0 \/\u00a0 &nbsp; En Asturias se hablan tres lenguas:\u00a0 el castellano (lengua oficial de Asturias y el resto de Espa\u00f1a) , el asturiano y el gallego-asturiano (\u00e9stas dos \u00faltimas son las lenguas aut\u00f3ctonas). El asturiano es una lengua romance, es decir, evolucion\u00f3 del lat\u00edn al igual que otras lenguas hermanas suyas, como [&hellip;]<\/p>\n","protected":false},"author":117,"featured_media":0,"parent":218,"menu_order":0,"comment_status":"closed","ping_status":"closed","template":"","meta":{"footnotes":""},"class_list":["post-1164","page","type-page","status-publish","hentry","post-preview"],"_links":{"self":[{"href":"https:\/\/edublog.educastur.es\/ixuxullingua\/wp-json\/wp\/v2\/pages\/1164","targetHints":{"allow":["GET"]}}],"collection":[{"href":"https:\/\/edublog.educastur.es\/ixuxullingua\/wp-json\/wp\/v2\/pages"}],"about":[{"href":"https:\/\/edublog.educastur.es\/ixuxullingua\/wp-json\/wp\/v2\/types\/page"}],"author":[{"embeddable":true,"href":"https:\/\/edublog.educastur.es\/ixuxullingua\/wp-json\/wp\/v2\/users\/117"}],"replies":[{"embeddable":true,"href":"https:\/\/edublog.educastur.es\/ixuxullingua\/wp-json\/wp\/v2\/comments?post=1164"}],"version-history":[{"count":1,"href":"https:\/\/edublog.educastur.es\/ixuxullingua\/wp-json\/wp\/v2\/pages\/1164\/revisions"}],"predecessor-version":[{"id":1165,"href":"https:\/\/edublog.educastur.es\/ixuxullingua\/wp-json\/wp\/v2\/pages\/1164\/revisions\/1165"}],"up":[{"embeddable":true,"href":"https:\/\/edublog.educastur.es\/ixuxullingua\/wp-json\/wp\/v2\/pages\/218"}],"wp:attachment":[{"href":"https:\/\/edublog.educastur.es\/ixuxullingua\/wp-json\/wp\/v2\/media?parent=1164"}],"curies":[{"name":"wp","href":"https:\/\/api.w.org\/{rel}","templated":true}]}}