{"id":1171,"date":"2020-11-09T20:20:06","date_gmt":"2020-11-09T18:20:06","guid":{"rendered":"https:\/\/edublog.educastur.es\/ixuxullingua\/?page_id=1171"},"modified":"2021-09-12T16:34:02","modified_gmt":"2021-09-12T14:34:02","slug":"sesion-05","status":"publish","type":"page","link":"https:\/\/edublog.educastur.es\/ixuxullingua\/5-quintu\/quintu-20-21\/02-primer-trimestre\/sesion-05\/","title":{"rendered":"Sesi\u00f3n 05"},"content":{"rendered":"<p><strong><em>La Madera en Asturias \/ Oficio: carpintero de ribera<\/em><\/strong><\/p>\n<p><em><strong>Carpinter\u00eda<\/strong>: conjunto de actividades que se realizan con la madera para utilizarla con fines constructivos.<br \/>\n<strong>Bosque de ribera:\u00a0<\/strong> bosques que se forman a ambas orillas de los r\u00edos. Est\u00e1n formados por chopos, \u00e1lamos, alisos y sauces.<\/em><\/p>\n<hr \/>\n<p><em><strong>Carpintero de ribera<\/strong><\/em><\/p>\n<ul>\n<li><a href=\"https:\/\/educastur-my.sharepoint.com\/:b:\/g\/personal\/isabellh_educastur_org\/ESMmyHTUcB9Mtc_JXiwiWvQBKg24za9VtfzX0R9VyFYQjw?e=js21Q4\"><strong><em>Texto para trabajar en el aula<\/em><\/strong><em> (castellano y asturiano)<\/em><\/a><\/li>\n<li><a href=\"https:\/\/shipshape.com.es\/carpinteria-de-ribera\/carpinteros-de-ribera-en-gijon\/\"><em>Ejemplo carpintero de ribera en Gij\u00f3n<\/em><\/a><\/li>\n<li><a href=\"https:\/\/www.elcomercio.es\/v\/20130326\/gijon\/carpinteria-ribera-20130326.html\">Art\u00edculo:<strong><em> La carpinter\u00eda de ribera del XIX<\/em><\/strong><\/a><\/li>\n<li><a href=\"https:\/\/www.lne.es\/aviles\/2013\/08\/07\/carpintero-ribera-vale-20597950.html\">Art\u00edculo:<strong><em> El carpintero de ribera, por lo que vale<\/em><\/strong><\/a><\/li>\n<li><a href=\"https:\/\/www.lne.es\/aviles\/2009\/04\/26\/choli-ultimo-carpintero-ribera-21539557.html\"><em>Art\u00edculo:<strong> Choli, el \u00faltimo carpintero de ribera en Luanco<\/strong><\/em><\/a><\/li>\n<\/ul>\n<p><a href=\"http:\/\/museomaritimodeasturias.com\/wp-content\/uploads\/2018\/11\/3Astillero-1920-1160x773.jpg\"><img loading=\"lazy\" decoding=\"async\" class=\"alignnone size-full\" src=\"http:\/\/museomaritimodeasturias.com\/wp-content\/uploads\/2018\/11\/3Astillero-1920-1160x773.jpg\" width=\"1160\" height=\"773\" \/><\/a><\/p>\n<p><a href=\"http:\/\/museomaritimodeasturias.com\/carpinteria-de-ribera\/\"><em><strong>Museo Mar\u00edtimo de asturias (Luanco) VER GALER\u00cdA<\/strong><\/em><\/a><\/p>\n<ul>\n<li><a href=\"http:\/\/museomaritimodeasturias.com\/\"><em>Web Museo<\/em><\/a><\/li>\n<li><em><a href=\"http:\/\/museomaritimodeasturias.com\/wp-content\/uploads\/2018\/11\/Guia_para_escolares_de_Primaria-_nivel_1-1.pdf\">Ver p\u00e1g 8 a 10 de Gu\u00eda Museo 1\u00ba ciclo<\/a><\/em><\/li>\n<li><em><a href=\"http:\/\/museomaritimodeasturias.com\/wp-content\/uploads\/2018\/11\/Guia_para_escolares_de_Primaria_nivel_2.pdf\">Ver p\u00e1g\u00a0\u00a0 8 a 11 \u00a0 de Gu\u00eda Museo 2\u00ba ciclo<\/a><\/em><\/li>\n<li><em><a href=\"http:\/\/museomaritimodeasturias.com\/wp-content\/uploads\/2018\/11\/Guia_para_escolares_de_Primaria_nivel_3.pdf\">Ver p\u00e1g 5-6 de Gu\u00eda Museo Secundaria<\/a><\/em><\/li>\n<li><em><a href=\"http:\/\/museomaritimodeasturias.com\/wp-content\/uploads\/2018\/11\/Unidad_didactica_para_una_visita_al_Museo-_Nivel_Bachillerato.pdf\">Ver p\u00e1g.\u00a0 4 y 5\u00a0 de gu\u00eda Museo Bachillerato<\/a><\/em><\/li>\n<\/ul>\n<p>&nbsp;<\/p>\n<p><a href=\"https:\/\/s3-eu-west-1.amazonaws.com\/gr-cms\/media\/featured_images\/none\/bb60e152-f939-49ab-8d25-130190fd8946\/10_armazon-de-un-barco-de-vela-latina.jpeg\"><img loading=\"lazy\" decoding=\"async\" class=\"alignnone \" src=\"https:\/\/s3-eu-west-1.amazonaws.com\/gr-cms\/media\/featured_images\/none\/bb60e152-f939-49ab-8d25-130190fd8946\/10_armazon-de-un-barco-de-vela-latina.jpeg\" width=\"905\" height=\"603\" \/><\/a><\/p>\n<p><a href=\"http:\/\/museomaritimodeasturias.com\/wp-content\/uploads\/2018\/11\/galeria-proyecto-normal-carpi-gene3-1160x653.jpg\"><img loading=\"lazy\" decoding=\"async\" class=\"alignnone \" src=\"http:\/\/museomaritimodeasturias.com\/wp-content\/uploads\/2018\/11\/galeria-proyecto-normal-carpi-gene3-1160x653.jpg\" width=\"910\" height=\"512\" \/><\/a><\/p>\n<p><a href=\"https:\/\/estag.fimagenes.com\/img\/1\/j\/k\/w\/jkw_900.jpg\"><img loading=\"lazy\" decoding=\"async\" class=\"alignnone size-full\" src=\"https:\/\/estag.fimagenes.com\/img\/1\/j\/k\/w\/jkw_900.jpg\" width=\"900\" height=\"673\" \/><\/a><\/p>\n<ul>\n<li><a href=\"https:\/\/www.youtube.com\/watch?v=ofqlhWKxxdY\"><strong><em>Video<\/em><\/strong><\/a><\/li>\n<\/ul>\n\n<!-- iframe plugin v.6.0 wordpress.org\/plugins\/iframe\/ -->\n<iframe loading=\"lazy\" width=\"588\" height=\"331\" src=\"https:\/\/www.youtube.com\/embed\/ofqlhWKxxdY\" scrolling=\"yes\" class=\"iframe-class\" frameborder=\"0\"><\/iframe>\n\n<p><strong><em>ANEXO:\u00a0 <a href=\"http:\/\/leyendesasturianes.blogspot.com\/2010\/09\/los-carpinteros-de-ribera.html\">Carpinter\u00eda naval<\/a><\/em><\/strong><\/p>\n<p><a href=\"http:\/\/2.bp.blogspot.com\/_TZhkF5eVfSg\/TKEkpz8_PAI\/AAAAAAAACMA\/BQmumx6-Plg\/s400\/4816506930_dbb86199f5.jpg\"><img loading=\"lazy\" decoding=\"async\" class=\"alignnone \" src=\"http:\/\/2.bp.blogspot.com\/_TZhkF5eVfSg\/TKEkpz8_PAI\/AAAAAAAACMA\/BQmumx6-Plg\/s400\/4816506930_dbb86199f5.jpg\" width=\"679\" height=\"377\" \/><\/a><\/p>\n<p><em>Los astilleros se ubicaban pr\u00f3ximos a bosques de buena madera como el Roble, como la costa Cant\u00e1brica; otras eran m\u00e1s abundantes en pino, madera adecuada para galeras, pero no para embarcaciones que hac\u00edan viajes a ultramar.<\/em><\/p>\n<p><em>Para no esquilmar los robledales del Cant\u00e1brico, en 1563 se orden\u00f3 realizar plantaciones en una franja costera de dos leguas de anchura. Cuando durante el siglo XVI comenzaron a construirse naves de gran tama\u00f1o, como los galeones, se pas\u00f3 de la construcci\u00f3n bajo cubierta al aire libre.<\/em><\/p>\n<p><em>Los astilleros se formaban con gradas cimentadas sobre arenales con pilotes de madera sobre la que se instalaba una plataforma de madera, adecuada para botar el barco. Sobre esta grada se preparaba en primer lugar la quilla, rematada en curva hacia la proa y la popa. Despu\u00e9s se montaban las v\u00e9rtebras del barco, clavando al final las tablas que cierran el casco. Se impermeabilizaban las juntas con brea y estopa, quedando la colocaci\u00f3n de los palos, castillos y carpinter\u00eda interior con el barco botado.<\/em><\/p>\n<p><em>Los puertos importantes tambi\u00e9n contaban con gr\u00faas de pluma accionada por hombres en unarueda de gran di\u00e1metro.<\/em><\/p>\n<p><em>Los carpinteros de ribera ten\u00edan tambi\u00e9n a su cargo las reparaciones de las maderas da\u00f1adas, lo que se realizaba acostando el barco sobre el arenal primero de un lado y luego de otro.<\/em><\/p>\n<p><em>\/www.infomadera.net<\/em><\/p>\n<p><a href=\"https:\/\/i0.wp.com\/redmeda.com\/wp-content\/uploads\/luanco_expo_carpinteria.jpg\"><img loading=\"lazy\" decoding=\"async\" class=\"alignnone \" src=\"https:\/\/i0.wp.com\/redmeda.com\/wp-content\/uploads\/luanco_expo_carpinteria.jpg\" width=\"593\" height=\"901\" \/><\/a><\/p>\n<p>&nbsp;<\/p>\n<p>&nbsp;<\/p>\n","protected":false},"excerpt":{"rendered":"<p>La Madera en Asturias \/ Oficio: carpintero de ribera Carpinter\u00eda: conjunto de actividades que se realizan con la madera para utilizarla con fines constructivos. Bosque de ribera:\u00a0 bosques que se forman a ambas orillas de los r\u00edos. Est\u00e1n formados por chopos, \u00e1lamos, alisos y sauces. Carpintero de ribera Texto para trabajar en el aula (castellano [&hellip;]<\/p>\n","protected":false},"author":117,"featured_media":0,"parent":218,"menu_order":0,"comment_status":"closed","ping_status":"closed","template":"","meta":{"footnotes":""},"class_list":["post-1171","page","type-page","status-publish","hentry","post-preview"],"_links":{"self":[{"href":"https:\/\/edublog.educastur.es\/ixuxullingua\/wp-json\/wp\/v2\/pages\/1171","targetHints":{"allow":["GET"]}}],"collection":[{"href":"https:\/\/edublog.educastur.es\/ixuxullingua\/wp-json\/wp\/v2\/pages"}],"about":[{"href":"https:\/\/edublog.educastur.es\/ixuxullingua\/wp-json\/wp\/v2\/types\/page"}],"author":[{"embeddable":true,"href":"https:\/\/edublog.educastur.es\/ixuxullingua\/wp-json\/wp\/v2\/users\/117"}],"replies":[{"embeddable":true,"href":"https:\/\/edublog.educastur.es\/ixuxullingua\/wp-json\/wp\/v2\/comments?post=1171"}],"version-history":[{"count":2,"href":"https:\/\/edublog.educastur.es\/ixuxullingua\/wp-json\/wp\/v2\/pages\/1171\/revisions"}],"predecessor-version":[{"id":2610,"href":"https:\/\/edublog.educastur.es\/ixuxullingua\/wp-json\/wp\/v2\/pages\/1171\/revisions\/2610"}],"up":[{"embeddable":true,"href":"https:\/\/edublog.educastur.es\/ixuxullingua\/wp-json\/wp\/v2\/pages\/218"}],"wp:attachment":[{"href":"https:\/\/edublog.educastur.es\/ixuxullingua\/wp-json\/wp\/v2\/media?parent=1171"}],"curies":[{"name":"wp","href":"https:\/\/api.w.org\/{rel}","templated":true}]}}

Sesión 05

<p><strong><em>La Madera en Asturias / Oficio: carpintero de ribera</em></strong></p>
<p><em><strong>Carpintería</strong>: conjunto de actividades que se realizan con la madera para utilizarla con fines constructivos.<br />
<strong>Bosque de ribera: </strong> bosques que se forman a ambas orillas de los ríos. Están formados por chopos, álamos, alisos y sauces.</em></p>
<hr />
<p><em><strong>Carpintero de ribera</strong></em></p>
<ul>
<li><a href="https://educastur-my.sharepoint.com/:b:/g/personal/isabellh_educastur_org/ESMmyHTUcB9Mtc_JXiwiWvQBKg24za9VtfzX0R9VyFYQjw?e=js21Q4"><strong><em>Texto para trabajar en el aula</em></strong><em> (castellano y asturiano)</em></a></li>
<li><a href="https://shipshape.com.es/carpinteria-de-ribera/carpinteros-de-ribera-en-gijon/"><em>Ejemplo carpintero de ribera en Gijón</em></a></li>
<li><a href="https://www.elcomercio.es/v/20130326/gijon/carpinteria-ribera-20130326.html">Artículo:<strong><em> La carpintería de ribera del XIX</em></strong></a></li>
<li><a href="https://www.lne.es/aviles/2013/08/07/carpintero-ribera-vale-20597950.html">Artículo:<strong><em> El carpintero de ribera, por lo que vale</em></strong></a></li>
<li><a href="https://www.lne.es/aviles/2009/04/26/choli-ultimo-carpintero-ribera-21539557.html"><em>Artículo:<strong> Choli, el último carpintero de ribera en Luanco</strong></em></a></li>
</ul>
<p><a href="http://museomaritimodeasturias.com/wp-content/uploads/2018/11/3Astillero-1920-1160x773.jpg"><img loading="lazy" decoding="async" class="alignnone size-full" src="http://museomaritimodeasturias.com/wp-content/uploads/2018/11/3Astillero-1920-1160x773.jpg" width="1160" height="773" /></a></p>
<p><a href="http://museomaritimodeasturias.com/carpinteria-de-ribera/"><em><strong>Museo Marítimo de asturias (Luanco) VER GALERÍA</strong></em></a></p>
<ul>
<li><a href="http://museomaritimodeasturias.com/"><em>Web Museo</em></a></li>
<li><em><a href="http://museomaritimodeasturias.com/wp-content/uploads/2018/11/Guia_para_escolares_de_Primaria-_nivel_1-1.pdf">Ver pág 8 a 10 de Guía Museo 1º ciclo</a></em></li>
<li><em><a href="http://museomaritimodeasturias.com/wp-content/uploads/2018/11/Guia_para_escolares_de_Primaria_nivel_2.pdf">Ver pág   8 a 11   de Guía Museo 2º ciclo</a></em></li>
<li><em><a href="http://museomaritimodeasturias.com/wp-content/uploads/2018/11/Guia_para_escolares_de_Primaria_nivel_3.pdf">Ver pág 5-6 de Guía Museo Secundaria</a></em></li>
<li><em><a href="http://museomaritimodeasturias.com/wp-content/uploads/2018/11/Unidad_didactica_para_una_visita_al_Museo-_Nivel_Bachillerato.pdf">Ver pág.  4 y 5  de guía Museo Bachillerato</a></em></li>
</ul>
<p>&nbsp;</p>
<p><a href="https://s3-eu-west-1.amazonaws.com/gr-cms/media/featured_images/none/bb60e152-f939-49ab-8d25-130190fd8946/10_armazon-de-un-barco-de-vela-latina.jpeg"><img loading="lazy" decoding="async" class="alignnone " src="https://s3-eu-west-1.amazonaws.com/gr-cms/media/featured_images/none/bb60e152-f939-49ab-8d25-130190fd8946/10_armazon-de-un-barco-de-vela-latina.jpeg" width="905" height="603" /></a></p>
<p><a href="http://museomaritimodeasturias.com/wp-content/uploads/2018/11/galeria-proyecto-normal-carpi-gene3-1160x653.jpg"><img loading="lazy" decoding="async" class="alignnone " src="http://museomaritimodeasturias.com/wp-content/uploads/2018/11/galeria-proyecto-normal-carpi-gene3-1160x653.jpg" width="910" height="512" /></a></p>
<p><a href="https://estag.fimagenes.com/img/1/j/k/w/jkw_900.jpg"><img loading="lazy" decoding="async" class="alignnone size-full" src="https://estag.fimagenes.com/img/1/j/k/w/jkw_900.jpg" width="900" height="673" /></a></p>
<ul>
<li><a href="https://www.youtube.com/watch?v=ofqlhWKxxdY"><strong><em>Video</em></strong></a></li>
</ul>

<!-- iframe plugin v.6.0 wordpress.org/plugins/iframe/ -->
<iframe loading="lazy" width="588" height="331" src="https://www.youtube.com/embed/ofqlhWKxxdY" scrolling="yes" class="iframe-class" frameborder="0"></iframe>

<p><strong><em>ANEXO:  <a href="http://leyendesasturianes.blogspot.com/2010/09/los-carpinteros-de-ribera.html">Carpintería naval</a></em></strong></p>
<p><a href="http://2.bp.blogspot.com/_TZhkF5eVfSg/TKEkpz8_PAI/AAAAAAAACMA/BQmumx6-Plg/s400/4816506930_dbb86199f5.jpg"><img loading="lazy" decoding="async" class="alignnone " src="http://2.bp.blogspot.com/_TZhkF5eVfSg/TKEkpz8_PAI/AAAAAAAACMA/BQmumx6-Plg/s400/4816506930_dbb86199f5.jpg" width="679" height="377" /></a></p>
<p><em>Los astilleros se ubicaban próximos a bosques de buena madera como el Roble, como la costa Cantábrica; otras eran más abundantes en pino, madera adecuada para galeras, pero no para embarcaciones que hacían viajes a ultramar.</em></p>
<p><em>Para no esquilmar los robledales del Cantábrico, en 1563 se ordenó realizar plantaciones en una franja costera de dos leguas de anchura. Cuando durante el siglo XVI comenzaron a construirse naves de gran tamaño, como los galeones, se pasó de la construcción bajo cubierta al aire libre.</em></p>
<p><em>Los astilleros se formaban con gradas cimentadas sobre arenales con pilotes de madera sobre la que se instalaba una plataforma de madera, adecuada para botar el barco. Sobre esta grada se preparaba en primer lugar la quilla, rematada en curva hacia la proa y la popa. Después se montaban las vértebras del barco, clavando al final las tablas que cierran el casco. Se impermeabilizaban las juntas con brea y estopa, quedando la colocación de los palos, castillos y carpintería interior con el barco botado.</em></p>
<p><em>Los puertos importantes también contaban con grúas de pluma accionada por hombres en unarueda de gran diámetro.</em></p>
<p><em>Los carpinteros de ribera tenían también a su cargo las reparaciones de las maderas dañadas, lo que se realizaba acostando el barco sobre el arenal primero de un lado y luego de otro.</em></p>
<p><em>/www.infomadera.net</em></p>
<p><a href="https://i0.wp.com/redmeda.com/wp-content/uploads/luanco_expo_carpinteria.jpg"><img loading="lazy" decoding="async" class="alignnone " src="https://i0.wp.com/redmeda.com/wp-content/uploads/luanco_expo_carpinteria.jpg" width="593" height="901" /></a></p>
<p>&nbsp;</p>
<p>&nbsp;</p>

<p>La Madera en Asturias / Oficio: carpintero de ribera Carpintería: conjunto de actividades que se realizan con la madera para utilizarla con fines constructivos. Bosque de ribera:  bosques que se forman a ambas orillas de los ríos. Están formados por chopos, álamos, alisos y sauces. Carpintero de ribera Texto para trabajar en el aula (castellano [&hellip;]</p>
