{"id":1173,"date":"2020-11-09T20:23:10","date_gmt":"2020-11-09T18:23:10","guid":{"rendered":"https:\/\/edublog.educastur.es\/ixuxullingua\/?page_id=1173"},"modified":"2021-09-12T16:34:42","modified_gmt":"2021-09-12T14:34:42","slug":"sesion-05b","status":"publish","type":"page","link":"https:\/\/edublog.educastur.es\/ixuxullingua\/5-quintu\/quintu-20-21\/02-primer-trimestre\/sesion-05b\/","title":{"rendered":"Sesi\u00f3n 05b"},"content":{"rendered":"<p><strong><em>Oficio: Madre\u00f1eru<\/em><\/strong><\/p>\n<p>&nbsp;<\/p>\n<ul>\n<li><a href=\"https:\/\/educastur-my.sharepoint.com\/:b:\/g\/personal\/isabellh_educastur_org\/EZI8_2u2JRpOrr3I5E4MK0YBkVzyZFgn4H12CoFw8fvn3Q?e=xFX8w8\"><em><strong>Ver actividad de aula<\/strong> (castell\u00e1n y n\u00b4asturianu)<\/em><\/a><\/li>\n<\/ul>\n<p><a href=\"https:\/\/s3.productosdeasturias.com\/819-large_default\/madrena-nino.jpg\"><img loading=\"lazy\" decoding=\"async\" class=\"alignnone \" src=\"https:\/\/s3.productosdeasturias.com\/819-large_default\/madrena-nino.jpg\" width=\"279\" height=\"279\" \/><\/a> \u00a0 \/\u00a0\u00a0 \u00a0 <a href=\"https:\/\/cloud10.todocoleccion.online\/antiguedades\/tc\/2017\/01\/22\/19\/73573947.jpg\"><img loading=\"lazy\" decoding=\"async\" class=\"alignnone \" src=\"https:\/\/cloud10.todocoleccion.online\/antiguedades\/tc\/2017\/01\/22\/19\/73573947.jpg\" width=\"492\" height=\"277\" \/><\/a> \u00a0\u00a0 \/<\/p>\n<p>Zapatillas para usar con madre\u00f1as&#8230;<br \/>\n<a href=\"https:\/\/www.artesaniaasturiana.com\/udecontrol_datos\/objetos\/3797.jpg\"><img loading=\"lazy\" decoding=\"async\" class=\"alignnone \" src=\"https:\/\/www.artesaniaasturiana.com\/udecontrol_datos\/objetos\/3797.jpg\" width=\"276\" height=\"276\" \/><\/a> \u00a0\u00a0 \/\u00a0\u00a0 <a href=\"https:\/\/upload.wikimedia.org\/wikipedia\/commons\/9\/9c\/Albarcas_con_escarpines.jpg\"><img loading=\"lazy\" decoding=\"async\" class=\"alignnone \" src=\"https:\/\/upload.wikimedia.org\/wikipedia\/commons\/9\/9c\/Albarcas_con_escarpines.jpg\" width=\"393\" height=\"283\" \/>con escarpines<\/a><\/p>\n<p>&nbsp;<\/p>\n<p><a href=\"https:\/\/1.bp.blogspot.com\/_hksw1LapDgU\/SVzPy1Jz7kI\/AAAAAAAADeY\/OEfNL23nmBM\/s400\/madre%C3%B1es1.jpg\"><img loading=\"lazy\" decoding=\"async\" class=\"alignnone \" src=\"https:\/\/1.bp.blogspot.com\/_hksw1LapDgU\/SVzPy1Jz7kI\/AAAAAAAADeY\/OEfNL23nmBM\/s400\/madre%C3%B1es1.jpg\" width=\"306\" height=\"262\" \/><\/a>\u00a0\/\u00a0 <a href=\"https:\/\/encrypted-tbn0.gstatic.com\/images?q=tbn%3AANd9GcTsdibbc-K2zXivdQmojpr0D0P60edImfPcPA&amp;usqp=CAU\"><img loading=\"lazy\" decoding=\"async\" class=\"alignnone \" src=\"https:\/\/encrypted-tbn0.gstatic.com\/images?q=tbn%3AANd9GcTsdibbc-K2zXivdQmojpr0D0P60edImfPcPA&amp;usqp=CAU\" width=\"383\" height=\"176\" \/><\/a><\/p>\n<p>Otros dise\u00f1os m\u00e1s modernos&#8230;<\/p>\n<p><a href=\"https:\/\/i.pinimg.com\/originals\/51\/55\/70\/515570da0b98394449021734f63780a6.jpg\"><img loading=\"lazy\" decoding=\"async\" class=\"alignnone \" src=\"https:\/\/i.pinimg.com\/originals\/51\/55\/70\/515570da0b98394449021734f63780a6.jpg\" width=\"313\" height=\"250\" \/><\/a> \u00a0 \/\u00a0\u00a0 <a href=\"https:\/\/www.lne.es\/aviles\/2014\/05\/25\/disenador-avilesino-realiza-cartel-ascension-20028697.html\"><img loading=\"lazy\" decoding=\"async\" class=\"alignnone \" src=\"https:\/\/estaticos-cdn.prensaiberica.es\/clip\/5655d96d-5ef4-4653-880a-c486cc94c7bc_16-9-aspect-ratio_default_0.jpg\" width=\"389\" height=\"219\" \/><\/a>\u00a0\u00a0 \/<\/p>\n<p>&nbsp;<\/p>\n<ul>\n<li><a href=\"https:\/\/www.rtve.es\/alacarta\/videos\/espana-directo\/madrenas-calzado-tradicional-asturias\/5412312\/\"><em>Video Espa\u00f1a Directo: <strong>Madre\u00f1as, el calzado tradicional de Asturias<\/strong><\/em><\/a><\/li>\n<\/ul>\n<p style=\"text-align: center\">\n<!-- iframe plugin v.6.0 wordpress.org\/plugins\/iframe\/ -->\n<iframe loading=\"lazy\" src=\"https:\/\/secure-embed.rtve.es\/drmn\/embed\/video\/5412312\" 0=\"\/iframe\" width=\"100%\" height=\"500\" scrolling=\"yes\" class=\"iframe-class\" frameborder=\"0\"><\/iframe>\n<\/p>\n<p>&nbsp;<\/p>\n<p><a href=\"https:\/\/www.artesaniaasturiana.com\/udecontrol_datos\/FileManager\/1388517002.jpg\"><img loading=\"lazy\" decoding=\"async\" class=\"alignnone \" src=\"https:\/\/www.artesaniaasturiana.com\/udecontrol_datos\/FileManager\/1388517002.jpg\" width=\"729\" height=\"243\" \/><\/a><\/p>\n<p><a href=\"https:\/\/www.artesaniaasturiana.com\/udecontrol_datos\/FileManager\/1388455570.jpg\"><img loading=\"lazy\" decoding=\"async\" class=\"alignnone size-full\" src=\"https:\/\/www.artesaniaasturiana.com\/udecontrol_datos\/FileManager\/1388455570.jpg\" width=\"600\" height=\"200\" \/><\/a><\/p>\n<p><a href=\"https:\/\/guias-viajar.com\/wp-content\/uploads\/2011\/09\/fotos-asturias-valle-nalon-taller-madre%C3%B1as-pendones-001.jpg\"><img loading=\"lazy\" decoding=\"async\" class=\"alignnone size-full\" src=\"https:\/\/guias-viajar.com\/wp-content\/uploads\/2011\/09\/fotos-asturias-valle-nalon-taller-madre%C3%B1as-pendones-001.jpg\" width=\"900\" height=\"668\" \/><\/a><\/p>\n<p><a href=\"https:\/\/pbs.twimg.com\/media\/EgujALZXsAA9FHY.jpg\"><img loading=\"lazy\" decoding=\"async\" class=\"alignnone \" src=\"https:\/\/pbs.twimg.com\/media\/EgujALZXsAA9FHY.jpg\" width=\"898\" height=\"599\" \/><\/a><\/p>\n<ul>\n<li><a href=\"https:\/\/www.elcomercio.es\/oviedo\/ultimas-madrenas-oviedo-20180219112714-nt.html\"><em>Art\u00edculo: <strong>\u00abLas \u00faltimas madre\u00f1as de Oviedo\u00bb<\/strong><\/em><\/a><\/li>\n<\/ul>\n<p><a href=\"https:\/\/static3.elcomercio.es\/www\/multimedia\/201802\/19\/media\/cortadas\/madrenas-oviedo-ktWB-U501009596173I0B-624x385@El%20Comercio.jpg\"><img loading=\"lazy\" decoding=\"async\" class=\"alignnone size-full\" src=\"https:\/\/static3.elcomercio.es\/www\/multimedia\/201802\/19\/media\/cortadas\/madrenas-oviedo-ktWB-U501009596173I0B-624x385@El%20Comercio.jpg\" width=\"624\" height=\"385\" \/><\/a><\/p>\n<p><em>Los tiempos han cambiado desde los a\u00f1os 60 y 70 en Oviedo cuando lleg\u00f3 a haber m\u00e1s de seis artesanos en la ciudad: \u00abSe vende, hay demanda, depende mucho del invierno\u00bb. Cuenta de \u00e9ste, que el mal tiempo ayuda a sacar el producto adelante.<strong> \u00abLa gente que tiene huerta y vacas, que va a ir al campo, va en madre\u00f1as porque es el calzado para estar c\u00f3modo trabajando y llegar a casa en zapatillas. Si vas con botas no es lo mismo, te las tienes que quitar\u00bb,<\/strong> explica de los usos tradicionales que hasta ahora perviven. <\/em><em>O sobreviven. Sobre las repisas del taller descansan las herramientas de pulir y tallar. \u00abYa no hay ferreros. Antes en cada pueblo hab\u00eda un madre\u00f1ero, un ferrero, un cestero. Ahora para que te hagan una herramienta tienes que dar con un ferrero, que los hay, y quiera hacer lo que necesitas\u00bb, a\u00f1ade.<\/em><\/p>\n<p><em>Por eso, <strong>la producci\u00f3n, desde hace a\u00f1os, cuando se trasladaron hasta el taller actual en avenida de Las Segadas, viene de afuera<\/strong>. De una f\u00e1brica donde la madera se talla con molde de metal.<strong> \u00abAqu\u00ed las terminamos, las pulimos, pintamos y barnizamos, pero no podemos hacer todo el proceso de manera artesanal\u00bb<\/strong>, explica el madre\u00f1ero. \u00abPrimero, porque la producci\u00f3n se resentir\u00eda y segundo porque el precio se disparar\u00eda\u00bb, a\u00f1ade. Aun con todo, \u00abhay que retocarles la boca porque una madre\u00f1a que est\u00e9 bien hecha se nota en el pie, tiene que ser c\u00f3moda porque es un calzado para trabajar\u00bb. <\/em><em>Todos los jueves acercan el producto al Font\u00e1n y los domingos al mercado de Mieres. Tambi\u00e9n se acercan a los mercados de ganado importantes donde saben que una buena madre\u00f1a se aprecia. <a href=\"https:\/\/www.rtpa.es\/noticias-sociedad:El-Fontan-de-Oviedo-se-queda-sin-madre%C3%83%C2%B1eros-al-morir-el-ultimo-artesano-que-acudia-a-vender-cada-jueves_111575274852.html\">Fidel muri\u00f3 en diciembre 2019.<\/a> <\/em><\/p>\n<p><a href=\"https:\/\/www.rtpa.es\/fotos\/\/19\/12\/20191202090822_20191202madrenero.jpg\"><img loading=\"lazy\" decoding=\"async\" class=\"alignnone size-full\" src=\"https:\/\/www.rtpa.es\/fotos\/\/19\/12\/20191202090822_20191202madrenero.jpg\" width=\"853\" height=\"480\" \/><\/a><\/p>\n","protected":false},"excerpt":{"rendered":"<p>Oficio: Madre\u00f1eru &nbsp; Ver actividad de aula (castell\u00e1n y n\u00b4asturianu) \u00a0 \/\u00a0\u00a0 \u00a0 \u00a0\u00a0 \/ Zapatillas para usar con madre\u00f1as&#8230; \u00a0\u00a0 \/\u00a0\u00a0 con escarpines &nbsp; \u00a0\/\u00a0 Otros dise\u00f1os m\u00e1s modernos&#8230; \u00a0 \/\u00a0\u00a0 \u00a0\u00a0 \/ &nbsp; Video Espa\u00f1a Directo: Madre\u00f1as, el calzado tradicional de Asturias &nbsp; Art\u00edculo: \u00abLas \u00faltimas madre\u00f1as de Oviedo\u00bb Los tiempos han cambiado [&hellip;]<\/p>\n","protected":false},"author":117,"featured_media":0,"parent":218,"menu_order":0,"comment_status":"closed","ping_status":"closed","template":"","meta":{"footnotes":""},"class_list":["post-1173","page","type-page","status-publish","hentry","post-preview"],"_links":{"self":[{"href":"https:\/\/edublog.educastur.es\/ixuxullingua\/wp-json\/wp\/v2\/pages\/1173","targetHints":{"allow":["GET"]}}],"collection":[{"href":"https:\/\/edublog.educastur.es\/ixuxullingua\/wp-json\/wp\/v2\/pages"}],"about":[{"href":"https:\/\/edublog.educastur.es\/ixuxullingua\/wp-json\/wp\/v2\/types\/page"}],"author":[{"embeddable":true,"href":"https:\/\/edublog.educastur.es\/ixuxullingua\/wp-json\/wp\/v2\/users\/117"}],"replies":[{"embeddable":true,"href":"https:\/\/edublog.educastur.es\/ixuxullingua\/wp-json\/wp\/v2\/comments?post=1173"}],"version-history":[{"count":2,"href":"https:\/\/edublog.educastur.es\/ixuxullingua\/wp-json\/wp\/v2\/pages\/1173\/revisions"}],"predecessor-version":[{"id":2611,"href":"https:\/\/edublog.educastur.es\/ixuxullingua\/wp-json\/wp\/v2\/pages\/1173\/revisions\/2611"}],"up":[{"embeddable":true,"href":"https:\/\/edublog.educastur.es\/ixuxullingua\/wp-json\/wp\/v2\/pages\/218"}],"wp:attachment":[{"href":"https:\/\/edublog.educastur.es\/ixuxullingua\/wp-json\/wp\/v2\/media?parent=1173"}],"curies":[{"name":"wp","href":"https:\/\/api.w.org\/{rel}","templated":true}]}}

Sesión 05b

<p><strong><em>Oficio: Madreñeru</em></strong></p>
<p>&nbsp;</p>
<ul>
<li><a href="https://educastur-my.sharepoint.com/:b:/g/personal/isabellh_educastur_org/EZI8_2u2JRpOrr3I5E4MK0YBkVzyZFgn4H12CoFw8fvn3Q?e=xFX8w8"><em><strong>Ver actividad de aula</strong> (castellán y n´asturianu)</em></a></li>
</ul>
<p><a href="https://s3.productosdeasturias.com/819-large_default/madrena-nino.jpg"><img loading="lazy" decoding="async" class="alignnone " src="https://s3.productosdeasturias.com/819-large_default/madrena-nino.jpg" width="279" height="279" /></a>   /     <a href="https://cloud10.todocoleccion.online/antiguedades/tc/2017/01/22/19/73573947.jpg"><img loading="lazy" decoding="async" class="alignnone " src="https://cloud10.todocoleccion.online/antiguedades/tc/2017/01/22/19/73573947.jpg" width="492" height="277" /></a>    /</p>
<p>Zapatillas para usar con madreñas&#8230;<br />
<a href="https://www.artesaniaasturiana.com/udecontrol_datos/objetos/3797.jpg"><img loading="lazy" decoding="async" class="alignnone " src="https://www.artesaniaasturiana.com/udecontrol_datos/objetos/3797.jpg" width="276" height="276" /></a>    /   <a href="https://upload.wikimedia.org/wikipedia/commons/9/9c/Albarcas_con_escarpines.jpg"><img loading="lazy" decoding="async" class="alignnone " src="https://upload.wikimedia.org/wikipedia/commons/9/9c/Albarcas_con_escarpines.jpg" width="393" height="283" />con escarpines</a></p>
<p>&nbsp;</p>
<p><a href="https://1.bp.blogspot.com/_hksw1LapDgU/SVzPy1Jz7kI/AAAAAAAADeY/OEfNL23nmBM/s400/madre%C3%B1es1.jpg"><img loading="lazy" decoding="async" class="alignnone " src="https://1.bp.blogspot.com/_hksw1LapDgU/SVzPy1Jz7kI/AAAAAAAADeY/OEfNL23nmBM/s400/madre%C3%B1es1.jpg" width="306" height="262" /></a> /  <a href="https://encrypted-tbn0.gstatic.com/images?q=tbn%3AANd9GcTsdibbc-K2zXivdQmojpr0D0P60edImfPcPA&amp;usqp=CAU"><img loading="lazy" decoding="async" class="alignnone " src="https://encrypted-tbn0.gstatic.com/images?q=tbn%3AANd9GcTsdibbc-K2zXivdQmojpr0D0P60edImfPcPA&amp;usqp=CAU" width="383" height="176" /></a></p>
<p>Otros diseños más modernos&#8230;</p>
<p><a href="https://i.pinimg.com/originals/51/55/70/515570da0b98394449021734f63780a6.jpg"><img loading="lazy" decoding="async" class="alignnone " src="https://i.pinimg.com/originals/51/55/70/515570da0b98394449021734f63780a6.jpg" width="313" height="250" /></a>   /   <a href="https://www.lne.es/aviles/2014/05/25/disenador-avilesino-realiza-cartel-ascension-20028697.html"><img loading="lazy" decoding="async" class="alignnone " src="https://estaticos-cdn.prensaiberica.es/clip/5655d96d-5ef4-4653-880a-c486cc94c7bc_16-9-aspect-ratio_default_0.jpg" width="389" height="219" /></a>   /</p>
<p>&nbsp;</p>
<ul>
<li><a href="https://www.rtve.es/alacarta/videos/espana-directo/madrenas-calzado-tradicional-asturias/5412312/"><em>Video España Directo: <strong>Madreñas, el calzado tradicional de Asturias</strong></em></a></li>
</ul>
<p style="text-align: center">
<!-- iframe plugin v.6.0 wordpress.org/plugins/iframe/ -->
<iframe loading="lazy" src="https://secure-embed.rtve.es/drmn/embed/video/5412312" 0="/iframe" width="100%" height="500" scrolling="yes" class="iframe-class" frameborder="0"></iframe>
</p>
<p>&nbsp;</p>
<p><a href="https://www.artesaniaasturiana.com/udecontrol_datos/FileManager/1388517002.jpg"><img loading="lazy" decoding="async" class="alignnone " src="https://www.artesaniaasturiana.com/udecontrol_datos/FileManager/1388517002.jpg" width="729" height="243" /></a></p>
<p><a href="https://www.artesaniaasturiana.com/udecontrol_datos/FileManager/1388455570.jpg"><img loading="lazy" decoding="async" class="alignnone size-full" src="https://www.artesaniaasturiana.com/udecontrol_datos/FileManager/1388455570.jpg" width="600" height="200" /></a></p>
<p><a href="https://guias-viajar.com/wp-content/uploads/2011/09/fotos-asturias-valle-nalon-taller-madre%C3%B1as-pendones-001.jpg"><img loading="lazy" decoding="async" class="alignnone size-full" src="https://guias-viajar.com/wp-content/uploads/2011/09/fotos-asturias-valle-nalon-taller-madre%C3%B1as-pendones-001.jpg" width="900" height="668" /></a></p>
<p><a href="https://pbs.twimg.com/media/EgujALZXsAA9FHY.jpg"><img loading="lazy" decoding="async" class="alignnone " src="https://pbs.twimg.com/media/EgujALZXsAA9FHY.jpg" width="898" height="599" /></a></p>
<ul>
<li><a href="https://www.elcomercio.es/oviedo/ultimas-madrenas-oviedo-20180219112714-nt.html"><em>Artículo: <strong>«Las últimas madreñas de Oviedo»</strong></em></a></li>
</ul>
<p><a href="https://static3.elcomercio.es/www/multimedia/201802/19/media/cortadas/madrenas-oviedo-ktWB-U501009596173I0B-624x385@El%20Comercio.jpg"><img loading="lazy" decoding="async" class="alignnone size-full" src="https://static3.elcomercio.es/www/multimedia/201802/19/media/cortadas/madrenas-oviedo-ktWB-U501009596173I0B-624x385@El%20Comercio.jpg" width="624" height="385" /></a></p>
<p><em>Los tiempos han cambiado desde los años 60 y 70 en Oviedo cuando llegó a haber más de seis artesanos en la ciudad: «Se vende, hay demanda, depende mucho del invierno». Cuenta de éste, que el mal tiempo ayuda a sacar el producto adelante.<strong> «La gente que tiene huerta y vacas, que va a ir al campo, va en madreñas porque es el calzado para estar cómodo trabajando y llegar a casa en zapatillas. Si vas con botas no es lo mismo, te las tienes que quitar»,</strong> explica de los usos tradicionales que hasta ahora perviven. </em><em>O sobreviven. Sobre las repisas del taller descansan las herramientas de pulir y tallar. «Ya no hay ferreros. Antes en cada pueblo había un madreñero, un ferrero, un cestero. Ahora para que te hagan una herramienta tienes que dar con un ferrero, que los hay, y quiera hacer lo que necesitas», añade.</em></p>
<p><em>Por eso, <strong>la producción, desde hace años, cuando se trasladaron hasta el taller actual en avenida de Las Segadas, viene de afuera</strong>. De una fábrica donde la madera se talla con molde de metal.<strong> «Aquí las terminamos, las pulimos, pintamos y barnizamos, pero no podemos hacer todo el proceso de manera artesanal»</strong>, explica el madreñero. «Primero, porque la producción se resentiría y segundo porque el precio se dispararía», añade. Aun con todo, «hay que retocarles la boca porque una madreña que esté bien hecha se nota en el pie, tiene que ser cómoda porque es un calzado para trabajar». </em><em>Todos los jueves acercan el producto al Fontán y los domingos al mercado de Mieres. También se acercan a los mercados de ganado importantes donde saben que una buena madreña se aprecia. <a href="https://www.rtpa.es/noticias-sociedad:El-Fontan-de-Oviedo-se-queda-sin-madre%C3%83%C2%B1eros-al-morir-el-ultimo-artesano-que-acudia-a-vender-cada-jueves_111575274852.html">Fidel murió en diciembre 2019.</a> </em></p>
<p><a href="https://www.rtpa.es/fotos//19/12/20191202090822_20191202madrenero.jpg"><img loading="lazy" decoding="async" class="alignnone size-full" src="https://www.rtpa.es/fotos//19/12/20191202090822_20191202madrenero.jpg" width="853" height="480" /></a></p>

<p>Oficio: Madreñeru &nbsp; Ver actividad de aula (castellán y n´asturianu)   /        / Zapatillas para usar con madreñas&#8230;    /   con escarpines &nbsp;  /  Otros diseños más modernos&#8230;   /      / &nbsp; Video España Directo: Madreñas, el calzado tradicional de Asturias &nbsp; Artículo: «Las últimas madreñas de Oviedo» Los tiempos han cambiado [&hellip;]</p>
