{"id":1211,"date":"2020-11-09T20:45:25","date_gmt":"2020-11-09T18:45:25","guid":{"rendered":"https:\/\/edublog.educastur.es\/ixuxullingua\/?page_id=1211"},"modified":"2020-12-27T17:26:12","modified_gmt":"2020-12-27T15:26:12","slug":"sesion-05","status":"publish","type":"page","link":"https:\/\/edublog.educastur.es\/ixuxullingua\/3-terceru\/terceru-20-21\/02-primer-trimestre\/sesion-05\/","title":{"rendered":"Sesi\u00f3n 05"},"content":{"rendered":"<p><strong><em>\u00bfReconoces alguna construcci\u00f3n t\u00edpica asturiana en esta im\u00e1gen?\u00a0 Ampliar im\u00e1gen!!!<br \/>\n\u00bfCu\u00e1l? \u00bfC\u00f3mo se llama?<\/em><\/strong><\/p>\n<p><a href=\"https:\/\/www.territoriomuseo.com\/UserFiles\/1\/Image\/Pozu%20Espinos\/Camisetas_Skyline_ok1.jpg\"><img loading=\"lazy\" decoding=\"async\" class=\"alignnone \" src=\"https:\/\/www.territoriomuseo.com\/UserFiles\/1\/Image\/Pozu%20Espinos\/Camisetas_Skyline_ok1.jpg\" width=\"678\" height=\"265\" \/><\/a><\/p>\n<p><a href=\"https:\/\/espanafascinante.com\/wp-content\/uploads\/La-Regalina-1-1.jpg\"><strong><em>Efect\u00edvamente&#8230; hoy vamos a hablar y ver qu\u00e9 es un &#8230; (clic aqu\u00ed)<\/em><\/strong><\/a><\/p>\n<ul>\n<li><a href=\"https:\/\/educastur-my.sharepoint.com\/:b:\/g\/personal\/isabellh_educastur_org\/ETRWlYOWMupDshH6e77WOTwB2-rYc5k2ACtM-zuvvzOc1A?e=mv86IC\"><strong><em>Actividad en castellano<\/em><\/strong><\/a><\/li>\n<li><a href=\"https:\/\/educastur-my.sharepoint.com\/:b:\/g\/personal\/isabellh_educastur_org\/EdTDpt2KhDBAvsaeh9PKTjwBAr-qwW4LHKSO9MAM7jkumQ?e=YGaY7d\"><strong><em>Activid\u00e1 n\u00b4asturianu<\/em><\/strong><\/a><\/li>\n<\/ul>\n<p><em>H\u00f3rreo Noruego<\/em><\/p>\n<p><a href=\"https:\/\/imgbox.es\/images\/2020\/11\/02\/Horreos-noruegos277b517f21c5c754.jpg\"><img loading=\"lazy\" decoding=\"async\" class=\"alignnone \" src=\"https:\/\/imgbox.es\/images\/2020\/11\/02\/Horreos-noruegos277b517f21c5c754.jpg\" width=\"742\" height=\"535\" \/><\/a><\/p>\n<p><em>H\u00f3rreos europeos:<\/em><\/p>\n<p><a href=\"https:\/\/imgbox.es\/images\/2020\/11\/02\/horreos-europaf75288fe423d4347.jpg\"><img loading=\"lazy\" decoding=\"async\" class=\"alignnone size-full\" src=\"https:\/\/imgbox.es\/images\/2020\/11\/02\/horreos-europaf75288fe423d4347.jpg\" width=\"931\" height=\"370\" \/><\/a><\/p>\n<hr \/>\n<p><strong><em>H\u00f3rreos y paneras en Asturias<\/em><\/strong><\/p>\n<ul>\n<li><a href=\"https:\/\/www.lavozdeasturias.es\/noticia\/asturias\/2018\/01\/02\/beyusco-horreo-primitivo\/00031514912949790327112.htm#\"><em>Beyusco, el h\u00f3rreo m\u00e1s primitivo&#8230;<\/em><\/a><\/li>\n<\/ul>\n<p><a href=\"https:\/\/cflvdg.avoz.es\/sc\/Gz64-eORuPI4s_jGHfhs94BRRP4=\/x\/2018\/01\/02\/00121514915680006578800\/Foto\/croquis.jpg\"><img loading=\"lazy\" decoding=\"async\" class=\"alignnone size-full\" src=\"https:\/\/cflvdg.avoz.es\/sc\/Gz64-eORuPI4s_jGHfhs94BRRP4=\/x\/2018\/01\/02\/00121514915680006578800\/Foto\/croquis.jpg\" width=\"1280\" height=\"720\" \/><\/a><\/p>\n<ul>\n<li><a href=\"https:\/\/territoriomuseo.com\/noticias\/show\/871-los-horreos-beyuscos-un-patrimonio-escondido\"><em>H\u00f3rreo beyusco, patrimonio escondido (VER CARACTER\u00cdSTICA)<\/em><\/a><\/li>\n<\/ul>\n<p><a href=\"https:\/\/territoriomuseo.com\/UserFiles\/1\/Image\/GUILLE\/68047794.jpg\"><img loading=\"lazy\" decoding=\"async\" class=\"alignnone size-full\" src=\"https:\/\/territoriomuseo.com\/UserFiles\/1\/Image\/GUILLE\/68047794.jpg\" width=\"1024\" height=\"680\" \/><\/a><\/p>\n<hr \/>\n<p>&nbsp;<\/p>\n<p><strong><em>En Asturias tenemos tres construcciones t\u00edpicas como granero y para guardar la cosecha y algunos alimentos: H\u00f3rreos, paneras y cabazos.<\/em><\/strong><\/p>\n<p><a href=\"https:\/\/imgbox.es\/images\/2020\/10\/25\/horreo_panera_cabazofdfbd093758e917b.jpg\"><img loading=\"lazy\" decoding=\"async\" class=\"alignnone size-full\" src=\"https:\/\/imgbox.es\/images\/2020\/10\/25\/horreo_panera_cabazofdfbd093758e917b.jpg\" width=\"1329\" height=\"524\" \/><\/a><\/p>\n<p><a href=\"https:\/\/3.bp.blogspot.com\/-ADIkIZcECcs\/VJcXfozdrlI\/AAAAAAAAVBk\/LTHSDUu6-qk\/s1600\/h%C3%B3rreo.jpg\"><img loading=\"lazy\" decoding=\"async\" class=\"alignnone \" src=\"https:\/\/3.bp.blogspot.com\/-ADIkIZcECcs\/VJcXfozdrlI\/AAAAAAAAVBk\/LTHSDUu6-qk\/s1600\/h%C3%B3rreo.jpg\" width=\"1244\" height=\"933\" \/><\/a><\/p>\n<p><a href=\"https:\/\/i.pinimg.com\/originals\/3a\/81\/16\/3a8116275cc7814855e254594965bc49.jpg\"><img loading=\"lazy\" decoding=\"async\" class=\"alignnone size-full\" src=\"https:\/\/i.pinimg.com\/originals\/3a\/81\/16\/3a8116275cc7814855e254594965bc49.jpg\" width=\"1024\" height=\"768\" \/><\/a><\/p>\n<p><a href=\"https:\/\/imgbox.es\/images\/2020\/11\/02\/cabazo-Taramundi8292eefdbdc9ced8.jpg\"><img loading=\"lazy\" decoding=\"async\" class=\"alignnone size-full\" src=\"https:\/\/imgbox.es\/images\/2020\/11\/02\/cabazo-Taramundi8292eefdbdc9ced8.jpg\" width=\"857\" height=\"510\" \/><\/a><\/p>\n<p>&nbsp;<\/p>\n<ul>\n<li><a href=\"http:\/\/www.museodegrandas.es\/el-museo\/17-cabazo\/\"><strong><em>Ver en Museo Pepe Ferreiro<\/em><\/strong><\/a><\/li>\n<li><a href=\"https:\/\/www.diariodelviajero.com\/espana\/asturias-horreos-paneras-y-cabazos\"><em>Asturias: h\u00f3rreos, paneras y cabazos (ver)<\/em><\/a><\/li>\n<\/ul>\n<hr \/>\n<p><a href=\"https:\/\/imgbox.es\/images\/2020\/10\/26\/horru_color934f70dbfd41efa1.jpg\"><img loading=\"lazy\" decoding=\"async\" class=\"alignnone size-full\" src=\"https:\/\/imgbox.es\/images\/2020\/10\/26\/horru_color934f70dbfd41efa1.jpg\" width=\"800\" height=\"593\" \/><\/a><\/p>\n<p><a href=\"https:\/\/www.territoriomuseo.com\/UserFiles\/1\/Image\/noticias\/IMG_20160430_164412.jpg\"><img loading=\"lazy\" decoding=\"async\" class=\"alignnone\" src=\"https:\/\/www.territoriomuseo.com\/UserFiles\/1\/Image\/noticias\/IMG_20160430_164412.jpg\" alt=\"\" width=\"808\" height=\"598\" \/><\/a><\/p>\n<p><a href=\"https:\/\/imgbox.es\/images\/2020\/10\/26\/horeeobd079577988e8eb7.jpg\"><img loading=\"lazy\" decoding=\"async\" class=\"alignnone size-full\" src=\"https:\/\/imgbox.es\/images\/2020\/10\/26\/horeeobd079577988e8eb7.jpg\" width=\"921\" height=\"651\" \/><\/a><\/p>\n<p><strong><em>Partes de un h\u00f3rreo<\/em><\/strong><\/p>\n<p><a href=\"https:\/\/imgbox.es\/images\/2020\/10\/26\/horrua7154917b9dd2c5e.jpg\"><img loading=\"lazy\" decoding=\"async\" class=\"alignnone size-full\" src=\"https:\/\/imgbox.es\/images\/2020\/10\/26\/horrua7154917b9dd2c5e.jpg\" width=\"1772\" height=\"1334\" \/><\/a><\/p>\n<p><strong><em>Vista superior, desde arriba<\/em><\/strong><\/p>\n<p><a href=\"https:\/\/imgbox.es\/images\/2020\/10\/26\/horru_partesdb74eabdc23586c6.jpg\"><img loading=\"lazy\" decoding=\"async\" class=\"alignnone size-full\" src=\"https:\/\/imgbox.es\/images\/2020\/10\/26\/horru_partesdb74eabdc23586c6.jpg\" width=\"687\" height=\"579\" \/><\/a><\/p>\n<p><strong><em>Observamos m\u00e1s partes<\/em><\/strong><\/p>\n<p><a href=\"https:\/\/imgbox.es\/images\/2020\/10\/26\/horru_partesss608327d18f15043e.jpg\"><img loading=\"lazy\" decoding=\"async\" class=\"alignnone size-full\" src=\"https:\/\/imgbox.es\/images\/2020\/10\/26\/horru_partesss608327d18f15043e.jpg\" width=\"1473\" height=\"1114\" \/><\/a><\/p>\n<p><strong><em>Si separamos las piezas del h\u00f3rreo en partes, encontramos todas estas&#8230;<\/em><\/strong><\/p>\n<ul>\n<li><a href=\"https:\/\/www.youtube.com\/watch?v=CamIQUuQMDo\"><em>Video: Partes de un h\u00f3rreo asturiano<\/em><\/a><\/li>\n<\/ul>\n<p><a href=\"https:\/\/imgbox.es\/images\/2020\/10\/26\/large_thumbnail6ae7f6f9b433f7cb.jpg\"><img loading=\"lazy\" decoding=\"async\" class=\"alignnone size-full\" src=\"https:\/\/imgbox.es\/images\/2020\/10\/26\/large_thumbnail6ae7f6f9b433f7cb.jpg\" width=\"910\" height=\"512\" \/><\/a><\/p>\n<p><strong><em>Colondres: <\/em><\/strong><em>tres estilos = Villaviciosa, Carre\u00f1o y Allande<\/em><\/p>\n<p><a href=\"https:\/\/imgbox.es\/images\/2020\/11\/01\/colondres_colorear59fd265a668fed3d.jpg\"><img loading=\"lazy\" decoding=\"async\" class=\"alignnone size-full\" src=\"https:\/\/imgbox.es\/images\/2020\/11\/01\/colondres_colorear59fd265a668fed3d.jpg\" width=\"1355\" height=\"315\" \/><\/a><br \/>\n<a href=\"https:\/\/imgbox.es\/images\/2020\/11\/01\/colondres52aa3cc046866139.jpg\"><img loading=\"lazy\" decoding=\"async\" class=\"alignnone size-full\" src=\"https:\/\/imgbox.es\/images\/2020\/11\/01\/colondres52aa3cc046866139.jpg\" width=\"1481\" height=\"1917\" \/><\/a><\/p>\n<p><a href=\"https:\/\/imgbox.es\/images\/2020\/11\/02\/estilos2c8f4fb15edff95c9.jpg\"><img loading=\"lazy\" decoding=\"async\" class=\"alignnone size-full\" src=\"https:\/\/imgbox.es\/images\/2020\/11\/02\/estilos2c8f4fb15edff95c9.jpg\" width=\"936\" height=\"444\" \/><\/a><\/p>\n<p><a href=\"https:\/\/imgbox.es\/images\/2020\/11\/02\/estilosbf1d9c2b0f067455.jpg\"><img loading=\"lazy\" decoding=\"async\" class=\"alignnone \" src=\"https:\/\/imgbox.es\/images\/2020\/11\/02\/estilosbf1d9c2b0f067455.jpg\" width=\"933\" height=\"422\" \/><\/a><\/p>\n<p><a href=\"https:\/\/imgbox.es\/images\/2020\/11\/02\/oviedo2ab9195e3d3e7503.jpg\"><img loading=\"lazy\" decoding=\"async\" class=\"alignnone size-full\" src=\"https:\/\/imgbox.es\/images\/2020\/11\/02\/oviedo2ab9195e3d3e7503.jpg\" width=\"938\" height=\"457\" \/><\/a><\/p>\n\n<!-- iframe plugin v.6.0 wordpress.org\/plugins\/iframe\/ -->\n<iframe loading=\"lazy\" src=\"https:\/\/www.facebook.com\/plugins\/video.php?height=314&#038;href=https%3A%2F%2Fwww.facebook.com%2Fasturiassemanal%2Fvideos%2F3860336543979579%2F&#038;show_text=false&#038;width=560\" width=\"560\" height=\"314\" style=\"border:none;overflow:hidden\" scrolling=\"no\" frameborder=\"0\" allowfullscreen=\"true\" allow=\"autoplay; clipboard-write; encrypted-media; picture-in-picture; web-share\" 0=\"\/iframe\" class=\"iframe-class\"><\/iframe>\n\n<p>&nbsp;<\/p>\n<p><strong><em>En Asturias es t\u00edpico aprovechar los h\u00f3rreos para almacenar, entre otros alimentos, el ma\u00edz recogido y enriestrado (esfoyaza) ahora en los meses de octubre y noviembre.<\/em><\/strong><\/p>\n<p><a href=\"https:\/\/imgbox.es\/images\/2020\/10\/26\/horru_maiz832de496d431bab4.jpg\"><img loading=\"lazy\" decoding=\"async\" class=\"alignnone size-full\" src=\"https:\/\/imgbox.es\/images\/2020\/10\/26\/horru_maiz832de496d431bab4.jpg\" width=\"900\" height=\"694\" \/><\/a><\/p>\n<hr \/>\n<p><strong><em>En Bue\u00f1o, cerca de oviedo, existe un museo dedicado al H\u00f3rreo.<\/em><\/strong><\/p>\n<h1><img loading=\"lazy\" decoding=\"async\" class=\"alignnone \" src=\"https:\/\/www.territoriomuseo.com\/UserFiles\/1\/Image\/Pozu%20Espinos\/LOGO%2056.jpg\" width=\"211\" height=\"210\" \/><\/h1>\n<h1><strong><span class=\"titulo\"><em>Centro de Interpretaci\u00f3n del H\u00f3rreo de G\u00fce\u00f1u \/ Bue\u00f1o<\/em> <\/span><\/strong><\/h1>\n<p><a href=\"https:\/\/www.territoriomuseo.com\/UserFiles\/1\/Image\/Horreo\/IMG_4651.jpg\"><img loading=\"lazy\" decoding=\"async\" class=\"alignnone size-full\" src=\"https:\/\/www.territoriomuseo.com\/UserFiles\/1\/Image\/Horreo\/IMG_4651.jpg\" width=\"1000\" height=\"636\" \/><\/a><\/p>\n<h4><em><strong>\u00a0 \u00a0 \u00a0<\/strong><strong>ENTRADA GRATUITA<\/strong><\/em><\/h4>\n<ul>\n<li><em><a href=\"https:\/\/www.territoriomuseo.com\/UserFiles\/1\/File\/DossierCIHorreo.pdf\">Dossier de actividades<\/a><\/em><\/li>\n<li><em><a href=\"https:\/\/www.territoriomuseo.com\/UserFiles\/1\/File\/Folleto%20CIH%202013%20WEB.pdf\">Folleto informativo<\/a><\/em><\/li>\n<li><a href=\"http:\/\/youtu.be\/Vz2EnydJex0\"><em>Video del centro de Interpretaci\u00f3n<\/em><\/a><\/li>\n<\/ul>\n<p>&nbsp;<\/p>\n<ul>\n<li><a href=\"https:\/\/www.youtube.com\/watch?v=_5rCom3VMxU\"><em>Paseo de los h\u00f3rreos de Bue\u00f1o<\/em><\/a><\/li>\n<\/ul>\n\n<!-- iframe plugin v.6.0 wordpress.org\/plugins\/iframe\/ -->\n<iframe loading=\"lazy\" width=\"588\" height=\"331\" src=\"https:\/\/www.youtube.com\/embed\/_5rCom3VMxU\" scrolling=\"yes\" class=\"iframe-class\" frameborder=\"0\"><\/iframe>\n\n<ul>\n<li><a href=\"https:\/\/www.youtube.com\/watch?v=0k3Cc1EBGYM\">Video: El h\u00f3rreos asturiano: Historia y estructura<\/a><\/li>\n<\/ul>\n\n<!-- iframe plugin v.6.0 wordpress.org\/plugins\/iframe\/ -->\n<iframe loading=\"lazy\" width=\"588\" height=\"331\" src=\"https:\/\/www.youtube.com\/embed\/0k3Cc1EBGYM\" scrolling=\"yes\" class=\"iframe-class\" frameborder=\"0\"><\/iframe>\n\n<ul>\n<li><em><a href=\"https:\/\/www.youtube.com\/watch?v=CQAXk9lKu50\">Video: Paneras en Asturias (ver alguna&#8230;)<\/a><\/em><\/li>\n<\/ul>\n<h2 class=\"titulo-home-h2\">PANERAS<\/h2>\n<p><a href=\"https:\/\/lapaneradesancristobal.es\/turismo-rural-asturias\/sabes-lo-que-es-una-panera-asturiana\/\">\u00bfSabes lo que es una panera asturiana?<\/a><\/p>\n<p><a href=\"https:\/\/photos.wikimapia.org\/p\/00\/05\/46\/76\/85_full.jpg\"><img loading=\"lazy\" decoding=\"async\" class=\"alignnone size-full\" src=\"https:\/\/photos.wikimapia.org\/p\/00\/05\/46\/76\/85_full.jpg\" width=\"2288\" height=\"1712\" \/><\/a><\/p>\n<p>&nbsp;<\/p>\n<p><a href=\"https:\/\/www.compostela24horas.com\/multimedia\/images\/IMGP7286.JPG\"><img loading=\"lazy\" decoding=\"async\" class=\"alignnone size-full\" src=\"https:\/\/www.compostela24horas.com\/multimedia\/images\/IMGP7286.JPG\" width=\"1600\" height=\"1055\" \/><\/a><\/p>\n<p><strong><em>Cabazos<\/em><\/strong><\/p>\n<p><a href=\"https:\/\/www.taramundi.es\/documents\/129615\/5122387\/DSC_9722_opt.jpg\/80dc0441-2004-4c33-9905-065f3df6478d?t=1584625433503\"><img loading=\"lazy\" decoding=\"async\" class=\"alignnone \" src=\"https:\/\/www.taramundi.es\/documents\/129615\/5122387\/DSC_9722_opt.jpg\/80dc0441-2004-4c33-9905-065f3df6478d?t=1584625433503\" width=\"767\" height=\"510\" \/><\/a><\/p>\n<p><a href=\"http:\/\/2.bp.blogspot.com\/-c3oKcDbpLUk\/Tkuc0G5QZwI\/AAAAAAAAFsM\/1LqziWHK-rg\/s1600\/2798-cabazo%2BBres.jpg\"><img loading=\"lazy\" decoding=\"async\" class=\"alignnone size-full\" src=\"http:\/\/2.bp.blogspot.com\/-c3oKcDbpLUk\/Tkuc0G5QZwI\/AAAAAAAAFsM\/1LqziWHK-rg\/s1600\/2798-cabazo%2BBres.jpg\" width=\"1100\" height=\"733\" \/><\/a><\/p>\n<ul>\n<li><a href=\"https:\/\/edublog.educastur.es\/cultura\/construccion\/panera\/\">Ver Panera estilo Carre\u00f1o<\/a><\/li>\n<li><a href=\"https:\/\/www.facebook.com\/joaquinm.alvarezgonzalez\/posts\/2050640408406773\">Ver todas las fotos (Facebook)<\/a><\/li>\n<\/ul>\n<p><a href=\"https:\/\/imgbox.es\/images\/2020\/12\/27\/paneraaad443861ae281c28b.jpg\"><img loading=\"lazy\" decoding=\"async\" class=\"alignnone\" src=\"https:\/\/imgbox.es\/images\/2020\/12\/27\/paneraaad443861ae281c28b.jpg\" alt=\"\" width=\"1920\" height=\"1080\" \/><\/a><\/p>\n","protected":false},"excerpt":{"rendered":"<p>\u00bfReconoces alguna construcci\u00f3n t\u00edpica asturiana en esta im\u00e1gen?\u00a0 Ampliar im\u00e1gen!!! \u00bfCu\u00e1l? \u00bfC\u00f3mo se llama? Efect\u00edvamente&#8230; hoy vamos a hablar y ver qu\u00e9 es un &#8230; (clic aqu\u00ed) Actividad en castellano Activid\u00e1 n\u00b4asturianu H\u00f3rreo Noruego H\u00f3rreos europeos: H\u00f3rreos y paneras en Asturias Beyusco, el h\u00f3rreo m\u00e1s primitivo&#8230; H\u00f3rreo beyusco, patrimonio escondido (VER CARACTER\u00cdSTICA) &nbsp; En Asturias [&hellip;]<\/p>\n","protected":false},"author":117,"featured_media":0,"parent":214,"menu_order":0,"comment_status":"closed","ping_status":"closed","template":"","meta":{"footnotes":""},"class_list":["post-1211","page","type-page","status-publish","hentry","post-preview"],"_links":{"self":[{"href":"https:\/\/edublog.educastur.es\/ixuxullingua\/wp-json\/wp\/v2\/pages\/1211","targetHints":{"allow":["GET"]}}],"collection":[{"href":"https:\/\/edublog.educastur.es\/ixuxullingua\/wp-json\/wp\/v2\/pages"}],"about":[{"href":"https:\/\/edublog.educastur.es\/ixuxullingua\/wp-json\/wp\/v2\/types\/page"}],"author":[{"embeddable":true,"href":"https:\/\/edublog.educastur.es\/ixuxullingua\/wp-json\/wp\/v2\/users\/117"}],"replies":[{"embeddable":true,"href":"https:\/\/edublog.educastur.es\/ixuxullingua\/wp-json\/wp\/v2\/comments?post=1211"}],"version-history":[{"count":9,"href":"https:\/\/edublog.educastur.es\/ixuxullingua\/wp-json\/wp\/v2\/pages\/1211\/revisions"}],"predecessor-version":[{"id":1566,"href":"https:\/\/edublog.educastur.es\/ixuxullingua\/wp-json\/wp\/v2\/pages\/1211\/revisions\/1566"}],"up":[{"embeddable":true,"href":"https:\/\/edublog.educastur.es\/ixuxullingua\/wp-json\/wp\/v2\/pages\/214"}],"wp:attachment":[{"href":"https:\/\/edublog.educastur.es\/ixuxullingua\/wp-json\/wp\/v2\/media?parent=1211"}],"curies":[{"name":"wp","href":"https:\/\/api.w.org\/{rel}","templated":true}]}}