{"id":1320,"date":"2020-12-05T18:11:05","date_gmt":"2020-12-05T16:11:05","guid":{"rendered":"https:\/\/edublog.educastur.es\/ixuxullingua\/?page_id=1320"},"modified":"2021-09-08T15:25:39","modified_gmt":"2021-09-08T13:25:39","slug":"salu","status":"publish","type":"page","link":"https:\/\/edublog.educastur.es\/ixuxullingua\/salu\/","title":{"rendered":"Sal\u00fa"},"content":{"rendered":"<p><img loading=\"lazy\" decoding=\"async\" class=\"size-full aligncenter\" src=\"https:\/\/bibliotecahuca.files.wordpress.com\/2017\/06\/logo-astursalud.gif\" width=\"340\" height=\"82\" \/><\/p>\n<ul>\n<li style=\"text-align: center\"><em><span style=\"font-size: 18pt\"><a href=\"http:\/\/www.astursalud.es\/\">http:\/\/www.astursalud.es\/<\/a><\/span><\/em><\/li>\n<li style=\"text-align: center\"><em><span style=\"font-size: 18pt\"><a href=\"https:\/\/www.astursalud.es\/noticias\/-\/noticias\/informacion-importante-para-la-comunidad-escolar-ante-el-inicio-del-curso\">INFO COVID Comunid\u00e1 Educativa<\/a><\/span><\/em><\/li>\n<li style=\"text-align: center\"><em><span style=\"font-size: 18pt\"><a href=\"https:\/\/www.astursalud.es\/noticias\/-\/noticias\/el-gobierno-de-asturias-lanza-una-campana-para-instar-a-la-poblacion-a-cumplir-las-recomendaciones-sanitarias-y-frenar-el-virus\">Campa\u00f1a<strong> \u00abEL VIRUS NUN PIENSA\u00bb<\/strong><\/a><\/span><\/em><\/li>\n<\/ul>\n<hr \/>\n<p><a href=\"https:\/\/coronavirus.asturias.es\/documents\/71418\/214602\/NENA+ASTURIANO.jpg\/678a49fb-1df0-f6c1-8744-60e53ed4a3a8?t=1605889257031\"><img loading=\"lazy\" decoding=\"async\" class=\"alignnone size-full\" src=\"https:\/\/coronavirus.asturias.es\/documents\/71418\/214602\/NENA+ASTURIANO.jpg\/678a49fb-1df0-f6c1-8744-60e53ed4a3a8?t=1605889257031\" width=\"578\" height=\"740\" \/><\/a><\/p>\n<div class=\"\" dir=\"auto\">\n<div class=\"\" dir=\"auto\">\n<div class=\"ecm0bbzt hv4rvrfc ihqw7lf3 dati1w0a\" data-ad-comet-preview=\"message\" data-ad-preview=\"message\">\n<div class=\"j83agx80 cbu4d94t ew0dbk1b irj2b8pg\">\n<div class=\"qzhwtbm6 knvmm38d\">\n<div class=\"kvgmc6g5 cxmmr5t8 oygrvhab hcukyx3x c1et5uql ii04i59q\">\n<div dir=\"auto\"><span style=\"font-size: 18pt\"><a class=\"oajrlxb2 g5ia77u1 qu0x051f esr5mh6w e9989ue4 r7d6kgcz rq0escxv nhd2j8a9 nc684nl6 p7hjln8o kvgmc6g5 cxmmr5t8 oygrvhab hcukyx3x jb3vyjys rz4wbd8a qt6c0cv9 a8nywdso i1ao9s8h esuyzwwr f1sip0of lzcic4wl q66pz984 gpro0wi8 b1v8xokw\" role=\"link\" href=\"https:\/\/www.facebook.com\/hashtag\/piensa?__eep__=6&amp;__cft__[0]=AZWEMrfeseibVDp5EhLoI9KNLYwK5cpTxGVcCnjc6obj0yJfZVCZPijruU9KBOlqSQ3AvZ_TC-kcu7dTa0EeR1eFSNGz65eDo5Q-SDjUBU6Odrmz6j8T0wKT1hX_XsMzT5eX9merpqkkkmnJMnsquSIwTSDOpmFHsefBF0M5jgosxg&amp;__tn__=*NK-y-R\">#Piensa<\/a>: nun dexes que nos gane.<\/span><\/div>\n<div dir=\"auto\"><\/div>\n<\/div>\n<div class=\"o9v6fnle cxmmr5t8 oygrvhab hcukyx3x c1et5uql ii04i59q\">\n<div dir=\"auto\"><span style=\"font-size: 18pt\"><span class=\"pq6dq46d tbxw36s4 knj5qynh kvgmc6g5 ditlmg2l oygrvhab nvdbi5me sf5mxxl7 gl3lb2sf hhz5lgdu\"><img loading=\"lazy\" decoding=\"async\" src=\"https:\/\/static.xx.fbcdn.net\/images\/emoji.php\/v9\/t32\/1\/16\/1f637.png\" alt=\"?\" width=\"16\" height=\"16\" \/><\/span> Usar mal la m\u00e1zcara aumenta&#8217;l riesgu de contaxu.<\/span><\/div>\n<div dir=\"auto\"><\/div>\n<div dir=\"auto\"><span style=\"font-size: 18pt\"><span class=\"pq6dq46d tbxw36s4 knj5qynh kvgmc6g5 ditlmg2l oygrvhab nvdbi5me sf5mxxl7 gl3lb2sf hhz5lgdu\"><img loading=\"lazy\" decoding=\"async\" src=\"https:\/\/static.xx.fbcdn.net\/images\/emoji.php\/v9\/tdd\/1\/16\/274c.png\" alt=\"\u274c\" width=\"16\" height=\"16\" \/><\/span> Descuidar les mid\u00edes de seguranza nes reuniones de trabayu <span class=\"pq6dq46d tbxw36s4 knj5qynh kvgmc6g5 ditlmg2l oygrvhab nvdbi5me sf5mxxl7 gl3lb2sf hhz5lgdu\"><img loading=\"lazy\" decoding=\"async\" src=\"https:\/\/static.xx.fbcdn.net\/images\/emoji.php\/v9\/t8b\/1\/16\/1f465.png\" alt=\"?\" width=\"16\" height=\"16\" \/><\/span> y coles visites en casa <span class=\"pq6dq46d tbxw36s4 knj5qynh kvgmc6g5 ditlmg2l oygrvhab nvdbi5me sf5mxxl7 gl3lb2sf hhz5lgdu\"><img loading=\"lazy\" decoding=\"async\" src=\"https:\/\/static.xx.fbcdn.net\/images\/emoji.php\/v9\/tf6\/1\/16\/1f3e0.png\" alt=\"?\" width=\"16\" height=\"16\" \/><\/span> favorez la tresmisi\u00f3n.<\/span><\/div>\n<div dir=\"auto\"><\/div>\n<\/div>\n<div class=\"o9v6fnle cxmmr5t8 oygrvhab hcukyx3x c1et5uql ii04i59q\">\n<div dir=\"auto\"><span style=\"font-size: 18pt\"><span class=\"pq6dq46d tbxw36s4 knj5qynh kvgmc6g5 ditlmg2l oygrvhab nvdbi5me sf5mxxl7 gl3lb2sf hhz5lgdu\"><img loading=\"lazy\" decoding=\"async\" src=\"https:\/\/static.xx.fbcdn.net\/images\/emoji.php\/v9\/t77\/1\/16\/203c.png\" alt=\"\u203c\ufe0f\" width=\"16\" height=\"16\" \/><\/span>Cumplir dafechu ye perimportante. Porque n\u2019<a class=\"oajrlxb2 g5ia77u1 qu0x051f esr5mh6w e9989ue4 r7d6kgcz rq0escxv nhd2j8a9 nc684nl6 p7hjln8o kvgmc6g5 cxmmr5t8 oygrvhab hcukyx3x jb3vyjys rz4wbd8a qt6c0cv9 a8nywdso i1ao9s8h esuyzwwr f1sip0of lzcic4wl q66pz984 gpro0wi8 b1v8xokw\" role=\"link\" href=\"https:\/\/www.facebook.com\/hashtag\/asturies?__eep__=6&amp;__cft__[0]=AZWEMrfeseibVDp5EhLoI9KNLYwK5cpTxGVcCnjc6obj0yJfZVCZPijruU9KBOlqSQ3AvZ_TC-kcu7dTa0EeR1eFSNGz65eDo5Q-SDjUBU6Odrmz6j8T0wKT1hX_XsMzT5eX9merpqkkkmnJMnsquSIwTSDOpmFHsefBF0M5jgosxg&amp;__tn__=*NK-y-R\">#Asturies<\/a>, <a class=\"oajrlxb2 g5ia77u1 qu0x051f esr5mh6w e9989ue4 r7d6kgcz rq0escxv nhd2j8a9 nc684nl6 p7hjln8o kvgmc6g5 cxmmr5t8 oygrvhab hcukyx3x jb3vyjys rz4wbd8a qt6c0cv9 a8nywdso i1ao9s8h esuyzwwr f1sip0of lzcic4wl q66pz984 gpro0wi8 b1v8xokw\" role=\"link\" href=\"https:\/\/www.facebook.com\/hashtag\/toescuriamosdetoes?__eep__=6&amp;__cft__[0]=AZWEMrfeseibVDp5EhLoI9KNLYwK5cpTxGVcCnjc6obj0yJfZVCZPijruU9KBOlqSQ3AvZ_TC-kcu7dTa0EeR1eFSNGz65eDo5Q-SDjUBU6Odrmz6j8T0wKT1hX_XsMzT5eX9merpqkkkmnJMnsquSIwTSDOpmFHsefBF0M5jgosxg&amp;__tn__=*NK-y-R\">#ToesCuriamosDeToes<\/a>.<\/span><\/div>\n<div dir=\"auto\" style=\"text-align: center\">\n<!-- iframe plugin v.6.0 wordpress.org\/plugins\/iframe\/ -->\n<iframe loading=\"lazy\" width=\"100%\" height=\"450\" src=\"https:\/\/www.youtube.com\/embed\/LNJwCmz6CBw\" 0=\"\/iframe\" scrolling=\"yes\" class=\"iframe-class\" frameborder=\"0\"><\/iframe>\n<\/div>\n<div dir=\"auto\"><\/div>\n<\/div>\n<div dir=\"auto\"><\/div>\n<div dir=\"auto\">\n<hr \/>\n<\/div>\n<\/div>\n<\/div>\n<div dir=\"auto\">\n<!-- iframe plugin v.6.0 wordpress.org\/plugins\/iframe\/ -->\n<iframe loading=\"lazy\" src=\"https:\/\/www.facebook.com\/plugins\/video.php?height=314&#038;href=https%3A%2F%2Fwww.facebook.com%2Fpoliticallinguistica%2Fvideos%2F2518575715102469%2F&#038;show_text=false&#038;width=560\" width=\"560\" height=\"314\" style=\"border:none;overflow:hidden\" scrolling=\"no\" frameborder=\"0\" allowfullscreen=\"true\" allow=\"autoplay; clipboard-write; encrypted-media; picture-in-picture; web-share\" 0=\"\/iframe\" class=\"iframe-class\"><\/iframe>\n<\/div>\n<div dir=\"auto\">\n<hr \/>\n<hr \/>\n<\/div>\n<\/div>\n<\/div>\n<\/div>\n\n<!-- iframe plugin v.6.0 wordpress.org\/plugins\/iframe\/ -->\n<iframe loading=\"lazy\" src=\"https:\/\/www.facebook.com\/plugins\/video.php?height=314&#038;href=https%3A%2F%2Fwww.facebook.com%2Fpoliticallinguistica%2Fvideos%2F205014664410676%2F&#038;show_text=false&#038;width=560\" width=\"560\" height=\"314\" style=\"border:none;overflow:hidden\" scrolling=\"no\" frameborder=\"0\" allowfullscreen=\"true\" allow=\"autoplay; clipboard-write; encrypted-media; picture-in-picture; web-share\" 0=\"\/iframe\" class=\"iframe-class\"><\/iframe>\n\n<hr \/>\n<div class=\"o9v6fnle cxmmr5t8 oygrvhab hcukyx3x c1et5uql ii04i59q\">\n<div dir=\"auto\"><span class=\"pq6dq46d tbxw36s4 knj5qynh kvgmc6g5 ditlmg2l oygrvhab nvdbi5me sf5mxxl7 gl3lb2sf hhz5lgdu\"><img loading=\"lazy\" decoding=\"async\" src=\"https:\/\/static.xx.fbcdn.net\/images\/emoji.php\/v9\/t34\/1\/16\/23f0.png\" alt=\"\u23f0\" width=\"16\" height=\"16\" \/><\/span>Hora de repasar las medidas de prevenci\u00f3n de la <a class=\"oajrlxb2 g5ia77u1 qu0x051f esr5mh6w e9989ue4 r7d6kgcz rq0escxv nhd2j8a9 nc684nl6 p7hjln8o kvgmc6g5 cxmmr5t8 oygrvhab hcukyx3x jb3vyjys rz4wbd8a qt6c0cv9 a8nywdso i1ao9s8h esuyzwwr f1sip0of lzcic4wl q66pz984 gpro0wi8 b1v8xokw\" role=\"link\" href=\"https:\/\/www.facebook.com\/hashtag\/covid19?__eep__=6&amp;__cft__[0]=AZULCCMFwxMq-VqA5hgWC3w46taG3pqGs_pi6bTaBf7hEv6WGHYk1Yx0hRWds8P1uc4s3w9d_1TaOzExxGOlKJ7sblDxwdIagx3JokeXqtmjWmubat4QwW-LG84I7_U1tj8Q3lHwA64r3VYZmC7RN9oFk3B7ynlOKh1dLBRiLDduJw&amp;__tn__=*NK-y-R\">#COVID19<\/a> con este libro de actividades infantil<\/div>\n<\/div>\n<div class=\"o9v6fnle cxmmr5t8 oygrvhab hcukyx3x c1et5uql ii04i59q\">\n<div dir=\"auto\"><a class=\"oajrlxb2 g5ia77u1 qu0x051f esr5mh6w e9989ue4 r7d6kgcz rq0escxv nhd2j8a9 nc684nl6 p7hjln8o kvgmc6g5 cxmmr5t8 oygrvhab hcukyx3x jb3vyjys rz4wbd8a qt6c0cv9 a8nywdso i1ao9s8h esuyzwwr f1sip0of lzcic4wl py34i1dx gpro0wi8\" role=\"link\" href=\"https:\/\/www.mscbs.gob.es\/profesionales\/saludPublica\/ccayes\/alertasActual\/nCov\/documentos\/COVID19_Libro_actividades.pdf?fbclid=IwAR1ZDSqMkCVVXzBslMyWCJ5CTdpihnDvCD_2pCHoEn_B8ggtf5g1hwpAuLM\" target=\"_blank\" rel=\"nofollow noopener noreferrer\">https:\/\/www.mscbs.gob.es\/&#8230;\/COVID19_Libro_actividades.pdf<\/a><\/div>\n<\/div>\n","protected":false},"excerpt":{"rendered":"<p>http:\/\/www.astursalud.es\/ INFO COVID Comunid\u00e1 Educativa Campa\u00f1a \u00abEL VIRUS NUN PIENSA\u00bb #Piensa: nun dexes que nos gane. Usar mal la m\u00e1zcara aumenta&#8217;l riesgu de contaxu. Descuidar les mid\u00edes de seguranza nes reuniones de trabayu y coles visites en casa favorez la tresmisi\u00f3n. Cumplir dafechu ye perimportante. Porque n\u2019#Asturies, #ToesCuriamosDeToes. Hora de repasar las medidas de prevenci\u00f3n [&hellip;]<\/p>\n","protected":false},"author":117,"featured_media":0,"parent":0,"menu_order":0,"comment_status":"closed","ping_status":"closed","template":"","meta":{"footnotes":""},"class_list":["post-1320","page","type-page","status-publish","hentry","post-preview"],"_links":{"self":[{"href":"https:\/\/edublog.educastur.es\/ixuxullingua\/wp-json\/wp\/v2\/pages\/1320","targetHints":{"allow":["GET"]}}],"collection":[{"href":"https:\/\/edublog.educastur.es\/ixuxullingua\/wp-json\/wp\/v2\/pages"}],"about":[{"href":"https:\/\/edublog.educastur.es\/ixuxullingua\/wp-json\/wp\/v2\/types\/page"}],"author":[{"embeddable":true,"href":"https:\/\/edublog.educastur.es\/ixuxullingua\/wp-json\/wp\/v2\/users\/117"}],"replies":[{"embeddable":true,"href":"https:\/\/edublog.educastur.es\/ixuxullingua\/wp-json\/wp\/v2\/comments?post=1320"}],"version-history":[{"count":10,"href":"https:\/\/edublog.educastur.es\/ixuxullingua\/wp-json\/wp\/v2\/pages\/1320\/revisions"}],"predecessor-version":[{"id":2604,"href":"https:\/\/edublog.educastur.es\/ixuxullingua\/wp-json\/wp\/v2\/pages\/1320\/revisions\/2604"}],"wp:attachment":[{"href":"https:\/\/edublog.educastur.es\/ixuxullingua\/wp-json\/wp\/v2\/media?parent=1320"}],"curies":[{"name":"wp","href":"https:\/\/api.w.org\/{rel}","templated":true}]}}