{"id":1540,"date":"2020-12-27T14:41:12","date_gmt":"2020-12-27T12:41:12","guid":{"rendered":"https:\/\/edublog.educastur.es\/ixuxullingua\/?page_id=1540"},"modified":"2020-12-27T14:41:12","modified_gmt":"2020-12-27T12:41:12","slug":"costumes","status":"publish","type":"page","link":"https:\/\/edublog.educastur.es\/ixuxullingua\/asturies\/costumes\/","title":{"rendered":"Costumes"},"content":{"rendered":"<p><a href=\"https:\/\/www.meridiano180.com\/curiosidades-asturias\/\"><img loading=\"lazy\" decoding=\"async\" class=\"alignnone size-full\" src=\"https:\/\/i0.wp.com\/www.meridiano180.com\/wp-content\/uploads\/2014\/05\/asturias.jpg?w=600&amp;ssl=1\" width=\"600\" height=\"413\" \/><\/a><\/p>\n<p><em><span style=\"font-size: 14pt\">Asturies ta al norte, eso te suena. Llueve enforma y, polo xeneral, alimentar de fabada y sidra. Bien, nun vas tan perd\u00edu. Tou eso ye verd\u00e1, pero ent\u00e1 hai m\u00e1s. Y ye que, anque a desconoc\u00edos g\u00e1nennos los c\u00e1ntabros, dende Reconquistar paez que nun volvimos faer nada. Nam\u00e1 salimos nes noticies por asuntos aturbolinaos, cat\u00e1strofes o porque los mineros tar enguedeyando parda; y eso cuando salimos. Esto \u00faltimu g\u00fastanos, siempres nos gustaron los aruelos. Unu heriedu de la nuesa hestoria, quiciabes. D&#8217;ende a que nun nos guste que nos mires con indiferencia.<\/span><\/em><\/p>\n<p><em><span style=\"font-size: 14pt\">Ent\u00e1 asina, los asturianos somos bien majos y llevamos n&#8217;harmon\u00eda con toles comunidaes, sicas\u00ed, para los qu&#8217;ent\u00e1 nun punxerais un asturianu na vuesa vida, vamos confesavos un secretu: somos bien patri\u00f3ticos.<\/span><\/em><\/p>\n<p><em><span style=\"font-size: 14pt\">Pola nuesa bandera sol brazu vas reconocenos. Y por el cul\u00edn de sidra, tami\u00e9n. Nun somos mon\u00e1rquicos, pero porque resucitar a Pelayo ye complic\u00e1u; nin bien relixosos, anque toos llevemos una Santina nel coraz\u00f3n. Y asina, con tanta contradicci\u00f3n venimos d&#8217;una tierra inesorable a la qu&#8217;amamos, pero dacuando tami\u00e9n odiamos (como cuando quies sacar un vuelu y comer el mesmu mes). Un para\u00edsu del que munchos tuvimos que fuxir, pero del que siempres nos oyer\u00e1s dicir \u201cyo retiro n&#8217;Asturies\u201d. Cuando t&#8217;espliquen tou eso, el to sonri.<\/span><\/em><\/p>\n<p><span style=\"color: #008080\"><strong><span style=\"font-size: 14pt\">Intereses sobro Asturies y los sos paisanos<\/span><\/strong><\/span><\/p>\n<p><span style=\"font-size: 14pt\">S\u00ed, n&#8217;Asturies hai una llingua propia: el bable. Nun ye oficial, pocos falar perfectamente y nun s&#8217;estudia na mayor\u00eda de les escueles. Sicas\u00ed, munches de les sos palabres t\u00e1n grabaes a fueu nel nuesu interior y son parte del nuesu vocabulariu habitual ensin danos cuenta.<\/span><\/p>\n<p><span style=\"font-size: 14pt\">Un asturianu nun ye consciente que fala bable hasta que nun crucia&#8217;l Negr\u00f3n, momentu nel que va afayar qu&#8217;un tajal\u00e1piz, una pota, tendal, el rodiellu, colar o picar nun esisten. Siquier tal que n\u00f3s entender.<\/span><\/p>\n<p><span style=\"font-size: 14pt\">Los asturianos polo xeneral falamos bien alto. Nun ye que teamos enoxaos nin queramos aurio, ye que somos asina.<\/span><br \/>\n<span style=\"font-size: 14pt\">Tami\u00e9n falamos bien r\u00e1pido (sacante&#8217;l mio compa\u00f1eru de pisu, pero creo que nun ye asturianu).<\/span><\/p>\n<p><span style=\"font-size: 14pt\">A n\u00f3s nun nos gusten les coses, empr\u00e9stennos.<\/span><\/p>\n<p><span style=\"font-size: 14pt\">Nin tampoco tenemos tabiernes, sin\u00f3n chigres, anque Chicote empe\u00f1\u00e1rase en renombrarlos.<\/span><\/p>\n<p><span style=\"font-size: 14pt\">Si emburriamos emburriamos y si colamos nun nos esperes, nun vamos volver.<\/span><\/p>\n<p><span style=\"color: #008080\"><strong><span style=\"font-size: 14pt\">Somos unos borrachos<\/span><\/strong><\/span><\/p>\n<p><span style=\"font-size: 14pt\">El cul\u00edn de sidra puede tomase a cualquier hora del d\u00eda.<\/span><\/p>\n<p><span style=\"font-size: 14pt\">La sidra nun s&#8217;entemez, anque tolos asturianos haber fechu delles vegaes na so vida. Esa frase tan sab\u00eda de la que t&#8217;alcordar\u00e1s bien a otru d\u00eda ye una llecci\u00f3n de vida.<\/span><\/p>\n<p><span style=\"font-size: 14pt\">La sidra ye asturiana. Nin vasca, nin escocesa nin bobadas. Sidra = a Asturies.<\/span><\/p>\n<p><span style=\"font-size: 14pt\">Non tolos asturianos saben echar. Si&#8217;l to amigu dizte que non, nun aportunes o vas acabar pingando.<\/span><\/p>\n<p><span style=\"font-size: 14pt\">El vasu compartir. El posu (l&#8217;\u00faltimu suerbu) tirar al suelu pa llimpiar el vasu de les babes del restu, anque la versi\u00f3n m\u00e1s rom\u00e1ntica diz que ye pa devolve-y a la tierra lo que ye so.<\/span><\/p>\n<p><span style=\"font-size: 14pt\">Si d\u00edcente sidra a esgaya, di non, pol to bien. A esgaya nun ye la marca de la sidra.<\/span><\/p>\n<p><span style=\"color: #008080\"><strong><span style=\"font-size: 14pt\">G\u00fastanos comer bien<\/span><\/strong><\/span><\/p>\n<p><span style=\"font-size: 14pt\">N&#8217;Asturies come muncho, tanto que si quedes con fame van aportunar en tostate un huev\u00edn (nun se conocen casos nos que fixera falta).<\/span><\/p>\n<p><span style=\"font-size: 14pt\">Una fartura ye lo que vas sentir tres una fabada, los escalopines al cabrales, el cachopu, los tortos o unes casadielles. Y si decides probalo tou xuntu, quiciabes y\u00e1 teas muertu aquel d\u00eda.<\/span><\/p>\n<p><span style=\"font-size: 14pt\">El cachopu NUN ye un San Jacobo. Cada cachopu ye distintu y puede tar rellenu de mil histories. Un conseyu, compartir. Pocos llograron termin\u00e1-ylo.<\/span><\/p>\n<p><span style=\"font-size: 14pt\">Prueba&#8217;l pastel de cabrachu, nun vas querer comer otra cosa<\/span><\/p>\n<p><span style=\"color: #008080\"><strong><span style=\"font-size: 14pt\">\u201cN&#8217;Asturies siempres llueve\u201d<\/span><\/strong><\/span><\/p>\n<p><span style=\"font-size: 14pt\">N&#8217;Asturies llueve, s\u00ed, pero dacuando tami\u00e9n sale&#8217;l sol.<\/span><\/p>\n<p><span style=\"font-size: 14pt\">Los asturianos nun se queden en casa porque llueva. Nun lo fadr\u00eden nin mientres el Diluviu Universal.<\/span><\/p>\n<p><span style=\"font-size: 14pt\">Ye verd\u00e1, fai fr\u00edu. Pero eso nun nos torgar dir a la sablera si ye agostu, inclusive si ta orbayando. \u00a1Ye agostu!<\/span><\/p>\n<p><span style=\"font-size: 14pt\">La primer llecci\u00f3n qu&#8217;aprendemos dende bien pequenu ye que si hai nube salamos de l&#8217;agua.<\/span><\/p>\n<p><span style=\"font-size: 14pt\">Pel hibiernu nun fai m\u00e1s fr\u00edu que n&#8217;otros sitios. El problema ye qu&#8217;esi mesmu fr\u00edu tami\u00e9n puede facer pel branu. Y s\u00ed, siguimos diendo a la sablera.<\/span><\/p>\n<p><span style=\"font-size: 14pt\">Nunca salimos de casa ensin chaqueta, inclusive en plenu xunetu a 27 graos (s\u00ed, dalg\u00fan d\u00eda llegamos a esa temperatura). Vivimos costantemente nun \u201cpor si enfresca\u201d.<\/span><\/p>\n<p><span style=\"font-size: 14pt\">N&#8217;Asturies podr\u00eda habese grab\u00e1u Xuegu de Tronos.<\/span><\/p>\n<p><span style=\"font-size: 14pt\">La peor matinada nun ye la del alcohol<\/span><\/p>\n<p><span style=\"font-size: 14pt\">El Cant\u00e1bricu nun ye una piscina de foles, nin la matinada un est\u00e1u f\u00edsicu de los domingos, que tami\u00e9n. Equ\u00ed una fola puede matate. Empresta atenci\u00f3n a les zones de ba\u00f1u y a les banderes.<\/span><\/p>\n<p><span style=\"font-size: 14pt\">Ye tierra de surferos, y munchos d&#8217;ellos son abondo flipados (espero que neng\u00fan d&#8217;ellos ll\u00e9ame), polo que respeta la zona de ba\u00f1u si nun quies acabar cola cabeza abierta. Ta comprob\u00e1u.<\/span><\/p>\n<p><span style=\"font-size: 14pt\">Saltar les foles mola, y dicen que l&#8217;agua conxelao tersa la piel (esto inda nun nos fixo efectu, pero ye una motivaci\u00f3n m\u00e1s pa siguir ba\u00f1\u00e1ndonos cada branu).<\/span><\/p>\n<p><span style=\"color: #008080\"><strong><span style=\"font-size: 14pt\">Cada vez ye m\u00e1s complic\u00e1u volver. Esfruta del viaxe<\/span><\/strong><\/span><\/p>\n<p><span style=\"font-size: 14pt\">El Negr\u00f3n ye&#8217;l nuesu teletransporte. Esti t\u00fanel interminable que dixebra Asturies de Lli\u00f3n ye&#8217;l qu&#8217;utilizamos los asturianos pa pasar del iviernu al branu.<\/span><\/p>\n<p><span style=\"font-size: 14pt\">El tresporte p\u00fablicu ye Alsa. Alsa ye asturiana. Alsa tien el monopoliu. Por culpa d&#8217;un chanchullu de Alsa col Gobiernu del Princip\u00e1u y\u00e1 nun hai Ryanair. Agora, los exiliados en Madrid vuelven en Alsa, los que tamos en Barcelona a cencielles aforramos pa poder pagar el billete d&#8217;avi\u00f3n que ye m\u00e1s caru qu&#8217;un safari per Que\u00f1a.<\/span><\/p>\n<p><span style=\"font-size: 14pt\">L&#8217;aeropuertu d&#8217;Asturies ye una chancia. Con llegar media hora antes ye abonda. Pa da-y daqu\u00e9 de negociu abrieron una tienda de productos t\u00edpicos asturianos que se comi\u00f3 la sala d&#8217;espera. Agora esperes de pies. Tampoco vienden nada, el 80% de los pasaxeros son puramente asturianos y y\u00e1 lleven el tupper de casa. Mal.<\/span><\/p>\n<p><span style=\"font-size: 14pt\">Nam\u00e1 tenemos una autopista que xune Avil\u00e9s, Uvi\u00e9u y Xix\u00f3n. Conozse como la i griega.<\/span><\/p>\n<p><span style=\"font-size: 14pt\">Fora amamos, dientro non siempres<\/span><\/p>\n<p><span style=\"font-size: 14pt\">Xix\u00f3n y Uvi\u00e9u \u00f3diense, nun ye neng\u00fan secretu. D&#8217;Avil\u00e9s nam\u00e1 creen que ye feu. Nun lo ye. <\/span><span style=\"font-size: 14pt\">Avil\u00e9s mola.<\/span><\/p>\n<p><span style=\"font-size: 14pt\">Sicas\u00ed, a les fiestes m\u00e1s populares como El Sella, el Carm\u00edn de Pola, el Xiring\u00fcelu, etc. vamos toos en masa y queremos.<\/span><\/p>\n<p><span style=\"font-size: 14pt\">La xente ye maya, igual ye pol alcohol. Si inda llega a Que\u00f1a, ent\u00f3s los binoculares de safari van ser \u00fatiles por que pueda ver meyor los hipop\u00f3tamos. Les meyores chancies telef\u00f3niques salieron d&#8217;equ\u00ed. \u00bfC\u00f3mo? \u00bfQu\u00e9 ent\u00e1 nun conoces a Diego gallu?<\/span><\/p>\n<p><span style=\"font-size: 14pt\">El nuesu rei ye Pelayo, m\u00e1s conoc\u00edu como&#8217;l qu&#8217;ech\u00f3 a los moros musulmanes a pedraes\u201d. Nun somos tan bastos como los vascos pero siguimos siendo del norte. Non nos subestimes.<\/span><\/p>\n<p><span style=\"font-size: 14pt\">La nuesa virxe ye la Santina (Cuadonga), quer\u00eda inclusive polos ateos.<\/span><\/p>\n<p><span style=\"font-size: 14pt\">El 99% de los coches lleven una pegatina de la Santina \u201cLa to conduces, ella emp\u00f3nte\u201d. <\/span><\/p>\n<p><span style=\"font-size: 14pt\">Somos bien patri\u00f3ticos<\/span><\/p>\n<p><span style=\"font-size: 14pt\">Eses cases de madera, cuadraes, con tey\u00e1u y un poco inestables nun son chabolos, son horros.<\/span><\/p>\n<p><span style=\"font-size: 14pt\">Casi nun queden nuevos, munchos tuvimos qu&#8217;emigrar. El famosu lema \u201cAsturies o trabayes\u201d dex\u00f3 de tener gracia.<\/span><\/p>\n<p><span style=\"font-size: 14pt\">Tou asturianu ensin importar en qu\u00e9 parte del mundu tea, tien una bandera na so casa.<\/span><\/p>\n<p><span style=\"font-size: 14pt\">Ello ye que en cualquier eventu o manifestaci\u00f3n hai una bandera asturiana. <\/span><span style=\"font-size: 14pt\">Reg\u00e1lenla col peri\u00f3dicu cada 8 de setiembre.<\/span><\/p>\n<p><span style=\"font-size: 14pt\">El 8 de setiembre ye&#8217;l D\u00eda d&#8217;Asturies.<\/span><\/p>\n<p><span style=\"font-size: 14pt\">L&#8217;himnu d&#8217;Asturies ye, posiblemente, el m\u00e1s famosu d&#8217;Espa\u00f1a.<\/span><\/p>\n<p><span style=\"font-size: 14pt\">A tou asturianu s\u00e1ltense-y les ll\u00e1rimes col cantar Asturies de Victor Manuel. Cantar presente en toles fiestes populares ya inclusive chigres (anque nestos postreros ye reemplazada pola de Melendi que, anque a munchos nun-yos cai bien, el cantar bien que la baillen).<\/span><\/p>\n<p><span style=\"font-size: 14pt\">Otru cantar pa llevantar el sentimientu m\u00e1s asturianu, inclusive ensin tener familiares nin amigos mineros y ensin venir de la Cuenca, ye \u201cSanta B\u00e1rbara Bendita\u201d, l&#8217;himnu de los mineros.<\/span><\/p>\n<p><span style=\"font-size: 14pt\">Tami\u00e9n tenemos una versi\u00f3n rapera: Un asturianu en Madrid, de Dark la Eme (ye abondo hortera pero, como se fala de n\u00f3s, g\u00fastanos).<\/span><\/p>\n<p><span style=\"font-size: 14pt\">Los asturianos somos xente maya, sociable y, polo xeneral, abondo abierta, polo que si sientes estimosu, en delda o a cencielles caite bien su\u00e9lta-y un Puxa Asturies. Nun va precisar m\u00e1s.<\/span><\/p>\n<p><span style=\"color: #008080\"><strong><span style=\"font-size: 14pt\">Tips pa integrase como un asturianu<\/span><\/strong><\/span><\/p>\n<p><span style=\"font-size: 14pt\">Bebe muncha sidra<br \/>\nBaxo&#8217;l <\/span><span style=\"font-size: 14pt\">Sella<br \/>\nM\u00e9rcate una bandera<br \/>\nB\u00e1\u00f1ate nel <\/span><span style=\"font-size: 14pt\">Cant\u00e1bricu y di que \u201cl&#8217;agua ta bien bona\u201d (anque s\u00eda mentira)<\/span><br \/>\n<span style=\"font-size: 14pt\">Incl\u00fai un ho dempu\u00e9s de cada frase Come como si nun <\/span><span style=\"font-size: 14pt\">hubiera una ma\u00f1ana<\/span><\/p>\n<p>&nbsp;<\/p>\n<p>&nbsp;<\/p>\n","protected":false},"excerpt":{"rendered":"<p>Asturies ta al norte, eso te suena. Llueve enforma y, polo xeneral, alimentar de fabada y sidra. Bien, nun vas tan perd\u00edu. Tou eso ye verd\u00e1, pero ent\u00e1 hai m\u00e1s. Y ye que, anque a desconoc\u00edos g\u00e1nennos los c\u00e1ntabros, dende Reconquistar paez que nun volvimos faer nada. Nam\u00e1 salimos nes noticies por asuntos aturbolinaos, cat\u00e1strofes [&hellip;]<\/p>\n","protected":false},"author":117,"featured_media":0,"parent":1026,"menu_order":0,"comment_status":"closed","ping_status":"closed","template":"","meta":{"footnotes":""},"class_list":["post-1540","page","type-page","status-publish","hentry","post-preview"],"_links":{"self":[{"href":"https:\/\/edublog.educastur.es\/ixuxullingua\/wp-json\/wp\/v2\/pages\/1540","targetHints":{"allow":["GET"]}}],"collection":[{"href":"https:\/\/edublog.educastur.es\/ixuxullingua\/wp-json\/wp\/v2\/pages"}],"about":[{"href":"https:\/\/edublog.educastur.es\/ixuxullingua\/wp-json\/wp\/v2\/types\/page"}],"author":[{"embeddable":true,"href":"https:\/\/edublog.educastur.es\/ixuxullingua\/wp-json\/wp\/v2\/users\/117"}],"replies":[{"embeddable":true,"href":"https:\/\/edublog.educastur.es\/ixuxullingua\/wp-json\/wp\/v2\/comments?post=1540"}],"version-history":[{"count":1,"href":"https:\/\/edublog.educastur.es\/ixuxullingua\/wp-json\/wp\/v2\/pages\/1540\/revisions"}],"predecessor-version":[{"id":1541,"href":"https:\/\/edublog.educastur.es\/ixuxullingua\/wp-json\/wp\/v2\/pages\/1540\/revisions\/1541"}],"up":[{"embeddable":true,"href":"https:\/\/edublog.educastur.es\/ixuxullingua\/wp-json\/wp\/v2\/pages\/1026"}],"wp:attachment":[{"href":"https:\/\/edublog.educastur.es\/ixuxullingua\/wp-json\/wp\/v2\/media?parent=1540"}],"curies":[{"name":"wp","href":"https:\/\/api.w.org\/{rel}","templated":true}]}}