{"id":1598,"date":"2020-12-28T13:03:04","date_gmt":"2020-12-28T11:03:04","guid":{"rendered":"https:\/\/edublog.educastur.es\/ixuxullingua\/?page_id=1598"},"modified":"2021-02-20T10:49:46","modified_gmt":"2021-02-20T08:49:46","slug":"sesion-02","status":"publish","type":"page","link":"https:\/\/edublog.educastur.es\/ixuxullingua\/3-terceru\/terceru-20-21\/03-segundu-trimestre\/sesion-02\/","title":{"rendered":"Sesi\u00f3n 02"},"content":{"rendered":"<p style=\"text-align: center\"><a href=\"https:\/\/www.terneraasturiana.org\/wp-content\/uploads\/2020\/11\/TERNERA.jpg\"><img loading=\"lazy\" decoding=\"async\" class=\"aligncenter\" src=\"https:\/\/www.terneraasturiana.org\/wp-content\/uploads\/2020\/11\/TERNERA.jpg\" alt=\"\" width=\"152\" height=\"114\" \/><\/a><span style=\"font-size: 18pt;color: #008080\"><strong><em>La vaca \/ ternera asturiana<\/em><\/strong><\/span><\/p>\n<p><a href=\"https:\/\/instagram.fmad7-1.fna.fbcdn.net\/v\/t51.2885-15\/e35\/143527257_181685483707542_6413439492080123709_n.jpg?_nc_ht=instagram.fmad7-1.fna.fbcdn.net&amp;_nc_cat=106&amp;_nc_ohc=Jl3Fy8BX88EAX8ux6Sw&amp;tp=1&amp;oh=20cc13b309cb56b83384d2696b21c396&amp;oe=603C3563\"><img loading=\"lazy\" decoding=\"async\" class=\"aligncenter\" src=\"https:\/\/instagram.fmad7-1.fna.fbcdn.net\/v\/t51.2885-15\/e35\/143527257_181685483707542_6413439492080123709_n.jpg?_nc_ht=instagram.fmad7-1.fna.fbcdn.net&amp;_nc_cat=106&amp;_nc_ohc=Jl3Fy8BX88EAX8ux6Sw&amp;tp=1&amp;oh=20cc13b309cb56b83384d2696b21c396&amp;oe=603C3563\" alt=\"\" width=\"538\" height=\"417\" \/><\/a><\/p>\n<ul>\n<li><a href=\"https:\/\/edublog.educastur.es\/ixuxullingua\/3-terceru\/03-ochobre\/ternera-asturiana\"><span style=\"color: #008080\"><strong><span style=\"font-size: 14pt\"><em>ANEXU: LA VACA, LA TERNERA ASTURIANA<\/em><\/span><\/strong><\/span><\/a><\/li>\n<li><a href=\"https:\/\/edublog.educastur.es\/ixuxullingua\/3-terceru\/03-ochobre\/vaqueirada\"><span style=\"font-size: 14pt\"><em>ANEXU: VAQUEIRADA<\/em><\/span><\/a><\/li>\n<\/ul>\n<hr \/>\n<p><img loading=\"lazy\" decoding=\"async\" class=\"size-full aligncenter\" src=\"https:\/\/upload.wikimedia.org\/wikipedia\/commons\/thumb\/f\/fb\/CH_cow_2.jpg\/800px-CH_cow_2.jpg\" width=\"800\" height=\"1200\" \/><\/p>\n<ul class=\"children\">\n<li class=\"page_item page-item-2598 page_item_has_children\"><span style=\"font-size: 14pt\"><strong><a href=\"https:\/\/edublog.educastur.es\/corredoria3\/3o-pri\/cultura-asturiana\/segundo-trimestre\/sesion-02\/\">Sesi\u00f3n 02<\/a><\/strong><\/span>\n<ul class=\"children\">\n<li class=\"page_item page-item-2640\"><span style=\"font-size: 14pt\"><strong><a href=\"https:\/\/edublog.educastur.es\/corredoria3\/3o-pri\/cultura-asturiana\/segundo-trimestre\/sesion-02\/la-ternera-asturiana\/\">La ternera asturiana<\/a><\/strong><\/span><\/li>\n<li class=\"page_item page-item-2644\"><span style=\"font-size: 14pt\"><a href=\"https:\/\/edublog.educastur.es\/corredoria3\/3o-pri\/cultura-asturiana\/segundo-trimestre\/sesion-02\/vaqueira_ada\/\"><strong>Vaqueira_ada<\/strong><\/a><\/span><\/li>\n<\/ul>\n<\/li>\n<\/ul>\n<ul>\n<li><span style=\"font-size: 14pt\"><a href=\"https:\/\/educastur-my.sharepoint.com\/:b:\/g\/personal\/isabellh_educastur_org\/EbxLY8Ydum5HhlsuMJMVnssBblKJiu1c53uwoFHg_9SP3w?e=4dzAuo\"><strong>Actividad en castellano<\/strong><\/a><\/span><\/li>\n<li><span style=\"font-size: 14pt\"><a href=\"https:\/\/educastur-my.sharepoint.com\/:b:\/g\/personal\/isabellh_educastur_org\/EZMW1UXjBI1AmXTtUfjUupEB4NQd_H3dQ3xMeb2AWHLwgw?e=x2p7sV\"><strong>Activid\u00e1 n\u00b4asturianu<\/strong><\/a><\/span><\/li>\n<\/ul>\n<ul>\n<li><span style=\"font-size: 14pt\"><em>PESO<strong> ALPINA<\/strong>: entre 650-850 Kg<\/em><\/span><\/li>\n<li><span style=\"font-size: 14pt\"><em>PESO <strong>ASTURIANA VALLES<\/strong>: entre 600 &#8211; 700 Kgs<\/em><\/span><\/li>\n<li><span style=\"font-size: 14pt\"><em>PESO <strong>FRISONA<\/strong>: entre 550 &#8211; 600 Kgs<\/em><\/span><\/li>\n<li><span style=\"font-size: 14pt\"><em>PESO <strong>CASINA:<\/strong> entre 450-500 Kgs<\/em><\/span><\/li>\n<\/ul>\n<hr \/>\n<p><img loading=\"lazy\" decoding=\"async\" class=\"alignnone \" src=\"https:\/\/zoovetesmipasion.com\/wp-content\/uploads\/2018\/04\/Como-saber-la-edad-de-la-vaca-por-los-dientes.jpg\" width=\"600\" height=\"301\" \/><\/p>\n<p>Existen varios m\u00e9todos para estimar la edad del <a href=\"https:\/\/zoovetesmipasion.com\/ganaderia-bovina\/\">ganado<\/a>. El m\u00e1s com\u00fan es a trav\u00e9s de su dentadura o el m\u00e9todo de los dientes. Esta metodolog\u00eda\u00a0 examinas la dentadura de las vacas observando el momento en el que aparecen y tambien el\u00a0 grado de desgaste los mismos<strong><em>. Los dientes de la vaca se desgastan a medida que el animal envejece y adquieren una forma m\u00e1s triangular, raz\u00f3n\u00a0por la cual se puede medir este grado de desgaste y estimar la edad.<\/em><\/strong><\/p>\n<ul>\n<li><a href=\"https:\/\/zoovetesmipasion.com\/ganaderia\/como-saber-la-edad-de-una-vaca\/\"><strong><em>C\u00f3mo saber edad de las vacas<\/em><\/strong><\/a><\/li>\n<\/ul>\n<p><a href=\"https:\/\/zoovetesmipasion.com\/wp-content\/uploads\/2018\/04\/dientes-de-la-vaca.gif\"><img loading=\"lazy\" decoding=\"async\" class=\"alignnone\" src=\"https:\/\/zoovetesmipasion.com\/wp-content\/uploads\/2018\/04\/dientes-de-la-vaca.gif\" alt=\"\" width=\"496\" height=\"272\" \/><\/a>\/<\/p>\n<p>\/ <a href=\"https:\/\/zoovetesmipasion.com\/wp-content\/uploads\/2018\/04\/de-uno-a-dos-a%C3%B1os-de-edad.gif\"><img loading=\"lazy\" decoding=\"async\" class=\"alignnone\" src=\"https:\/\/zoovetesmipasion.com\/wp-content\/uploads\/2018\/04\/de-uno-a-dos-a%C3%B1os-de-edad.gif\" alt=\"\" width=\"667\" height=\"312\" \/><\/a><\/p>\n<p>\/<\/p>\n<p><a href=\"https:\/\/zoovetesmipasion.com\/wp-content\/uploads\/2018\/04\/de-2-a-2.5-a%C3%B1os-de-edad.gif\"><img loading=\"lazy\" decoding=\"async\" class=\"alignnone\" src=\"https:\/\/zoovetesmipasion.com\/wp-content\/uploads\/2018\/04\/de-2-a-2.5-a%C3%B1os-de-edad.gif\" alt=\"\" width=\"483\" height=\"292\" \/><\/a> \/ <a href=\"https:\/\/zoovetesmipasion.com\/wp-content\/uploads\/2018\/04\/edad-de-4-a%C3%B1os-de-edad.gif\"><img loading=\"lazy\" decoding=\"async\" class=\"alignnone\" src=\"https:\/\/zoovetesmipasion.com\/wp-content\/uploads\/2018\/04\/edad-de-4-a%C3%B1os-de-edad.gif\" alt=\"\" width=\"539\" height=\"267\" \/><\/a><\/p>\n<p>\/\u00a0 <a href=\"https:\/\/zoovetesmipasion.com\/wp-content\/uploads\/2018\/04\/edad-de-la-vaca-de-6-a-7-a%C3%B1os-de-edad-1.gif\"><img loading=\"lazy\" decoding=\"async\" class=\"alignnone\" src=\"https:\/\/zoovetesmipasion.com\/wp-content\/uploads\/2018\/04\/edad-de-la-vaca-de-6-a-7-a%C3%B1os-de-edad-1.gif\" alt=\"\" width=\"628\" height=\"364\" \/><\/a> \u00a0 \/\u00a0 <a href=\"https:\/\/zoovetesmipasion.com\/wp-content\/uploads\/2018\/04\/vaca-de-15-a%C3%B1os-de-edad.gif\"><img loading=\"lazy\" decoding=\"async\" class=\"alignnone\" src=\"https:\/\/zoovetesmipasion.com\/wp-content\/uploads\/2018\/04\/vaca-de-15-a%C3%B1os-de-edad.gif\" alt=\"\" width=\"285\" height=\"293\" \/><\/a><\/p>\n<p>De acuerdo a los resultados presentados los vacunos cambian sus incisivos a las siguientes edades promedio: 24 meses (2 a\u00f1os), pinzas o centrales; 32 meses (2.6 a\u00f1os), los primeros medianos; 42 meses (3.5 a\u00f1os), los segundos medianos, y completan los ocho dientes a los 53 meses (4.4 a\u00f1os).<\/p>\n<ul>\n<li><a href=\"https:\/\/www.youtube.com\/watch?v=N8ur5WSI8DM&amp;feature=emb_logo\"><strong><em>Aprenda identificar edad vacas<\/em><\/strong><\/a><\/li>\n<\/ul>\n\n<!-- iframe plugin v.6.0 wordpress.org\/plugins\/iframe\/ -->\n<iframe loading=\"lazy\" width=\"647\" height=\"364\" src=\"https:\/\/www.youtube.com\/embed\/N8ur5WSI8DM\" scrolling=\"yes\" class=\"iframe-class\" frameborder=\"0\"><\/iframe>\n\n<hr \/>\n<p>&nbsp;<\/p>\n<p><a href=\"https:\/\/imgbox.es\/images\/2021\/01\/16\/vaca_tipos2f1d348d9c9f1137.jpg\"><img loading=\"lazy\" decoding=\"async\" class=\"alignnone\" src=\"https:\/\/imgbox.es\/images\/2021\/01\/16\/vaca_tipos2f1d348d9c9f1137.jpg\" alt=\"\" width=\"1118\" height=\"1164\" \/><\/a><\/p>\n<p><em>La <b>parda alpina<\/b> (o en <a class=\"mw-redirect\" title=\"Asturleon\u00e9s\" href=\"https:\/\/es.wikipedia.org\/wiki\/Asturleon%C3%A9s\">asturleon\u00e9s<\/a><sup id=\"cite_ref-1\" class=\"reference separada\"><a href=\"https:\/\/es.wikipedia.org\/wiki\/Parda_alpina#cite_note-1\">1<\/a><\/sup>\u200b <b>ratina<\/b> en Asturias, <a title=\"Provincia de Le\u00f3n\" href=\"https:\/\/es.wikipedia.org\/wiki\/Provincia_de_Le%C3%B3n\">Le\u00f3n<\/a>, <a title=\"Provincia de Zamora\" href=\"https:\/\/es.wikipedia.org\/wiki\/Provincia_de_Zamora\">Zamora<\/a> y Cantabria<\/em><\/p>\n<div id=\"dismissable\" class=\"style-scope ytd-video-renderer\">\n<p><a class=\"yt-simple-endpoint inline-block style-scope ytd-thumbnail\" href=\"https:\/\/www.youtube.com\/watch?v=UJEPsyqH-Hc\" rel=\"null\" aria-hidden=\"true\"><img decoding=\"async\" id=\"img\" class=\"style-scope yt-img-shadow aligncenter\" src=\"https:\/\/i.ytimg.com\/vi\/UJEPsyqH-Hc\/hqdefault.jpg?sqp=-oaymwEZCOADEI4CSFXyq4qpAwsIARUAAIhCGAFwAQ==&amp;rs=AOn4CLDNYMcyLHYyXSw1XUQtBMEiVAbyEQ\" alt=\"\" width=\"360\" \/><\/a><\/p>\n<div class=\"text-wrapper style-scope ytd-video-renderer\">\n<div id=\"meta\" class=\"style-scope ytd-video-renderer\">\n<div id=\"title-wrapper\" class=\"style-scope ytd-video-renderer\">\n<ul>\n<li class=\"title-and-badge style-scope ytd-video-renderer\"><a id=\"video-title\" class=\"yt-simple-endpoint style-scope ytd-video-renderer\" title=\"Raza Aubrac Asturias, la vaca ecol\u00f3gica\" href=\"https:\/\/www.youtube.com\/watch?v=UJEPsyqH-Hc\" aria-label=\"Raza Aubrac Asturias, la vaca ecol\u00f3gica de naturnatur.es hace 2 a\u00f1os 4 minutos y 1 segundo 12.417 visualizaciones\"> Raza Aubrac Asturias, la vaca ecol\u00f3gica <\/a><\/li>\n<\/ul>\n\n<!-- iframe plugin v.6.0 wordpress.org\/plugins\/iframe\/ -->\n<iframe loading=\"lazy\" width=\"647\" height=\"364\" src=\"https:\/\/www.youtube.com\/embed\/UJEPsyqH-Hc\" scrolling=\"yes\" class=\"iframe-class\" frameborder=\"0\"><\/iframe>\n\n<\/div>\n<\/div>\n<\/div>\n<\/div>\n<div id=\"dismissable\" class=\"style-scope ytd-video-renderer\">\n<div class=\"text-wrapper style-scope ytd-video-renderer\">\n<p><strong><em><span class=\"style-scope yt-formatted-string\" dir=\"auto\">La <\/span><span class=\"bold style-scope yt-formatted-string\" dir=\"auto\">raza<\/span><\/em><\/strong><span class=\"style-scope yt-formatted-string\" dir=\"auto\"><strong><em> Aubrac, proveniente de la meseta Francesa de Aubrac<\/em><\/strong>. En busca de una ganader\u00eda m\u00e1s ecol\u00f3gica y sostenible los ganaderos apuestan por razas de animales m\u00e1s fuertes y f\u00e1ciles de mantener. Excelente fecundidad, facilidad en el parto, longevidad, m\u00ednima incidencia de enfermedades, serian algunas de las muchas caracter\u00edsticas que presentan estos animales. De la mano de Rafael Fern\u00e1ndez, uno de los principales introductores de esta raza en Espa\u00f1a, os presentamos esta preciosa raza vacuna.<br \/>\n<\/span><\/p>\n<ul>\n<li><a href=\"https:\/\/www.youtube.com\/watch?v=edXGLoIONrQ\"><em>Modernas formas de orde\u00f1ar vacas<\/em><\/a><\/li>\n<\/ul>\n\n<!-- iframe plugin v.6.0 wordpress.org\/plugins\/iframe\/ -->\n<iframe loading=\"lazy\" width=\"647\" height=\"364\" src=\"https:\/\/www.youtube.com\/embed\/edXGLoIONrQ\" scrolling=\"yes\" class=\"iframe-class\" frameborder=\"0\"><\/iframe>\n\n<hr \/>\n<\/div>\n<\/div>\n<p><a href=\"https:\/\/imgbox.es\/images\/2021\/01\/16\/2_vaca-01acbc08cccc7fc10b.jpg\"><img loading=\"lazy\" decoding=\"async\" class=\"alignnone\" src=\"https:\/\/imgbox.es\/images\/2021\/01\/16\/2_vaca-01acbc08cccc7fc10b.jpg\" alt=\"\" width=\"1195\" height=\"1649\" \/><\/a><\/p>\n<p><a href=\"https:\/\/imgbox.es\/images\/2021\/01\/16\/cachopof1c156a7dd68e2ea.jpg\"><img loading=\"lazy\" decoding=\"async\" class=\"alignnone\" src=\"https:\/\/imgbox.es\/images\/2021\/01\/16\/cachopof1c156a7dd68e2ea.jpg\" alt=\"\" width=\"1172\" height=\"649\" \/><\/a><\/p>\n<hr \/>\n<p><a href=\"https:\/\/imgbox.es\/images\/2021\/01\/16\/vaca_estrella4bcb4d2f26fba65c.jpg\"><img loading=\"lazy\" decoding=\"async\" class=\"alignnone\" src=\"https:\/\/imgbox.es\/images\/2021\/01\/16\/vaca_estrella_dib724fb56015c72d2b.jpg\" alt=\"\" width=\"325\" height=\"185\" \/><\/a><\/p>\n<ul>\n<li><a href=\"https:\/\/imgbox.es\/images\/2021\/01\/16\/vaca_estrella4bcb4d2f26fba65c.jpg\"><strong><em>Lectura: La vaca Estrella<\/em><\/strong><\/a><\/li>\n<\/ul>\n<p><a href=\"https:\/\/imgbox.es\/images\/2021\/01\/16\/vaca_estrella4bcb4d2f26fba65c.jpg\"><img loading=\"lazy\" decoding=\"async\" class=\"alignnone\" src=\"https:\/\/imgbox.es\/images\/2021\/01\/16\/vaca_estrella4bcb4d2f26fba65c.jpg\" alt=\"\" width=\"1144\" height=\"1532\" \/><\/a><\/p>\n<ul>\n<li>Curiosidad: <a href=\"https:\/\/www.youtube.com\/watch?v=qHYrhmpTE_Y\"><strong><em>8 Razas de Vacas Que Son \u00danicas En El Mundo<\/em><\/strong><\/a><\/li>\n<\/ul>\n\n<!-- iframe plugin v.6.0 wordpress.org\/plugins\/iframe\/ -->\n<iframe loading=\"lazy\" width=\"647\" height=\"364\" src=\"https:\/\/www.youtube.com\/embed\/qHYrhmpTE_Y\" scrolling=\"yes\" class=\"iframe-class\" frameborder=\"0\"><\/iframe>\n\n<ul>\n<li><a href=\"https:\/\/www.youtube.com\/watch?v=OgH1b-p_BLI\"><strong><em>C\u00f3mo nace un ternero<\/em><\/strong><\/a><\/li>\n<\/ul>\n\n<!-- iframe plugin v.6.0 wordpress.org\/plugins\/iframe\/ -->\n<iframe loading=\"lazy\" width=\"647\" height=\"364\" src=\"https:\/\/www.youtube.com\/embed\/OgH1b-p_BLI\" scrolling=\"yes\" class=\"iframe-class\" frameborder=\"0\"><\/iframe>\n\n","protected":false},"excerpt":{"rendered":"<p>La vaca \/ ternera asturiana ANEXU: LA VACA, LA TERNERA ASTURIANA ANEXU: VAQUEIRADA Sesi\u00f3n 02 La ternera asturiana Vaqueira_ada Actividad en castellano Activid\u00e1 n\u00b4asturianu PESO ALPINA: entre 650-850 Kg PESO ASTURIANA VALLES: entre 600 &#8211; 700 Kgs PESO FRISONA: entre 550 &#8211; 600 Kgs PESO CASINA: entre 450-500 Kgs Existen varios m\u00e9todos para estimar la [&hellip;]<\/p>\n","protected":false},"author":117,"featured_media":0,"parent":229,"menu_order":0,"comment_status":"closed","ping_status":"closed","template":"","meta":{"footnotes":""},"class_list":["post-1598","page","type-page","status-publish","hentry","post-preview"],"_links":{"self":[{"href":"https:\/\/edublog.educastur.es\/ixuxullingua\/wp-json\/wp\/v2\/pages\/1598","targetHints":{"allow":["GET"]}}],"collection":[{"href":"https:\/\/edublog.educastur.es\/ixuxullingua\/wp-json\/wp\/v2\/pages"}],"about":[{"href":"https:\/\/edublog.educastur.es\/ixuxullingua\/wp-json\/wp\/v2\/types\/page"}],"author":[{"embeddable":true,"href":"https:\/\/edublog.educastur.es\/ixuxullingua\/wp-json\/wp\/v2\/users\/117"}],"replies":[{"embeddable":true,"href":"https:\/\/edublog.educastur.es\/ixuxullingua\/wp-json\/wp\/v2\/comments?post=1598"}],"version-history":[{"count":6,"href":"https:\/\/edublog.educastur.es\/ixuxullingua\/wp-json\/wp\/v2\/pages\/1598\/revisions"}],"predecessor-version":[{"id":2244,"href":"https:\/\/edublog.educastur.es\/ixuxullingua\/wp-json\/wp\/v2\/pages\/1598\/revisions\/2244"}],"up":[{"embeddable":true,"href":"https:\/\/edublog.educastur.es\/ixuxullingua\/wp-json\/wp\/v2\/pages\/229"}],"wp:attachment":[{"href":"https:\/\/edublog.educastur.es\/ixuxullingua\/wp-json\/wp\/v2\/media?parent=1598"}],"curies":[{"name":"wp","href":"https:\/\/api.w.org\/{rel}","templated":true}]}}