{"id":1646,"date":"2020-12-28T13:12:30","date_gmt":"2020-12-28T11:12:30","guid":{"rendered":"https:\/\/edublog.educastur.es\/ixuxullingua\/?page_id=1646"},"modified":"2021-02-21T14:02:53","modified_gmt":"2021-02-21T12:02:53","slug":"sesion-07","status":"publish","type":"page","link":"https:\/\/edublog.educastur.es\/ixuxullingua\/4-cuartu\/cuartu-20-21\/03-segundu-trimestre\/sesion-07\/","title":{"rendered":"Sesi\u00f3n 07"},"content":{"rendered":"<p style=\"text-align: center\"><strong><em><span style=\"color: #008080;font-size: 18pt\">La COSTA y las PLAYAS asturianas<\/span><br \/>\n<span style=\"color: #008080;font-size: 18pt\">La MARI\u00d1A y les SABLERES asturianes<\/span><br \/>\n<\/em><\/strong><\/p>\n<p><a href=\"https:\/\/imgs-akamai.mnstatic.com\/59\/b4\/59b4c0453761b150322d8f0b6184db8f.jpg\"><img loading=\"lazy\" decoding=\"async\" class=\"alignnone\" src=\"https:\/\/imgs-akamai.mnstatic.com\/59\/b4\/59b4c0453761b150322d8f0b6184db8f.jpg\" alt=\"\" width=\"1280\" height=\"854\" \/><\/a><\/p>\n<ul>\n<li><em><strong><a href=\"https:\/\/educastur-my.sharepoint.com\/:b:\/g\/personal\/isabellh_educastur_org\/EZv_uQ_EadxJiCmn6ydcq04BLpgf85vyx2XJc9RYV9yRYA?e=9KDWut\">Actividad en castellano<\/a><\/strong><\/em><\/li>\n<li><a href=\"https:\/\/educastur-my.sharepoint.com\/:b:\/g\/personal\/isabellh_educastur_org\/EaV1qARFbbtDupiMLa_DPL0B71RRt3DlsUduC45zt_iOxw?e=Ww70lO\"><em><strong>Activid\u00e1 n\u00b4asturianu<\/strong><\/em><\/a><\/li>\n<li><a href=\"https:\/\/www.turismoasturias.es\/costa\">https:\/\/www.turismoasturias.es\/costa <strong>COSTA ASTURIANA<\/strong><\/a><\/li>\n<li><a href=\"http:\/\/www.repositorio.ieo.es\/e-ieo\/bitstream\/handle\/10508\/9611\/Mapa%20topobatimetrico%20Asturias.jpg?sequence=1&amp;isAllowed=y\">MAPA MONTE Submarino asturiano<\/a><\/li>\n<li><a href=\"https:\/\/estaticos-cdn.prensaiberica.es\/clip\/61bc8ad9-da4f-4165-ac6c-a7dafe85c3ca_21-9-aspect-ratio_default_0.jpg\">Mapa puertos<\/a><\/li>\n<\/ul>\n<hr \/>\n<div>\n<div><em>El <strong>mar Cant\u00e1brico<\/strong> ba\u00f1a los cuatrocientos un kil\u00f3metros de la costa de Asturias&#8230;<\/em><\/div>\n<div><\/div>\n<div>\n<div><img loading=\"lazy\" decoding=\"async\" class=\"alignnone size-full\" src=\"https:\/\/www.turismoasturias.es\/documents\/11022\/4116866\/home-playas.jpg\" width=\"1920\" height=\"750\" \/><\/div>\n<\/div>\n<div><em>Las 14.042 hect\u00e1reas de costa asturiana entre Castropol y Bustio<br \/>\npueden presumir de ser las mejor conservadas del pa\u00eds, seg\u00fan un estudio de Greenpeace.<\/em><\/div>\n<div>\n<hr \/>\n<\/div>\n<div><img loading=\"lazy\" decoding=\"async\" class=\"alignnone size-full\" src=\"https:\/\/encrypted-tbn0.gstatic.com\/images?q=tbn:ANd9GcR4ivWLw080RaFhtmplyXzzI4eXEAilHdHvow&amp;usqp=CAU\" width=\"252\" height=\"181\" \/><\/div>\n<ul>\n<li><a href=\"http:\/\/www.banderaazul.org\/\">Banderas azules WEB<\/a> \/ <a href=\"http:\/\/www.banderaazul.org\/playas-2020\">Playas 2020<\/a> \/<\/li>\n<li><a href=\"http:\/\/www.banderaazul.org\/sites\/default\/files\/pictures\/leyenda4.png\"><img loading=\"lazy\" decoding=\"async\" class=\"alignnone\" src=\"http:\/\/www.banderaazul.org\/sites\/default\/files\/pictures\/leyenda4.png\" alt=\"\" width=\"178\" height=\"49\" \/><\/a><\/li>\n<li><a href=\"https:\/\/www.viajablog.com\/playas-asturias-bandera-azul\/\">Listado y enlace a Playa<\/a><\/li>\n<\/ul>\n<p><img loading=\"lazy\" decoding=\"async\" class=\"alignnone size-full\" src=\"https:\/\/imgbox.es\/images\/2021\/02\/20\/banderas_azulescbc19245ab48098a.jpg\" width=\"1553\" height=\"516\" \/><\/p>\n<p>La <strong>playa castrillonense de Arnao<\/strong> es la \u00fanica que se suma a la lista de arenales asturianos que este a\u00f1o lucir\u00e1n la <strong>bandera azul<\/strong>. Las 12 que ya la ten\u00edan renuevan dicha distinci\u00f3n, por lo que este verano ondear\u00e1 el trapo azul adem\u00e1s de en el citado en los arenales de P<strong>e\u00f1arronda (Tapia), Arnao (Castropol), Frejulfe (Navia), Otur y Cadavedo (Vald\u00e9s), San Pedro Bocamar y La Concha de Artedo (Cudillero), Aguilar (Muros de Nal\u00f3n), Santa Mar\u00eda del Mar y Salinas (Castrill\u00f3n) y La \u00d1ora y Rodiles (Villaviciosa)<\/strong>.<\/p>\n<p><a href=\"https:\/\/static.elcomercio.es\/www\/multimedia\/202006\/10\/media\/cortadas\/Banderas%20azules-U70822446869lrD-U110460957805axH-1244x385@El%20Comercio-ElComercio.jpg\"><img loading=\"lazy\" decoding=\"async\" class=\"alignnone\" src=\"https:\/\/static.elcomercio.es\/www\/multimedia\/202006\/10\/media\/cortadas\/Banderas%20azules-U70822446869lrD-U110460957805axH-1244x385@El%20Comercio-ElComercio.jpg\" alt=\"\" width=\"1244\" height=\"385\" \/><\/a><\/p>\n<div>\n<hr \/>\n<\/div>\n<\/div>\n<div>\n<ul>\n<li><em><a href=\"https:\/\/www.turismoasturias.es\/costa\/playas\">Las playas<\/a><\/em><\/li>\n<li><em><a href=\"https:\/\/www.turismoasturias.es\/costa\/playas#playas\">Todas las playas<\/a><\/em><\/li>\n<li><em><strong><a href=\"https:\/\/www.turismoasturias.es\/descubre\/costa\/playas\/playa-de-gulpiyuri\">Playa de Gulpiyuri<\/a><\/strong><\/em><\/li>\n<li><em><a href=\"http:\/\/www.ehib.es\/nixportal\/asturias\/alcosta\/Principado%20de%20Asturias.htm\">La costa asturiana (de occidente a oriente)<\/a><\/em><\/li>\n<li><a href=\"https:\/\/1.bp.blogspot.com\/-_nAdwV3qkj0\/Xu8_h_WVkXI\/AAAAAAAA5aw\/ij_eS1vfDFsnav6TRzEwu0MfPkdXWqXFgCLcBGAsYHQ\/s1600\/Top-15-Asturias.jpg\"><em>15 pueblos m\u00e1s bonitos de Asturias (mayor\u00eda costa)<\/em><\/a><\/li>\n<\/ul>\n<p><a href=\"https:\/\/1.bp.blogspot.com\/-_nAdwV3qkj0\/Xu8_h_WVkXI\/AAAAAAAA5aw\/ij_eS1vfDFsnav6TRzEwu0MfPkdXWqXFgCLcBGAsYHQ\/s1600\/Top-15-Asturias.jpg\"><img loading=\"lazy\" decoding=\"async\" class=\"alignnone\" src=\"https:\/\/1.bp.blogspot.com\/-_nAdwV3qkj0\/Xu8_h_WVkXI\/AAAAAAAA5aw\/ij_eS1vfDFsnav6TRzEwu0MfPkdXWqXFgCLcBGAsYHQ\/s1600\/Top-15-Asturias.jpg\" alt=\"\" width=\"1024\" height=\"560\" \/><\/a><\/p>\n<ul>\n<li>\n<h5 class=\"entry-title\"><a href=\"https:\/\/viajeros30.com\/2017\/03\/20\/ruta-las-mejores-playas-y-pueblos-de-asturias\/\">Ruta por los mejores pueblos y playas de Asturias (costa oriental)<\/a><\/h5>\n<\/li>\n<\/ul>\n<p><a href=\"https:\/\/scontent.fmad7-1.fna.fbcdn.net\/v\/t1.0-9\/144581055_3719465014765880_4536146803193323907_o.jpg?_nc_cat=111&amp;ccb=3&amp;_nc_sid=730e14&amp;_nc_ohc=9DkKWN5gkZQAX9f4Bnv&amp;_nc_ht=scontent.fmad7-1.fna&amp;oh=f6ba7268a2cc2840cc84ff6f2c939778&amp;oe=605729B4\"><img loading=\"lazy\" decoding=\"async\" class=\"alignnone\" src=\"https:\/\/scontent.fmad7-1.fna.fbcdn.net\/v\/t1.0-9\/144581055_3719465014765880_4536146803193323907_o.jpg?_nc_cat=111&amp;ccb=3&amp;_nc_sid=730e14&amp;_nc_ohc=9DkKWN5gkZQAX9f4Bnv&amp;_nc_ht=scontent.fmad7-1.fna&amp;oh=f6ba7268a2cc2840cc84ff6f2c939778&amp;oe=605729B4\" alt=\"\" width=\"1200\" height=\"800\" \/><\/a><\/p>\n<hr \/>\n<p><img loading=\"lazy\" decoding=\"async\" class=\"alignnone size-full\" src=\"https:\/\/www.turismoasturias.es\/documents\/11022\/4116866\/occidente.png\" width=\"1140\" height=\"400\" \/><\/p>\n<p><a href=\"https:\/\/www.turismoasturias.es\/documents\/11022\/4116866\/centro.png\"><strong><em>Centro<\/em><\/strong><\/a><\/p>\n<p><a href=\"https:\/\/www.turismoasturias.es\/documents\/11022\/4116866\/centro.png\"><img loading=\"lazy\" decoding=\"async\" class=\"alignnone\" src=\"https:\/\/www.turismoasturias.es\/documents\/11022\/4116866\/centro.png\" alt=\"\" width=\"1140\" height=\"400\" \/><\/a><\/p>\n<p><a href=\"https:\/\/www.turismoasturias.es\/documents\/11022\/4116866\/oriente.png\"><strong><em>Oriente<\/em><\/strong><\/a><\/p>\n<p><a href=\"https:\/\/www.turismoasturias.es\/documents\/11022\/4116866\/oriente.png\"><img loading=\"lazy\" decoding=\"async\" class=\"alignnone\" src=\"https:\/\/www.turismoasturias.es\/documents\/11022\/4116866\/oriente.png\" alt=\"\" width=\"1140\" height=\"400\" \/><\/a><\/p>\n<hr \/>\n<ul>\n<li><strong><em>Buf\u00f3n: <\/em><\/strong><strong><em>Un <\/em><\/strong><strong><em><b>bufadero<\/b> o <b>buf\u00f3n<\/b> es una <a title=\"Formaci\u00f3n geol\u00f3gica\" href=\"https:\/\/es.wikipedia.org\/wiki\/Formaci%C3%B3n_geol%C3%B3gica\">formaci\u00f3n geol\u00f3gica<\/a> de morfolog\u00eda litoral en acantilados de origen c\u00e1rstico o volc\u00e1nico. Se trata, b\u00e1sicamente, de una <a title=\"Chimenea\" href=\"https:\/\/es.wikipedia.org\/wiki\/Chimenea\">chimenea<\/a> natural abierta normalmente en un <a title=\"Acantilado\" href=\"https:\/\/es.wikipedia.org\/wiki\/Acantilado\">acantilado<\/a>, que est\u00e1 comunicado con <a title=\"Sima\" href=\"https:\/\/es.wikipedia.org\/wiki\/Sima\">simas<\/a> marinas. Cuando la mar est\u00e1 en <a class=\"mw-redirect\" title=\"Pleamar\" href=\"https:\/\/es.wikipedia.org\/wiki\/Pleamar\">pleamar<\/a>, el agua choca con fuerza contra los acantilados y sube a trav\u00e9s de estas chimeneas, saliendo despedida hacia arriba por el hueco a modo de <a title=\"G\u00e9iser\" href=\"https:\/\/es.wikipedia.org\/wiki\/G%C3%A9iser\">g\u00e9iser<\/a><\/em><\/strong><strong><em> y produciendo un sonido caracter\u00edstico. Cuando la marea sube y las olas baten con fuerza, expulsa hacia arriba un chorro de agua de mar pulverizada, lo que provoca un sonido caracter\u00edstico que es lo que le da el nombre de buf\u00f3n. La columna de agua pulverizada puede alcanzar m\u00e1s de 10 metros de altura y el bufido o\u00edrse a varios kil\u00f3metros. <a href=\"https:\/\/es.wikipedia.org\/wiki\/Bufones_de_Pr%C3%ADa\">Ver Bufones de Pr\u00eda<\/a><\/em><\/strong><strong><em><br \/>\n<\/em><\/strong><\/li>\n<li><a href=\"https:\/\/www.youtube.com\/watch?v=kVeLq_aotbw\">Ver video<\/a><\/li>\n<\/ul>\n\n<!-- iframe plugin v.6.0 wordpress.org\/plugins\/iframe\/ -->\n<iframe loading=\"lazy\" width=\"100%\" height=\"331\" src=\"https:\/\/www.youtube.com\/embed\/kVeLq_aotbw\" scrolling=\"yes\" class=\"iframe-class\" frameborder=\"0\"><\/iframe>\n\n<p><a href=\"https:\/\/cflvdg.avoz.es\/default\/2019\/03\/22\/00121553271166510169851\/Foto\/m.JPG\"><img loading=\"lazy\" decoding=\"async\" class=\"alignnone \" src=\"https:\/\/cflvdg.avoz.es\/default\/2019\/03\/22\/00121553271166510169851\/Foto\/m.JPG\" width=\"319\" height=\"180\" \/><\/a>\u00a0\/<a href=\"https:\/\/www.canonistas.com\/galerias\/data\/500\/MG_7861.jpg\"><img loading=\"lazy\" decoding=\"async\" class=\"alignnone \" src=\"https:\/\/www.canonistas.com\/galerias\/data\/500\/MG_7861.jpg\" width=\"253\" height=\"178\" \/><\/a><br \/>\n\/ <a href=\"https:\/\/porsolea.com\/wp-content\/uploads\/2015\/02\/bufones-pria-3.jpg\"><img loading=\"lazy\" decoding=\"async\" class=\"alignnone \" src=\"https:\/\/porsolea.com\/wp-content\/uploads\/2015\/02\/bufones-pria-3.jpg\" width=\"288\" height=\"203\" \/><\/a>\/ <a href=\"https:\/\/upload.wikimedia.org\/wikipedia\/commons\/thumb\/9\/95\/Blowhole1.svg\/1280px-Blowhole1.svg.png\"><img loading=\"lazy\" decoding=\"async\" class=\"alignnone \" src=\"https:\/\/upload.wikimedia.org\/wikipedia\/commons\/thumb\/9\/95\/Blowhole1.svg\/1280px-Blowhole1.svg.png\" width=\"277\" height=\"207\" \/><\/a><\/p>\n\n<!-- iframe plugin v.6.0 wordpress.org\/plugins\/iframe\/ -->\n<iframe loading=\"lazy\" width=\"100%\" height=\"331\" src=\"https:\/\/www.youtube.com\/embed\/Y3zpmNcu39g\" scrolling=\"yes\" class=\"iframe-class\" frameborder=\"0\"><\/iframe>\n\n<p><a href=\"https:\/\/www.youtube.com\/watch?v=Y3zpmNcu39g&amp;feature=emb_logo\">Ver Bufones Playa Guadam\u00eda<\/a>\/\u00a0<a href=\"https:\/\/queverenasturias.es\/visitar\/los-bufones-llames-de-pria\/\"><em><strong> Ver<\/strong><\/em><\/a><\/p>\n<hr \/>\n<ul>\n<li><a href=\"https:\/\/edublog.educastur.es\/asturies\/costa\/faros-y-cabos\">ISA: ver FAROS<\/a><\/li>\n<\/ul>\n<hr \/>\n<div class=\"titulo-listas\"><em>No te pierdas&#8230;<\/em><\/div>\n<\/div>\n<p><a href=\"https:\/\/cdn.businessinsider.es\/sites\/navi.axelspringer.es\/public\/media\/image\/2020\/06\/cudillero-asturias-1969319.jpg\"><img loading=\"lazy\" decoding=\"async\" class=\"alignnone\" src=\"https:\/\/cdn.businessinsider.es\/sites\/navi.axelspringer.es\/public\/media\/image\/2020\/06\/cudillero-asturias-1969319.jpg\" alt=\"\" width=\"2121\" height=\"1414\" \/><\/a><\/p>\n<ul class=\"listas\">\n<li><a href=\"https:\/\/www.google.com\/search?q=cudillero&amp;client=firefox-b-d&amp;source=lnms&amp;tbm=isch&amp;sa=X&amp;ved=2ahUKEwi3kc6mwPnuAhUp8uAKHYy7B_4Q_AUoAnoECBMQBA&amp;biw=1536&amp;bih=694\">Cudillero, un anfiteatro sobre el mar.<\/a><\/li>\n<\/ul>\n<p><a href=\"https:\/\/www.apartamentosentrecalles.com\/wp-content\/uploads\/2019\/07\/Cudillero-noche.jpg\"><img loading=\"lazy\" decoding=\"async\" class=\"alignnone\" src=\"https:\/\/www.apartamentosentrecalles.com\/wp-content\/uploads\/2019\/07\/Cudillero-noche.jpg\" alt=\"\" width=\"1920\" height=\"750\" \/><\/a><\/p>\n<ul class=\"listas\">\n<li><a href=\"https:\/\/www.turismoasturias.es\/descubre\/costa\/playas\/playa-de-gulpiyuri\">Playa de Gulpiyuri, playa de interior.<\/a><\/li>\n<li><a href=\"https:\/\/www.youtube.com\/watch?v=2PoHSOJtzhU\">VIDEO Playa Gulpiyuri<\/a><\/li>\n<\/ul>\n\n<!-- iframe plugin v.6.0 wordpress.org\/plugins\/iframe\/ -->\n<iframe loading=\"lazy\" width=\"100%\" height=\"364\" src=\"https:\/\/www.youtube.com\/embed\/2PoHSOJtzhU\" scrolling=\"yes\" class=\"iframe-class\" frameborder=\"0\"><\/iframe>\n\n<p><img loading=\"lazy\" decoding=\"async\" class=\"alignnone size-full\" src=\"https:\/\/hotellatrapa.com\/wp-content\/uploads\/2018\/09\/playa-de-gulpiyuri-hotel-la-trapa.jpg\" width=\"1200\" height=\"675\" \/><\/p>\n<ul class=\"listas\">\n<li><a href=\"https:\/\/www.google.com\/search?q=cabo+pe%C3%B1as&amp;client=firefox-b-d&amp;source=lnms&amp;tbm=isch&amp;sa=X&amp;ved=2ahUKEwje9vOywPnuAhUtBGMBHddFAyIQ_AUoAnoECBMQBA&amp;biw=1536&amp;bih=694\">Cabo Pe\u00f1as, el punto m\u00e1s al norte.<\/a><\/li>\n<\/ul>\n<p><a href=\"https:\/\/i.pinimg.com\/originals\/f7\/99\/e2\/f799e24ce2e4533e9f4d8d236c1663de.jpg\"><img loading=\"lazy\" decoding=\"async\" class=\"aligncenter\" src=\"https:\/\/i.pinimg.com\/originals\/f7\/99\/e2\/f799e24ce2e4533e9f4d8d236c1663de.jpg\" alt=\"\" width=\"537\" height=\"720\" \/><\/a><\/p>\n<ul class=\"listas\">\n<li><strong>La Costa de los Dinosaurios y el Museo Jur\u00e1sico de Asturias.<\/strong><\/li>\n<li><a href=\"http:\/\/www.museojurasicoasturias.com\/\"><strong>Web MUJA<\/strong><\/a> \/<a href=\"http:\/\/www.museojurasicoasturias.com\/es\/9\/la-costa-de-los-dinosaurios\/12\/la-costa-de-los-dinosaurios.html\"> Costa de los dinosaurios<\/a><\/li>\n<\/ul>\n<p><a href=\"http:\/\/www.museojurasicoasturias.com\/uploads\/fotos\/mapa-costa-dinosaurios-ok.jpg\"><img loading=\"lazy\" decoding=\"async\" class=\"alignnone\" src=\"http:\/\/www.museojurasicoasturias.com\/uploads\/fotos\/mapa-costa-dinosaurios-ok.jpg\" alt=\"\" width=\"650\" height=\"234\" \/><\/a><\/p>\n<p>&nbsp;<\/p>\n<ul class=\"listas\">\n<li>La senda costera.<\/li>\n<li><a href=\"https:\/\/kata4.com\/en-acueo-seleccion-de-ostras-del-eo-para-kata4\/\">Las ostras del Eo.<\/a> \/ <a href=\"http:\/\/www.acueo.es\/\">web<\/a> \/ <a href=\"https:\/\/kata4.com\/en-acueo-seleccion-de-ostras-del-eo-para-kata4\/\">folleto<\/a> \/<\/li>\n<\/ul>\n<p><img loading=\"lazy\" decoding=\"async\" class=\"alignnone size-full\" src=\"http:\/\/www.acueo.es\/upload\/menu\/tratadas\/seccioncomprar1.jpg\" width=\"1001\" height=\"202\" \/><\/p>\n<ul class=\"listas\">\n<li><strong>Llastres y Llanes, escenarios de cine.<\/strong><\/li>\n<li>LLANES \/ <a href=\"https:\/\/es.wikipedia.org\/wiki\/Llanes\">Wiki<\/a> \/ <a href=\"https:\/\/www.ayuntamientodellanes.com\/\">Ayuntamiento<\/a> \/ <a href=\"https:\/\/viajeros30.com\/2018\/10\/07\/que-ver-en-llanes-y-cerca-de-llanes\/\">Qu\u00e9 ver&#8230;<\/a><\/li>\n<\/ul>\n<p><a href=\"https:\/\/www.escapadarural.com\/blog\/wp-content\/uploads\/2020\/10\/aerial-view-of-llanes-fishing-town-in-asturias-spain-stockpack-adobe-stock-scaled.jpg\"><img loading=\"lazy\" decoding=\"async\" class=\"alignnone\" src=\"https:\/\/www.escapadarural.com\/blog\/wp-content\/uploads\/2020\/10\/aerial-view-of-llanes-fishing-town-in-asturias-spain-stockpack-adobe-stock-scaled.jpg\" alt=\"\" width=\"2560\" height=\"1438\" \/><\/a><\/p>\n<ul class=\"listas\">\n<li><em><strong>LASTRES<\/strong><\/em> \/\u00a0 \/ <a href=\"https:\/\/es.wikipedia.org\/wiki\/Lastres\">Wiki<\/a> \/ <a href=\"https:\/\/viajeros30.com\/2020\/03\/04\/que-ver-en-lastres-y-cerca-de-lastres\/\">Qu\u00e9 ver&#8230;<\/a><\/li>\n<\/ul>\n<p><a href=\"https:\/\/upload.wikimedia.org\/wikipedia\/commons\/thumb\/5\/5b\/Lastres%2C_Asturias.jpg\/1920px-Lastres%2C_Asturias.jpg\"><img loading=\"lazy\" decoding=\"async\" class=\"alignnone\" src=\"https:\/\/upload.wikimedia.org\/wikipedia\/commons\/thumb\/5\/5b\/Lastres%2C_Asturias.jpg\/1920px-Lastres%2C_Asturias.jpg\" alt=\"\" width=\"1920\" height=\"960\" \/><\/a><\/p>\n<ul class=\"listas\">\n<li><a href=\"http:\/\/www.travelnsurf.com\/archivos\/destinacions_arxius\/080914100754_asturias.png\">Playas para la pr\u00e1ctica del surf.<\/a> \/ <a href=\"https:\/\/asturias.com\/surf-en-asturias\/\">Lista PLAYAS<\/a> \/<\/li>\n<\/ul>\n<p><a href=\"http:\/\/www.travelnsurf.com\/archivos\/destinacions_arxius\/080914100754_asturias.png\"><img loading=\"lazy\" decoding=\"async\" class=\"alignnone\" src=\"http:\/\/www.travelnsurf.com\/archivos\/destinacions_arxius\/080914100754_asturias.png\" alt=\"\" width=\"975\" height=\"488\" \/><\/a><\/p>\n<p><img loading=\"lazy\" decoding=\"async\" class=\"alignnone size-full\" src=\"https:\/\/i.pinimg.com\/originals\/c9\/d0\/38\/c9d0386b7ac6632b394678ee1576d1ca.gif\" width=\"535\" height=\"264\" \/><\/p>\n<ul class=\"listas\">\n<li><strong>Camposantos con vistas \u00fanicas: L.luarca y Niembru.<\/strong><\/li>\n<li>L.luarca<\/li>\n<\/ul>\n<p><a href=\"https:\/\/porsolea.com\/wp-content\/uploads\/2015\/06\/cementerio-de-luarca.jpg\"><img loading=\"lazy\" decoding=\"async\" class=\"alignnone\" src=\"https:\/\/porsolea.com\/wp-content\/uploads\/2015\/06\/cementerio-de-luarca.jpg\" alt=\"\" width=\"1024\" height=\"477\" \/><\/a><\/p>\n<ul class=\"listas\">\n<li>Niembru (Llanes)<\/li>\n<\/ul>\n<p><a href=\"https:\/\/espanafascinante.com\/wp-content\/uploads\/imagen_Panor%C3%A1mica-de-la-Iglesia-de-Nuestra-Se%C3%B1ora-de-los-Dolores-y-el-Cementerio-de-Niembro.jpg\"><img loading=\"lazy\" decoding=\"async\" class=\"aligncenter\" src=\"https:\/\/espanafascinante.com\/wp-content\/uploads\/imagen_Panor%C3%A1mica-de-la-Iglesia-de-Nuestra-Se%C3%B1ora-de-los-Dolores-y-el-Cementerio-de-Niembro.jpg\" alt=\"\" width=\"800\" height=\"500\" \/><\/a><\/p>\n<hr \/>\n<h2><em>ZONAS\u00a0 DE\u00a0 ASTURIAS<\/em><\/h2>\n<p><img loading=\"lazy\" decoding=\"async\" src=\"http:\/\/www.ehib.es\/nixportal\/asturias\/alcosta\/azul22.gif\" width=\"20\" height=\"20\" \/> <a href=\"http:\/\/www.ehib.es\/nixportal\/asturias\/alcosta\/costa.html\">ASTURIAS COSTERA<\/a><\/p>\n<h2><a name=\"rutas\"><\/a>RUTAS TUR\u00cdSTICAS POR LA COSTA<\/h2>\n<p><img loading=\"lazy\" decoding=\"async\" src=\"http:\/\/www.ehib.es\/nixportal\/asturias\/alcosta\/azul22.gif\" width=\"20\" height=\"20\" \/> <a href=\"http:\/\/www.ehib.es\/nixportal\/asturias\/alcosta\/ruta1.html\">RUTA 1. VILLAVICIOSA- COLUNGA- EL FITO<\/a> <em><b>EL ROMANICO Y EL MITICO SUEVE<\/b><\/em><\/p>\n<p><img loading=\"lazy\" decoding=\"async\" src=\"http:\/\/www.ehib.es\/nixportal\/asturias\/alcosta\/azul22.gif\" width=\"20\" height=\"20\" \/> <a href=\"http:\/\/www.ehib.es\/nixportal\/asturias\/alcosta\/ruta2.html\">RUTA 2. RIBADESELLA- LLANES- RIVADEDEVA<\/a><\/p>\n<dl>\n<dd><em><b>PREHISTORIA Y PLAYAS<\/b><\/em><img loading=\"lazy\" decoding=\"async\" src=\"http:\/\/www.ehib.es\/nixportal\/asturias\/alcosta\/azul22.gif\" width=\"20\" height=\"20\" \/> <a href=\"http:\/\/www.ehib.es\/nixportal\/asturias\/alcosta\/ruta3.html\">RUTA 3. GIJ\u00d3N- CAND\u00c1S- LUANCO- CABO- DE PE\u00d1AS- AVIL\u00c9S<\/a><\/dd>\n<dd><em><b>POR LOS PUERTOS ASTURIANOS<\/b> <\/em><img loading=\"lazy\" decoding=\"async\" src=\"http:\/\/www.ehib.es\/nixportal\/asturias\/alcosta\/azul22.gif\" width=\"20\" height=\"20\" \/> <a href=\"http:\/\/www.ehib.es\/nixportal\/asturias\/alcosta\/ruta4.html\">RUTA 4. PRAVIA- MUROS DEL NAL\u00d3N- CUDILLERO- LUARCA<\/a><\/dd>\n<dd><em><b>LOS PAISAJES<\/b><\/em><img loading=\"lazy\" decoding=\"async\" src=\"http:\/\/www.ehib.es\/nixportal\/asturias\/alcosta\/azul22.gif\" width=\"20\" height=\"20\" \/> <a href=\"http:\/\/www.ehib.es\/nixportal\/asturias\/alcosta\/ruta5.html\">RUTA 5. LUARCA- VEGADEO<\/a><\/dd>\n<dd><em><b>LA COSTA OCCIDENTAL<\/b><\/em><\/dd>\n<\/dl>\n","protected":false},"excerpt":{"rendered":"<p>La COSTA y las PLAYAS asturianas La MARI\u00d1A y les SABLERES asturianes Actividad en castellano Activid\u00e1 n\u00b4asturianu https:\/\/www.turismoasturias.es\/costa COSTA ASTURIANA MAPA MONTE Submarino asturiano Mapa puertos El mar Cant\u00e1brico ba\u00f1a los cuatrocientos un kil\u00f3metros de la costa de Asturias&#8230; Las 14.042 hect\u00e1reas de costa asturiana entre Castropol y Bustio pueden presumir de ser las mejor [&hellip;]<\/p>\n","protected":false},"author":117,"featured_media":0,"parent":231,"menu_order":0,"comment_status":"closed","ping_status":"closed","template":"","meta":{"footnotes":""},"class_list":["post-1646","page","type-page","status-publish","hentry","post-preview"],"_links":{"self":[{"href":"https:\/\/edublog.educastur.es\/ixuxullingua\/wp-json\/wp\/v2\/pages\/1646","targetHints":{"allow":["GET"]}}],"collection":[{"href":"https:\/\/edublog.educastur.es\/ixuxullingua\/wp-json\/wp\/v2\/pages"}],"about":[{"href":"https:\/\/edublog.educastur.es\/ixuxullingua\/wp-json\/wp\/v2\/types\/page"}],"author":[{"embeddable":true,"href":"https:\/\/edublog.educastur.es\/ixuxullingua\/wp-json\/wp\/v2\/users\/117"}],"replies":[{"embeddable":true,"href":"https:\/\/edublog.educastur.es\/ixuxullingua\/wp-json\/wp\/v2\/comments?post=1646"}],"version-history":[{"count":3,"href":"https:\/\/edublog.educastur.es\/ixuxullingua\/wp-json\/wp\/v2\/pages\/1646\/revisions"}],"predecessor-version":[{"id":2280,"href":"https:\/\/edublog.educastur.es\/ixuxullingua\/wp-json\/wp\/v2\/pages\/1646\/revisions\/2280"}],"up":[{"embeddable":true,"href":"https:\/\/edublog.educastur.es\/ixuxullingua\/wp-json\/wp\/v2\/pages\/231"}],"wp:attachment":[{"href":"https:\/\/edublog.educastur.es\/ixuxullingua\/wp-json\/wp\/v2\/media?parent=1646"}],"curies":[{"name":"wp","href":"https:\/\/api.w.org\/{rel}","templated":true}]}}