{"id":17,"date":"2020-07-16T10:07:55","date_gmt":"2020-07-16T10:07:55","guid":{"rendered":"https:\/\/edublog.educastur.es\/ixuxullingua\/?page_id=17"},"modified":"2022-10-04T12:11:55","modified_gmt":"2022-10-04T10:11:55","slug":"primeru","status":"publish","type":"page","link":"https:\/\/edublog.educastur.es\/ixuxullingua\/primeru\/","title":{"rendered":"1. PRIMERU"},"content":{"rendered":"<p style=\"text-align: center\"><img loading=\"lazy\" decoding=\"async\" class=\"alignnone size-full\" src=\"http:\/\/edublog.educastur.es\/ixuxullingua\/files\/2020\/08\/00_primeru-150x150.png\" width=\"150\" height=\"150\" \/><\/p>\n<ul class=\"children\">\n<li class=\"page_item page-item-2758 page_item_has_children\"><a href=\"https:\/\/edublog.educastur.es\/ixuxullingua\/primeru\/primeru-20-21\/\">Primeru 20-21<\/a>\n<ul class=\"children\">\n<li class=\"page_item page-item-210 page_item_has_children\"><a href=\"https:\/\/edublog.educastur.es\/ixuxullingua\/primeru\/primeru-20-21\/02-primer-trimestre\/\">02) Primer trimestre<\/a>\n<ul class=\"children\">\n<li class=\"page_item page-item-1148\"><a href=\"https:\/\/edublog.educastur.es\/ixuxullingua\/primeru\/primeru-20-21\/02-primer-trimestre\/sesion-01\/\">Sesi\u00f3n 01<\/a><\/li>\n<li class=\"page_item page-item-1150\"><a href=\"https:\/\/edublog.educastur.es\/ixuxullingua\/primeru\/primeru-20-21\/02-primer-trimestre\/sesion-02\/\">Sesi\u00f3n 02<\/a><\/li>\n<li class=\"page_item page-item-1193\"><a href=\"https:\/\/edublog.educastur.es\/ixuxullingua\/primeru\/primeru-20-21\/02-primer-trimestre\/sesion-03\/\">Sesi\u00f3n 03<\/a><\/li>\n<li class=\"page_item page-item-1195\"><a href=\"https:\/\/edublog.educastur.es\/ixuxullingua\/primeru\/primeru-20-21\/02-primer-trimestre\/sesion-04\/\">Sesi\u00f3n 04<\/a><\/li>\n<li class=\"page_item page-item-1197\"><a href=\"https:\/\/edublog.educastur.es\/ixuxullingua\/primeru\/primeru-20-21\/02-primer-trimestre\/sesion-05\/\">Sesi\u00f3n 05<\/a><\/li>\n<\/ul>\n<\/li>\n<li class=\"page_item page-item-225\"><a href=\"https:\/\/edublog.educastur.es\/ixuxullingua\/primeru\/primeru-20-21\/03-segundu-trimestre\/\">03) Segundu trimestre<\/a><\/li>\n<li class=\"page_item page-item-261\"><a href=\"https:\/\/edublog.educastur.es\/ixuxullingua\/primeru\/primeru-20-21\/04-tercer-trimestre\/\">04) Tercer trimestre<\/a><\/li>\n<\/ul>\n<\/li>\n<li class=\"page_item page-item-2742 page_item_has_children\"><a href=\"https:\/\/edublog.educastur.es\/ixuxullingua\/primeru\/primeru-21-22\/\">Primeru 21-22<\/a>\n<ul class=\"children\">\n<li class=\"page_item page-item-269\"><a href=\"https:\/\/edublog.educastur.es\/ixuxullingua\/primeru\/primeru-21-22\/05-primer-trimestre\/\">05) Primer trimestre<\/a><\/li>\n<li class=\"page_item page-item-836\"><a href=\"https:\/\/edublog.educastur.es\/ixuxullingua\/primeru\/primeru-21-22\/06-segundu-trimestre\/\">06) Segundu trimestre<\/a><\/li>\n<li class=\"page_item page-item-848\"><a href=\"https:\/\/edublog.educastur.es\/ixuxullingua\/primeru\/primeru-21-22\/07-tercer-trimestre\/\">07) Tercer trimestre<\/a><\/li>\n<\/ul>\n<\/li>\n<\/ul>\n<hr \/>\n<p><a href=\"https:\/\/educastur-my.sharepoint.com\/:b:\/g\/personal\/isabellh_educastur_org\/ESIMgKorHjFNjORTsnS6zxIB1GrYJr0Z-XLHo4eD7KEmwA?e=V78WKh\"><em><strong>Primeru<\/strong><\/em><\/a><\/p>\n<hr \/>\n<p>&nbsp;<\/p>\n<p>&nbsp;<\/p>\n<p>&nbsp;<\/p>\n<p>&nbsp;<\/p>\n<p>&nbsp;<\/p>\n<p>&nbsp;<\/p>\n<p>&nbsp;<\/p>\n<p>&nbsp;<\/p>\n","protected":false},"excerpt":{"rendered":"<p>Primeru 20-21 02) Primer trimestre Sesi\u00f3n 01 Sesi\u00f3n 02 Sesi\u00f3n 03 Sesi\u00f3n 04 Sesi\u00f3n 05 03) Segundu trimestre 04) Tercer trimestre Primeru 21-22 05) Primer trimestre 06) Segundu trimestre 07) Tercer trimestre Primeru &nbsp; &nbsp; &nbsp; &nbsp; &nbsp; &nbsp; &nbsp; &nbsp;<\/p>\n","protected":false},"author":117,"featured_media":0,"parent":0,"menu_order":0,"comment_status":"closed","ping_status":"closed","template":"","meta":{"footnotes":""},"class_list":["post-17","page","type-page","status-publish","hentry","post-preview"],"_links":{"self":[{"href":"https:\/\/edublog.educastur.es\/ixuxullingua\/wp-json\/wp\/v2\/pages\/17","targetHints":{"allow":["GET"]}}],"collection":[{"href":"https:\/\/edublog.educastur.es\/ixuxullingua\/wp-json\/wp\/v2\/pages"}],"about":[{"href":"https:\/\/edublog.educastur.es\/ixuxullingua\/wp-json\/wp\/v2\/types\/page"}],"author":[{"embeddable":true,"href":"https:\/\/edublog.educastur.es\/ixuxullingua\/wp-json\/wp\/v2\/users\/117"}],"replies":[{"embeddable":true,"href":"https:\/\/edublog.educastur.es\/ixuxullingua\/wp-json\/wp\/v2\/comments?post=17"}],"version-history":[{"count":16,"href":"https:\/\/edublog.educastur.es\/ixuxullingua\/wp-json\/wp\/v2\/pages\/17\/revisions"}],"predecessor-version":[{"id":3312,"href":"https:\/\/edublog.educastur.es\/ixuxullingua\/wp-json\/wp\/v2\/pages\/17\/revisions\/3312"}],"wp:attachment":[{"href":"https:\/\/edublog.educastur.es\/ixuxullingua\/wp-json\/wp\/v2\/media?parent=17"}],"curies":[{"name":"wp","href":"https:\/\/api.w.org\/{rel}","templated":true}]}}