{"id":1713,"date":"2020-12-28T14:19:32","date_gmt":"2020-12-28T12:19:32","guid":{"rendered":"https:\/\/edublog.educastur.es\/ixuxullingua\/?page_id=1713"},"modified":"2022-12-11T14:07:36","modified_gmt":"2022-12-11T12:07:36","slug":"los-sidros","status":"publish","type":"page","link":"https:\/\/edublog.educastur.es\/ixuxullingua\/asturies\/aguilandeiros\/los-sidros\/","title":{"rendered":"Los Sidros"},"content":{"rendered":"<p><img loading=\"lazy\" decoding=\"async\" class=\"alignnone size-full\" src=\"http:\/\/sidroscomedies.es\/wp-content\/uploads\/2017\/12\/cuno.png\" width=\"160\" height=\"158\" \/>\u00a0 <a href=\"http:\/\/sidroscomedies.es\/wp-content\/uploads\/2017\/12\/buena-720x500.jpg\"><img loading=\"lazy\" decoding=\"async\" class=\"alignnone\" src=\"http:\/\/sidroscomedies.es\/wp-content\/uploads\/2017\/12\/buena-720x500.jpg\" alt=\"\" width=\"234\" height=\"162\" \/><\/a><\/p>\n<ul>\n<li><a href=\"https:\/\/educastur-my.sharepoint.com\/:b:\/g\/personal\/isabellh_educastur_org\/EWSaz02U8bdLujxItzrrolcBhJ9Lhuu2HMwAQdACZkVn2g?e=rUYEC6\"><strong><em>Lectura n\u00b4asturianu<\/em><\/strong><\/a><\/li>\n<li><a href=\"https:\/\/educastur-my.sharepoint.com\/:w:\/g\/personal\/isabellh_educastur_org\/EbGtoX55QMNNvBWt7tMIalABjvGeWyNkcBbEe6ziOHiZ7Q?e=OPR4sH\"><strong><em>Lectura en castell\u00e1n<\/em><\/strong><\/a><\/li>\n<\/ul>\n<p>Los <strong>sidros y comedies<\/strong> son una amuesa del llargu ciclu del antroxu, <strong>una mazcarada d&#8217;iviernu<\/strong> que consiste na marcha de los sidros poles cais de la parroquia, vist\u00edos con pantalones y camisa blancos, con una faxa colorada de la que cuelguen cuatro llueques\/cencerros y con melenes na cabeza \u2013un cucuruchu de piel d&#8217;oveya remat\u00e1u por un rabu de fo\u00edn\/raposu-.<\/p>\n<p>Asina vist\u00edos, estos personaxes <strong>piden l&#8217;aguilandu a la cabeza d&#8217;un cortexu que representa les comedies, escenes costumbristas con referencies a l&#8217;actualid\u00e1<\/strong>, nes que participen, am\u00e1s de los sidros, representaciones del vieyu y la vieya, les dames, los comerciantes, polic\u00edas y un ciegu o un dia\u00f1u.<\/p>\n<p style=\"text-align: center\"><a href=\"https:\/\/scontent.fmad7-1.fna.fbcdn.net\/v\/t1.0-9\/139725648_10215195402237830_1506531780517152861_o.jpg?_nc_cat=104&amp;ccb=2&amp;_nc_sid=b9115d&amp;_nc_ohc=Gy0u49MyLJoAX_3eu4E&amp;_nc_ht=scontent.fmad7-1.fna&amp;oh=14c1c39711ad07185964528a6c122b70&amp;oe=60274A56\"><img loading=\"lazy\" decoding=\"async\" class=\"alignnone\" src=\"https:\/\/scontent.fmad7-1.fna.fbcdn.net\/v\/t1.0-9\/139725648_10215195402237830_1506531780517152861_o.jpg?_nc_cat=104&amp;ccb=2&amp;_nc_sid=b9115d&amp;_nc_ohc=Gy0u49MyLJoAX_3eu4E&amp;_nc_ht=scontent.fmad7-1.fna&amp;oh=14c1c39711ad07185964528a6c122b70&amp;oe=60274A56\" alt=\"\" width=\"2000\" height=\"1500\" \/><\/a><\/p>\n<p><strong>Sidros y Comedies<\/strong> ye una mazcarada recuperada en 2004 gracies a l&#8217;<strong>asociaci\u00f3n \u00abEl Cencerru<\/strong>\u00ab. Los sidros faen un percorr\u00edu pol pueblu de Valdesoto (Siero) dando saltos y faciendo sonar les campanes, anunciando la llegada de la comedia.<\/p>\n<ul>\n<li><a href=\"http:\/\/sidroscomedies.es\/\"><em>Web oficial<\/em><\/a><\/li>\n<li><a href=\"https:\/\/es-es.facebook.com\/SidrosyComedies\">P\u00e1xina facebook<\/a>.<\/li>\n<li><a href=\"http:\/\/sidroscomedies.es\/fotos-buenas\">Fotos buenas<\/a><\/li>\n<li><a href=\"http:\/\/sidroscomedies.es\/archivo-2\">Archivu semeyes<\/a><\/li>\n<\/ul>\n<p><em>Los Sidros\u00bb son los tradicionales \u00abGuirrios\u00bb que recuperen l&#8217;esp\u00edritu del \u00abAntroxu Asturianu\u00bb y de les populares manifestaciones anta\u00f1o denominaes \u00ab<strong>Mazcaraes d\u00b4iviernu\u00bb.<\/strong><\/em><\/p>\n<p>Los Homes oveya\u00bb con m\u00e1zcares coloraes saltando pola caleya faen sonar les llueques\/cencerros, mientres acompa\u00f1en a \u00abLa Comedia\u00bb, que consiste n&#8217;una sarc\u00e1stica representaci\u00f3n de teatru popular de calter davezu cr\u00edticu y burll\u00f3n colos aconteceres del llugar.<\/p>\n<p>Los Sidros y Comedies que se representen caltienen los personaxes y l&#8217;estructura de les Comedies antig\u00fces. <strong>Repres\u00e9ntase nel Campu de la Ilesia de Valdesoto, el domingu siguiente a Reyes.<\/strong><\/p>\n<p><a href=\"https:\/\/imgbox.es\/images\/2021\/01\/11\/sidros20213dc81673cf3f996c.jpg\"><img loading=\"lazy\" decoding=\"async\" class=\"aligncenter\" src=\"https:\/\/imgbox.es\/images\/2021\/01\/11\/sidros20213dc81673cf3f996c.jpg\" alt=\"\" width=\"1000\" height=\"360\" \/><\/a><\/p>\n\n<!-- iframe plugin v.6.0 wordpress.org\/plugins\/iframe\/ -->\n<iframe loading=\"lazy\" src=\"https:\/\/www.facebook.com\/plugins\/video.php?height=314&#038;href=https%3A%2F%2Fwww.facebook.com%2FSidrosyComedies%2Fvideos%2F228253208860173%2F&#038;show_text=false&#038;width=560\" width=\"560\" height=\"314\" style=\"border:none;overflow:hidden\" scrolling=\"no\" frameborder=\"0\" allowfullscreen=\"true\" allow=\"autoplay; clipboard-write; encrypted-media; picture-in-picture; web-share\" 0=\"\/iframe\" class=\"iframe-class\"><\/iframe>\n\n<ul>\n<li><a href=\"https:\/\/www.elfielato.es\/album\/el-nora\/domingo-sidros-comedies-valdesoto\/20210110190236032466.html#image-6\">El Fielato: <strong>GALER\u00cdA<\/strong> Domingo de Sidros y Comedies en Valdesoto 2021<\/a><\/li>\n<li><a href=\"https:\/\/www.rtpa.es\/video:Domingo%20de%20Sidros%20y%20comedies_551610364324.html\">2021_TPA: Especial SIDROS Y COMEDIES<\/a><\/li>\n<li><a href=\"https:\/\/www.nortes.me\/2021\/01\/10\/los-sidros-asaltan-valdesoto\/?fbclid=IwAR0PrfgQgTD6i2wmZ5ORbTzLwkDQxj0dLHnhc3_sCtF0Df2EqaLGd7tFfls\">Galer\u00eda El Comercio: <strong>Los sidros asalten Valdesoto<\/strong><\/a><\/li>\n<li><a href=\"https:\/\/www.lne.es\/asturias\/2020\/05\/24\/sidros-comedies-asturianos-mes-promocion-14564360.html\">LNE: Asturianos del mes: mayu 2020, pola so promoci\u00f3n de la cultura rexonal<br \/>\n<\/a><\/li>\n<\/ul>\n<p><a href=\"https:\/\/www.elfielato.es\/asset\/thumbnail,1160,740,center,center\/\/media\/elfielato\/images\/2021\/01\/10\/2021011018491835712.jpg\"><img loading=\"lazy\" decoding=\"async\" class=\"alignnone\" src=\"https:\/\/www.elfielato.es\/asset\/thumbnail,1160,740,center,center\/\/media\/elfielato\/images\/2021\/01\/10\/2021011018491835712.jpg\" alt=\"\" width=\"1000\" height=\"668\" \/><\/a><\/p>\n<ul>\n<li style=\"text-align: center\"><a href=\"https:\/\/www.youtube.com\/watch?v=bVDKEe2L60U\"><strong>2017 Video Youtube<\/strong><\/a><\/li>\n<\/ul>\n<p style=\"text-align: center\">\n<!-- iframe plugin v.6.0 wordpress.org\/plugins\/iframe\/ -->\n<iframe loading=\"lazy\" width=\"647\" height=\"364\" src=\"https:\/\/www.youtube.com\/embed\/bVDKEe2L60U\" scrolling=\"yes\" class=\"iframe-class\" frameborder=\"0\"><\/iframe>\n<\/p>\n<ul style=\"text-align: center\">\n<li><a href=\"https:\/\/www.youtube.com\/watch?v=4t4TSndwIYg\">2019 Sidros y Comedies<\/a><\/li>\n<\/ul>\n<p style=\"text-align: center\">\n<!-- iframe plugin v.6.0 wordpress.org\/plugins\/iframe\/ -->\n<iframe loading=\"lazy\" width=\"647\" height=\"364\" src=\"https:\/\/www.youtube.com\/embed\/4t4TSndwIYg\" scrolling=\"yes\" class=\"iframe-class\" frameborder=\"0\"><\/iframe>\n<\/p>\n<hr \/>\n<ul>\n<li><a href=\"https:\/\/www.lavozdeasturias.es\/noticia\/agora\/2021\/01\/08\/sidros-2021-comedia-distancia\/00031610101575252167977.htm\">Noticia La Voz d\u00b4Asturies 2021<\/a><\/li>\n<\/ul>\n<div class=\"intro\" data-id=\"intro\">\n<h2>La mazcarada, bien d&#8217;inter\u00e9s cultural,\u00a0pa cumplir coles mid\u00edes sanitaries va facese ensin p\u00fablicu asistente, anque se va emitir al travi\u00e9s de TPA<\/h2>\n<figure class=\" media hor hor \"><a href=\"https:\/\/www.lavozdeasturias.es\/noticia\/agora\/2021\/01\/08\/sidros-2021-comedia-distancia\/00031610101575252167977.htm#\"> <span class=\"embed-responsive embed-responsive-16by9\"> <img decoding=\"async\" class=\" embed-responsive-item\" src=\"https:\/\/cflvdg.avoz.es\/sc\/CxRoY6bLQHlFqcQVoPQ9ySb27wY=\/x\/2019\/01\/14\/00121547469962534183163\/Foto\/efe_20190113_181531025.jpg\" alt=\"Varias personas vestidos de sidros durante la tradicional fiesta de Sidros y comedies, que ha recuperado la localidad asturiana de Valdesoto.\" width=\"990px\" height=\"556px\" data-sizes=\"auto\" data-srcset=\"https:\/\/cflvdg.avoz.es\/sc\/NDgRs-Fu_FRVFpjnbTpdB_vQ4WE=\/450x\/2019\/01\/14\/00121547469962534183163\/Foto\/efe_20190113_181531025.jpg 480w, https:\/\/cflvdg.avoz.es\/sc\/yzCTev4a5cL4rzEGgqWGO8KJUwI=\/600x\/2019\/01\/14\/00121547469962534183163\/Foto\/efe_20190113_181531025.jpg 600w, https:\/\/cflvdg.avoz.es\/sc\/ZDojlHAI5rrn_JvGKWL-3ciWU4M=\/900x\/2019\/01\/14\/00121547469962534183163\/Foto\/efe_20190113_181531025.jpg 900w\" \/> <\/span><\/a><figcaption>Semeya: <span data-deleg=\"\" data-name=\"\">Alberto Morante<\/span><\/figcaption><\/figure>\n<\/div>\n<p>Los<strong> Sidros y Comedies de Valdesoto<\/strong> (Siero) nun van faltar esti domingu 10 de xineru a la so cita anual, anque <strong>pa cumplir coles mid\u00edes sanitaries va facese ensin p\u00fablicu asistente, anque se va emitir al travi\u00e9s de TPA.<\/strong><\/p>\n<p>Esta tradici\u00f3n, enmarcada dientro de les <strong>mazcaraes d&#8217;iviernu<\/strong> que se recuperaron depu\u00e9s de d\u00e9cades en delles zones d&#8217;Asturies, va incluir la representaci\u00f3n d&#8217;una obra de teatru infantil y d&#8217;otra representada por adultos.<\/p>\n<p>Va ser a partir de les 12.15 hores, dientro d&#8217;un especial de<em> Conexi\u00f3n Asturias<\/em> de TPA nel que se van emitir en directo les comedies <em>Comedia pa un a\u00f1u dif\u00edcil<\/em>, de Manuel Pergentino Mart\u00ednez, y <em>Tamos de COVIDmedia<\/em>, de Jos\u00e9 Ram\u00f3n Oliva.<\/p>\n<p>Esta tradici\u00f3n recuper\u00f3se nel a\u00f1u 2004, gracies al enfotu d&#8217;un grupu de mozos de la parroquia de Valdesoto, qu&#8217;axuntaron alredor de<strong> l&#8217;Asociaci\u00f3n pola recuperaci\u00f3n de los Sidros y les Comedies El Cencerru<\/strong>. Dende esi momentu, el so prop\u00f3situ foi caltener esti vezu, una de les tradiciones m\u00e1s vistoses d&#8217;Asturies. <strong>Nel 2019, el Princip\u00e1u declar\u00f3 a esta mazcarada como bien d&#8217;inter\u00e9s cultural.<\/strong><\/p>\n<p><img loading=\"lazy\" decoding=\"async\" class=\"alignnone size-full\" src=\"http:\/\/sidroscomedies.es\/wp-content\/uploads\/2019\/04\/Tira-de-Neto.jpg\" width=\"960\" height=\"303\" \/><\/p>\n<ul>\n<li><a href=\"https:\/\/www.lne.es\/centro\/2021\/01\/10\/tiempo-sidros-comedies-27243953.html?fbclid=IwAR0wZRSptq8xezj7LDspLDTFsrpsPXP0l4Oz3amM9J89g7TBobXxghwmx6s\"><strong><em>LNE: Tiempo de Sidros y Comedies<\/em><\/strong><\/a><\/li>\n<\/ul>\n<p><a href=\"https:\/\/estaticos-cdn.prensaiberica.es\/clip\/3b36abba-6a95-43c7-966a-b1e216aabcf2_16-9-aspect-ratio_default_1015277.jpg\"><img loading=\"lazy\" decoding=\"async\" class=\"aligncenter\" src=\"https:\/\/estaticos-cdn.prensaiberica.es\/clip\/3b36abba-6a95-43c7-966a-b1e216aabcf2_16-9-aspect-ratio_default_1015277.jpg\" alt=\"\" width=\"702\" height=\"395\" \/><\/a><\/p>\n<hr \/>\n<p><a href=\"https:\/\/asturies.com\/sites\/default\/files\/Sidros.jpg\">https:\/\/asturies.com\/sites\/default\/files\/Sidros.jpg<\/a><a href=\"https:\/\/asturies.com\/sites\/default\/files\/Sidros.jpg\"><img loading=\"lazy\" decoding=\"async\" class=\"alignnone\" src=\"https:\/\/asturies.com\/sites\/default\/files\/Sidros.jpg\" alt=\"\" width=\"2048\" height=\"1536\" \/><\/a><\/p>\n<p><a href=\"https:\/\/www.sidrosycomedies.es\/wp-content\/uploads\/2020\/09\/IMG_5787-nueva-1024x682.jpg\"><img loading=\"lazy\" decoding=\"async\" class=\"alignnone\" src=\"https:\/\/www.sidrosycomedies.es\/wp-content\/uploads\/2020\/09\/IMG_5787-nueva-1024x682.jpg\" alt=\"\" width=\"1024\" height=\"682\" \/><\/a><\/p>\n<p>&nbsp;<\/p>\n<hr \/>\n<p><img loading=\"lazy\" decoding=\"async\" class=\"alignnone \" src=\"https:\/\/image.isu.pub\/180328224759-e98d163623b47960d46b5ca90d4a5d91\/jpg\/page_1.jpg\" width=\"436\" height=\"618\" \/><\/p>\n<p><strong><a href=\"https:\/\/issuu.com\/conocerasturias\"><em>Revista Conocer Asturies-Viaxast. <\/em><\/a><\/strong><em>N\u00ba2 (<\/em><em>payares 2019)<\/em><\/p>\n<ul>\n<li><a href=\"https:\/\/issuu.com\/conocerasturias\/docs\/viaxast_issuu\"><strong>Revista n\u00ba 2 (marzu 2018)<\/strong><\/a><\/li>\n<li><a href=\"https:\/\/issuu.com\/conocerasturias\/docs\/viaxast_issuu\/22\"><span style=\"color: #008080;font-size: 18pt\"><strong>P\u00e1xina 22-23 Los sidros<\/strong><\/span><\/a><\/li>\n<\/ul>\n<p><strong><em>N\u00ba 2\u00a0\u00a0\u00a0 Marzu &#8211; xunu 2018<\/em><br \/>\n<\/strong><\/p>\n\n<!-- iframe plugin v.6.0 wordpress.org\/plugins\/iframe\/ -->\n<iframe loading=\"lazy\" src=\"https:\/\/drive.google.com\/file\/d\/1Z4ON6ckbt0sm17ejeWnUDCaZFaJesVjp\/preview\" width=\"704\" height=\"900\" scrolling=\"yes\" class=\"iframe-class\" frameborder=\"0\"><\/iframe>\n\n<p><img loading=\"lazy\" decoding=\"async\" class=\"alignnone size-full\" src=\"http:\/\/sidroscomedies.es\/wp-content\/uploads\/2017\/12\/cuno.png\" width=\"160\" height=\"158\" \/><a href=\"http:\/\/sidroscomedies.es\/\"><strong><em>Web: LOS SIDROS<\/em><\/strong><\/a><\/p>\n<p><span style=\"font-size: 14pt\"><em>El nombre de \u201cguirrio\u201d es m\u00e1s gen\u00e9rico, pero en Siero y Bimenes se nos conoce por \u201csidros\u201d. Seg\u00fan Constantino Cabal, la palabra \u201cguirrio\u201d procede del lat\u00edn guerrire (saltar de gozo, retozar), en clara referencia a una de sus funciones. Para Fausto Vigil, procede del euskera oguerria, que significa Navidad. Para la palabra \u201csidro\u201d se busca una salida f\u00e1cil, y lo llama as\u00ed por su relaci\u00f3n con la sidra. Nada m\u00e1s lejos de la realidad. Hay a\u00fan otra opini\u00f3n que indica que \u201cguirrio\u201d procede de \u00abguirriar\u00bb (re\u00edr). Sobre su origen, Fausto Vigil considera que los \u201csidros\u201d (entendiendo por tal el conjunto formado por los \u201csidros y la comedia\u201d) son el \u00faltimo eslab\u00f3n de Los autos sacramentales que se representaban en las iglesias, y despu\u00e9s fuera de ellas. Para Juan Ur\u00eda, considera que su origen est\u00e1 en las celebraciones de los pueblos primitivos. Seg\u00fan otra opini\u00f3n, y mitol\u00f3gicamente hablando, el \u201cguirrio\u201d ser\u00eda la reencarnaci\u00f3n de los viejos mitos griegos y romanos del \u201cSilvano\u201d, del \u201cfauno\u201d y del \u201cbusgosu\u201d, persiguiendo a las mujeres para volverlas fecundas.<\/em><\/span><\/p>\n<ul>\n<li><a href=\"https:\/\/www.rtve.es\/alacarta\/videos\/aqui-la-tierra\/aqui-tierra-sidros-guirrios\/4485778\/\">V\u00eddeu TVE<\/a><\/li>\n<\/ul>\n<p style=\"text-align: center\">\n<!-- iframe plugin v.6.0 wordpress.org\/plugins\/iframe\/ -->\n<iframe loading=\"lazy\" width=\"647\" height=\"364\" src=\"https:\/\/www.youtube.com\/embed\/4t4TSndwIYg\" scrolling=\"yes\" class=\"iframe-class\" frameborder=\"0\"><\/iframe>\n<\/p>\n<p style=\"text-align: center\">\n<!-- iframe plugin v.6.0 wordpress.org\/plugins\/iframe\/ -->\n<iframe loading=\"lazy\" width=\"647\" height=\"364\" src=\"https:\/\/www.youtube.com\/embed\/Jnzn9AH3HGk\" scrolling=\"yes\" class=\"iframe-class\" frameborder=\"0\"><\/iframe>\n<\/p>\n<p style=\"text-align: center\">\n<!-- iframe plugin v.6.0 wordpress.org\/plugins\/iframe\/ -->\n<iframe loading=\"lazy\" width=\"647\" height=\"364\" src=\"https:\/\/www.youtube.com\/embed\/8dCGA3SjWeo\" scrolling=\"yes\" class=\"iframe-class\" frameborder=\"0\"><\/iframe>\n<\/p>\n<p>&nbsp;<\/p>\n<hr \/>\n<p style=\"text-align: center\">\n<!-- iframe plugin v.6.0 wordpress.org\/plugins\/iframe\/ -->\n<iframe loading=\"lazy\" src=\"https:\/\/drive.google.com\/file\/d\/1HtgggZHNW8BDw0yNG9YkQMplg1NyS7nQ\/preview\" width=\"640\" 0=\"height=&quot;900&quot;\/iframe\" height=\"500\" scrolling=\"yes\" class=\"iframe-class\" frameborder=\"0\"><\/iframe>\n<\/p>\n<p>&nbsp;<\/p>\n<p style=\"text-align: center\">\n<!-- iframe plugin v.6.0 wordpress.org\/plugins\/iframe\/ -->\n<iframe loading=\"lazy\" src=\"https:\/\/drive.google.com\/file\/d\/1KP5aEqHN_yA0U8-QQH3-UTIsIFyKzTZm\/preview\" width=\"640\" 0=\"height=&quot;900&quot;\/iframe\" height=\"500\" scrolling=\"yes\" class=\"iframe-class\" frameborder=\"0\"><\/iframe>\n<\/p>\n<p style=\"text-align: center\"><a href=\"https:\/\/es.scribd.com\/document\/458446532\/Comedies-de-Sidros-1876-1932-Vicente-R-Hevia-pdf\"><img loading=\"lazy\" decoding=\"async\" class=\"alignnone \" src=\"https:\/\/imgv2-2-f.scribdassets.com\/img\/document\/458446532\/original\/41b3e31394\/1606771917?v=1\" width=\"331\" height=\"441\" \/><\/a><\/p>\n<p style=\"text-align: center\">\n<!-- iframe plugin v.6.0 wordpress.org\/plugins\/iframe\/ -->\n<iframe loading=\"lazy\" src=\"https:\/\/drive.google.com\/file\/d\/1aR3CQRkKY2JINnO6VDLXCDDlpZjOy5e7\/preview\" width=\"640\" 0=\"height=&quot;900&quot;\/iframe\" height=\"500\" scrolling=\"yes\" class=\"iframe-class\" frameborder=\"0\"><\/iframe>\n<\/p>\n<hr \/>\n<div class=\"field field-name-field-semeya3 field-type-image field-label-hidden\">\n<div class=\"field-items\">\n<div class=\"field-item even\"><img loading=\"lazy\" decoding=\"async\" src=\"https:\/\/asturies.com\/sites\/default\/files\/Cubierta%20%27Isidru%27.jpg\" alt=\"\" width=\"900\" height=\"435\" \/><\/div>\n<\/div>\n<\/div>\n<div class=\"field field-name-body field-type-text-with-summary field-label-hidden\">\n<div class=\"field-items\">\n<div class=\"field-item even\">\n<p style=\"text-align: center\"><span style=\"color: #008080;font-size: 14pt\"><strong>Cuentu: <\/strong>\u2018Isidru\u2019.\u00a0 <strong>Autora: <\/strong>Carla Men\u00e9ndez Fern\u00e1ndez.\u00a0 <a href=\"https:\/\/tienda.trabe.org\/as\/infantil-y-xuvenil\/2216-isidru.html\"><strong>Editorial:<\/strong> Ediciones Trabe<\/a>, 2015<a href=\"https:\/\/edublog.educastur.es\/ixuxullingua\/asturies\/aguilandeiros\/privao\/\"><span style=\"color: #800080\"><strong> VER!!<\/strong><\/span><\/a><\/span><\/p>\n<p style=\"text-align: center\"><span style=\"color: #008080;font-size: 14pt\">Isidru ye un sidru de Valdesoto que ta atristay\u00e1u a pocos d\u00edes pa celebrar Les Comedies. \u00bfQu\u00e9 sedr\u00e1 lo que-y pasa a Isidru?<\/span><\/p>\n<p>Educar la cultura asturiana mediante la diversi\u00f3n es uno de los objetivos que persigue Carla Men\u00e9ndez, profesora y autora de la colecci\u00f3n &#8216;Vivir del cuentu&#8217; cuyo \u00faltimo t\u00edtulo es &#8216;Isidru&#8217;, un Sidro de Valdesoto. A trav\u00e9s del alb\u00fam ilustrado realizado \u00edntegramente por la autora \u00abtiene materiales reciclados, telas, recortes o burbujas que a los cr\u00edos les presta mucho\u00bb, comenta Carla.<\/p>\n<p>El libro cuenta la historia de este Sidro que antes de la llegada de &#8216;Les mazcaraes d&#8217;inviernu&#8217; se encuentra triste. Su amigo el rait\u00e1n, Xuan, les pide a los ni\u00f1os de Valdesoto que manden mensajes positivos a trav\u00e9s del diente de le\u00f3n y los soplen para que le lleguen a Isidru y recupere la alegr\u00eda.<\/p>\n<\/div>\n<\/div>\n<\/div>\n","protected":false},"excerpt":{"rendered":"<p>\u00a0 Lectura n\u00b4asturianu Lectura en castell\u00e1n Los sidros y comedies son una amuesa del llargu ciclu del antroxu, una mazcarada d&#8217;iviernu que consiste na marcha de los sidros poles cais de la parroquia, vist\u00edos con pantalones y camisa blancos, con una faxa colorada de la que cuelguen cuatro llueques\/cencerros y con melenes na cabeza \u2013un [&hellip;]<\/p>\n","protected":false},"author":117,"featured_media":0,"parent":1718,"menu_order":0,"comment_status":"closed","ping_status":"closed","template":"","meta":{"footnotes":""},"class_list":["post-1713","page","type-page","status-publish","hentry","post-preview"],"_links":{"self":[{"href":"https:\/\/edublog.educastur.es\/ixuxullingua\/wp-json\/wp\/v2\/pages\/1713","targetHints":{"allow":["GET"]}}],"collection":[{"href":"https:\/\/edublog.educastur.es\/ixuxullingua\/wp-json\/wp\/v2\/pages"}],"about":[{"href":"https:\/\/edublog.educastur.es\/ixuxullingua\/wp-json\/wp\/v2\/types\/page"}],"author":[{"embeddable":true,"href":"https:\/\/edublog.educastur.es\/ixuxullingua\/wp-json\/wp\/v2\/users\/117"}],"replies":[{"embeddable":true,"href":"https:\/\/edublog.educastur.es\/ixuxullingua\/wp-json\/wp\/v2\/comments?post=1713"}],"version-history":[{"count":13,"href":"https:\/\/edublog.educastur.es\/ixuxullingua\/wp-json\/wp\/v2\/pages\/1713\/revisions"}],"predecessor-version":[{"id":2060,"href":"https:\/\/edublog.educastur.es\/ixuxullingua\/wp-json\/wp\/v2\/pages\/1713\/revisions\/2060"}],"up":[{"embeddable":true,"href":"https:\/\/edublog.educastur.es\/ixuxullingua\/wp-json\/wp\/v2\/pages\/1718"}],"wp:attachment":[{"href":"https:\/\/edublog.educastur.es\/ixuxullingua\/wp-json\/wp\/v2\/media?parent=1713"}],"curies":[{"name":"wp","href":"https:\/\/api.w.org\/{rel}","templated":true}]}}