{"id":1912,"date":"2021-01-07T16:25:41","date_gmt":"2021-01-07T14:25:41","guid":{"rendered":"https:\/\/edublog.educastur.es\/ixuxullingua\/?page_id=1912"},"modified":"2021-12-17T20:51:26","modified_gmt":"2021-12-17T18:51:26","slug":"mazcaritos-duvieu","status":"publish","type":"page","link":"https:\/\/edublog.educastur.es\/ixuxullingua\/asturies\/aguilandeiros\/mazcaritos-duvieu\/","title":{"rendered":"Mazcaritos d\u00b4Uvi\u00e9u"},"content":{"rendered":"<p style=\"text-align: center\"><a href=\"https:\/\/www.oviedo.es\/documents\/25041\/485262\/mazcaritos.jpg\/738184b1-65b6-4546-901e-d3b50ea7c36e?version=1.0&amp;t=1553001420000&amp;imageThumbnail=3\"><img loading=\"lazy\" decoding=\"async\" class=\"alignnone\" src=\"https:\/\/www.oviedo.es\/documents\/25041\/485262\/mazcaritos.jpg\/738184b1-65b6-4546-901e-d3b50ea7c36e?version=1.0&amp;t=1553001420000&amp;imageThumbnail=3\" alt=\"\" width=\"333\" height=\"472\" \/><\/a><\/p>\n<p>&nbsp;<\/p>\n<div class=\"\" dir=\"auto\">\n<div class=\"\" dir=\"auto\">\n<div class=\"ecm0bbzt hv4rvrfc ihqw7lf3 dati1w0a\" data-ad-comet-preview=\"message\" data-ad-preview=\"message\">\n<div class=\"j83agx80 cbu4d94t ew0dbk1b irj2b8pg\">\n<div class=\"qzhwtbm6 knvmm38d\">\n<div class=\"kvgmc6g5 cxmmr5t8 oygrvhab hcukyx3x c1et5uql ii04i59q\">\n<div dir=\"auto\" style=\"text-align: center\"><span style=\"color: #008080\"><em><span style=\"font-size: 18pt\"><strong>MAZCARITOS D\u2019UVI\u00c9U\u00a0 Fotos de Javier Ord\u00e1s<\/strong><\/span><\/em><\/span><\/div>\n<\/div>\n<div class=\"o9v6fnle cxmmr5t8 oygrvhab hcukyx3x c1et5uql ii04i59q\">\n<div dir=\"auto\"><em><span style=\"font-size: 14pt\"><span style=\"color: #008080\"><strong>1\/2 Los MAZCARITOS D&#8217;UVI\u00c9U<\/strong> <\/span>son una mazcarada urbana, la primera estudiadan&#8217;Asturies. Una comparsa que corr\u00eda l&#8217;antroxu pidiendo l&#8217;aguinaldu peles cais de laciud\u00e1. Los sos antecedentes son les mazcaraes d&#8217;inviernu y les moxigangues del Corpusdel sieglu XVII.Corriase l&#8217;antrxu, 40 d\u00edes enantes de Pascua, el xueves de comadres, s\u00e1badu frixueleru,domingu larderu, llunes gordu y martes d&#8217;antroxu. Por tradicci\u00f3n plant\u00e1base la vieya,xulg\u00e1base&#8217;l pelele, enterr\u00e1base la sardina y part\u00edase la Cuaresma. <\/span><\/em><\/div>\n<div dir=\"auto\"><\/div>\n<div dir=\"auto\"><em><span style=\"font-size: 14pt\"><span style=\"color: #008080\"><strong>3\/LA DESTROZONA.<\/strong><\/span> Mazcarita se\u00f1era del Antroxu d&#8217;Uvi\u00e9u. Ye un home travist\u00edu debruxa que va escorriendo la xente a escobazos, dando glay\u00edos, provocando con xestos ycoples d&#8217;escarniu a l&#8217;autorid\u00e1. Rem\u00f3ntase al sieglu XIX. Torna volando nel XXI yembruxa la ciud\u00e1.<\/span><\/em><\/div>\n<div dir=\"auto\"><\/div>\n<div dir=\"auto\"><em><span style=\"font-size: 14pt\"><span style=\"color: #008080\"><strong>4\/ LOS S\u00c1BANOS.<\/strong> <\/span>Cuerren l&#8217;antroxu con s\u00e1banes, cobertores o ropa banco de cama.Lleven un picouniu -gorru de picu forr\u00e1u de tela, orni\u00e1u con tires o flores de trapu- ycaretes de pelleyu o cart\u00f3n. P\u00edntalos baillando la Mazcarada n&#8217;Uvi\u00e9u d&#8217;Evaristo Valle en1928 y falen d&#8217;ellos los informantes m\u00e1s vieyos. <\/span><\/em><\/div>\n<div dir=\"auto\"><\/div>\n<div dir=\"auto\"><em><span style=\"font-size: 14pt\"><span style=\"color: #008080\"><strong>5\/EL CURA Y EL DIA\u00d1U.<\/strong><\/span> El Dia\u00f1u color\u00e1u ye un trasgu faciendo trastaes. Apaez naMazcarada n&#8217;Uvi\u00e9u d&#8217;Evaristo Valle. Anda a tema col Cura empecat\u00e1u, que luesconxura por facer risi\u00f3n d&#8217;una falsa beater\u00eda. Sabemos d&#8217;una muyer qu&#8217;antroxaba conbonete y sotana pelos a\u00f1os 50 del siegl u pas\u00e1u. Mala\u00f1u pal pec\u00e1u <\/span><\/em><\/div>\n<div dir=\"auto\"><\/div>\n<div dir=\"auto\"><em><span style=\"font-size: 14pt\"><span style=\"color: #008080\"><strong>6\/EL GAL\u00c1N Y LA MADAMA. <\/strong><\/span>Esta pareya fai una comedia t\u00edpica de les mazcaraes,aguinaldos y antroxos d&#8217;Asturies: La emperexilada MADAMA ye un mozu que va delbrazu del GAL\u00c1N, moza entraxetada de se\u00f1oritu con bomb\u00edn. Les comedies yentremeses del XVII representaben estos personaxes.<\/span><\/em><\/div>\n<div dir=\"auto\"><\/div>\n<div dir=\"auto\"><em><span style=\"font-size: 14pt\"><span style=\"color: #008080\"><strong> 7\/ LA ROLLONA COL NE\u00d1U, EL SOLDAU Y EL M\u00c9DICU.<\/strong> <\/span>La Rollona ye unpaisanu antrox\u00e1u d&#8217;ama de cr\u00eda que-y da la teta a un Ne\u00f1u malcri\u00e1u con barba y faldonesde cristianar. Cort\u00e9xala un Sold\u00e1u y faen la comedia del Partu de la Rollona, atendia po&#8217;lM\u00e9dicu. Estos personaxes docum\u00e9ntense nes moxiganges del Corpus del sieglu XVII. <\/span><\/em><\/div>\n<div dir=\"auto\"><\/div>\n<div dir=\"auto\"><em><span style=\"font-size: 14pt\"><span style=\"color: #008080\"><strong>8\/ LA OSA Y EL ZINGARO.<\/strong> <\/span>L&#8217;Osu de les mazcar\u00e1es d&#8217;inviernu tien tradici\u00f3n urbanan&#8217;Uvi\u00e9u. Na ciud\u00e1 vivi\u00f3 la Osa Petra dando vueltes a la xaula nel Campo San Francisco.Da otra vuelta colos Z\u00edngararos y baila la danza l&#8217;osu atada de la cadena. <\/span><\/em><\/div>\n<div dir=\"auto\"><\/div>\n<div dir=\"auto\"><em><span style=\"font-size: 14pt\"><span style=\"color: #008080\"><strong>9\/LOS ZAPARRASTROS.<\/strong><\/span> Son mazcaritos de la zona rural del Conceyu. Van antroxaosde sacos con sombreros o caperuchos, pelleyes, fardeles y cencerros que ximielguensaltando y blincando pa facelos sonar. Pol nome paecen tar asemeyaos a los d&#8217;otrospueblos d&#8217;Asturies.<\/span><\/em><\/div>\n<div dir=\"auto\"><\/div>\n<div dir=\"auto\"><em><span style=\"font-size: 14pt\"><span style=\"color: #008080\"><strong>10\/EL CIEGU.<\/strong><\/span> Los Ciegos ven les lletres invisibles de la hestoria de la ciud\u00e1, recueyen loscantares d&#8217;antroxu en pliegos de cordel y al son de la zanfona canten les Coples delCoque y otres d&#8217;actualid\u00e1, recreando la tradici\u00f3n oral.<\/span><\/em><\/div>\n<div dir=\"auto\"><\/div>\n<div dir=\"auto\"><em><span style=\"font-size: 14pt\"><span style=\"color: #008080\"><strong>11\/EL CAPIT\u00c1N DE COMPARSA.<\/strong> <\/span>La comparsa, va al mandu d\u2019un CAPIT\u00c1N oMAND\u00d3N, vist\u00edu de blanco y gorru pelleya como GUIRRIU con casaca militar. Ye\u2019lque gu\u00eda la tropina y arma la danza.PORTAESTANDARTE. Lleva con gran ma\u00f1a l&#8217;estandarte qu&#8217;identifica a la comparsa,faciendo distintes coreograf\u00edes<\/span><\/em><\/div>\n<div dir=\"auto\"><\/div>\n<div dir=\"auto\"><em><span style=\"font-size: 14pt\"><span style=\"color: #008080\"><strong>12\/LOS ZUAVOS Y SOLDAOS.<\/strong> <\/span>Zuavu, sold\u00e1u vist\u00edu a la turca. Antroxar con uniformemelitar yera vezu nuna ciud\u00e1 con cuartel y f\u00e1brica d\u2019armes. La comparsa de Zuavosdocum\u00e9ntase nel Llibru d\u2019Uvi\u00e9u de Ferm\u00edn Canella, al decayer los antroxos popularesdel sieglu XIX.Los quintos, celebraben les sos despid\u00edes con antroxos y aguinaldos. Los soldaoscortexaben a les ni\u00f1eres nel Pas\u00e9u del Bomb\u00e9, yera una imaxe t\u00edpica. La zarzuela fizo\u2019lrestu. Incorpor\u00f3se al antroxu popular d\u2019Uvi\u00e9u nel sieglu XIX.<\/span><\/em><\/div>\n<div dir=\"auto\"><\/div>\n<div dir=\"auto\"><em><span style=\"font-size: 14pt\"><span style=\"color: #008080\"><strong>13\/LES COMADRES.<\/strong><\/span> Les muyeres de los Mazcaritos d&#8217;Uvi\u00e9u, van celebrar la tradicionalnueche de Comadres con una folixa peles cais del Antiguu y Gascona. Tal d\u00eda comog\u00fcei, ente les 20 y les 22 hores, van salir a la cai, panderu en mano, baillando ycantando coples sat\u00edriques, y manteando\u2019l Pelele. Asina, les comadres, diben peles casesy chigres \u201cpidiendo l\u2019antroxu\u201d pa la merienda, cantando coples d&#8217;escarniu y faciendobailles p\u2019amenizar la fiesta pel barriu vieyu de la ciud\u00e1. Ye una de les tradicionesfestives m\u00e1s cl\u00e1siques de Asturies que tami\u00e9n documentamos n\u2019Uvi\u00e9u.<\/span><\/em><\/div>\n<div dir=\"auto\"><\/div>\n<div dir=\"auto\"><em><span style=\"font-size: 14pt\"><strong><span style=\"color: #008080\">14\/LA VIEYA DEL CALBAYON.<\/span> <\/strong>La Vieya del Carbay\u00f3n part\u00eda la Cuaresma embaxol&#8217;\u00e1rbol de la ciud\u00e1. Seg\u00fan noticia de Constantino Cabal, l\u2019Antroxu d\u2019Uvi\u00e9u part\u00eda laCuaresma, con un ritual de la \u201cvieya cuaresmera\u201d que coincid\u00eda cola primavera.<\/span><\/em><\/div>\n<div dir=\"auto\"><\/div>\n<\/div>\n<div class=\"o9v6fnle cxmmr5t8 oygrvhab hcukyx3x c1et5uql ii04i59q\">\n<div dir=\"auto\"><em><span style=\"font-size: 14pt\">Porfa danos un &#8216;me gusta&#8217;en: <a class=\"oajrlxb2 g5ia77u1 qu0x051f esr5mh6w e9989ue4 r7d6kgcz rq0escxv nhd2j8a9 nc684nl6 p7hjln8o kvgmc6g5 cxmmr5t8 oygrvhab hcukyx3x jb3vyjys rz4wbd8a qt6c0cv9 a8nywdso i1ao9s8h esuyzwwr f1sip0of lzcic4wl oo9gr5id gpro0wi8 lrazzd5p\" role=\"link\" href=\"https:\/\/www.facebook.com\/mazcaritos.duvieu.9?__cft__[0]=AZUs6BLSASlysS5gGZVymbAQiuZIigy8713VsvHUyEW67IwS4IeRAWcrTGgl45RJn2-jRJ14GDATaE0tyLlhndsbkW-c8-yzHWe28qKSM9OYffy4shwCK-V-hyNTtl4vCwN_-Zr2eyVlEN-bVs_zmxaKejTJbYDNgNcVDvm1Tmzozw&amp;__tn__=-UK-y-R\">https:\/\/www.facebook.com\/mazcaritos.duvieu.9<\/a><\/span><\/em><\/div>\n<\/div>\n<\/div>\n<\/div>\n<\/div>\n<\/div>\n<\/div>\n<p style=\"text-align: center\">\n<!-- iframe plugin v.6.0 wordpress.org\/plugins\/iframe\/ -->\n<iframe loading=\"lazy\" src=\"https:\/\/drive.google.com\/file\/d\/1uKmOBipM4viWEdod9c2lEV5g_c52Ylup\/preview\" width=\"640\" height=\"900\" 0=\"\/iframe\" scrolling=\"yes\" class=\"iframe-class\" frameborder=\"0\"><\/iframe>\n<\/p>\n<ul>\n<li>Noticia El Comercio: <a href=\"https:\/\/www.elcomercio.es\/oviedo\/mazcaritos-uvieu-recuperan-20200224003921-ntvo.html\">Los Mazcaritos d&#8217; Uvi\u00e9u recuperan el antroxu tradicional | El Comercio<\/a><\/li>\n<li><a href=\"https:\/\/www.elcomercio.es\/asturias\/carnaval\/mazcaritos-toman-oviedo-20200223141127-ga.html\"><em>Galer\u00eda de semeyes<\/em><\/a><\/li>\n<li><a href=\"https:\/\/www.facebook.com\/Mazcaritos\/\"><span style=\"font-size: 14pt\"><strong>P\u00e1xina facebook<\/strong><\/span><\/a><\/li>\n<\/ul>\n<p style=\"text-align: center\"><img loading=\"lazy\" decoding=\"async\" class=\"alignnone size-full\" src=\"https:\/\/cadenaser00.epimg.net\/emisora\/imagenes\/2018\/02\/09\/radio_asturias\/1518185556_550828_1518186046_noticia_normal.jpg\" width=\"770\" height=\"405\" \/><\/p>\n<p>\u00a0 \u00a0 \u00a0 \u00a0 \u00a0 \u00a0 \u00a0 \u00a0 \u00a0 \u00a0 \u00a0 \u00a0 \u00a0 \u00a0 \u00a0 \u00a0 \u00a0 \u00a0 \u00a0 \u00a0 \u00a0 \u00a0 \u00a0 \u00a0 \u00a0 \u00a0 \u00a0 \u00a0 \u00a0 \u00a0 \u00a0 \u00a0 \u00a0 \u00a0 \u00a0 \u00a0 \u00a0 \u00a0 \u00a0 \u00a0 \u00a0 \u00a0 \u00a0 <a href=\"https:\/\/delapuentefotoespacio.com\/wp-content\/uploads\/2018\/03\/cartelEXPOVALDESOTO.jpg\"><img loading=\"lazy\" decoding=\"async\" class=\"alignnone\" src=\"https:\/\/delapuentefotoespacio.com\/wp-content\/uploads\/2018\/03\/cartelEXPOVALDESOTO.jpg\" alt=\"\" width=\"257\" height=\"377\" \/><\/a> \/<\/p>\n<p>&nbsp;<\/p>\n<p style=\"text-align: center\">\n<!-- iframe plugin v.6.0 wordpress.org\/plugins\/iframe\/ -->\n<iframe loading=\"lazy\" width=\"100%\" height=\"395\" src=\"https:\/\/www.youtube.com\/embed\/UDpLH1I1tn4\" 0=\"\/iframe\" scrolling=\"yes\" class=\"iframe-class\" frameborder=\"0\"><\/iframe>\n<\/p>\n","protected":false},"excerpt":{"rendered":"<p>&nbsp; MAZCARITOS D\u2019UVI\u00c9U\u00a0 Fotos de Javier Ord\u00e1s 1\/2 Los MAZCARITOS D&#8217;UVI\u00c9U son una mazcarada urbana, la primera estudiadan&#8217;Asturies. Una comparsa que corr\u00eda l&#8217;antroxu pidiendo l&#8217;aguinaldu peles cais de laciud\u00e1. Los sos antecedentes son les mazcaraes d&#8217;inviernu y les moxigangues del Corpusdel sieglu XVII.Corriase l&#8217;antrxu, 40 d\u00edes enantes de Pascua, el xueves de comadres, s\u00e1badu frixueleru,domingu [&hellip;]<\/p>\n","protected":false},"author":117,"featured_media":0,"parent":1718,"menu_order":0,"comment_status":"closed","ping_status":"closed","template":"","meta":{"footnotes":""},"class_list":["post-1912","page","type-page","status-publish","hentry","post-preview"],"_links":{"self":[{"href":"https:\/\/edublog.educastur.es\/ixuxullingua\/wp-json\/wp\/v2\/pages\/1912","targetHints":{"allow":["GET"]}}],"collection":[{"href":"https:\/\/edublog.educastur.es\/ixuxullingua\/wp-json\/wp\/v2\/pages"}],"about":[{"href":"https:\/\/edublog.educastur.es\/ixuxullingua\/wp-json\/wp\/v2\/types\/page"}],"author":[{"embeddable":true,"href":"https:\/\/edublog.educastur.es\/ixuxullingua\/wp-json\/wp\/v2\/users\/117"}],"replies":[{"embeddable":true,"href":"https:\/\/edublog.educastur.es\/ixuxullingua\/wp-json\/wp\/v2\/comments?post=1912"}],"version-history":[{"count":11,"href":"https:\/\/edublog.educastur.es\/ixuxullingua\/wp-json\/wp\/v2\/pages\/1912\/revisions"}],"predecessor-version":[{"id":3173,"href":"https:\/\/edublog.educastur.es\/ixuxullingua\/wp-json\/wp\/v2\/pages\/1912\/revisions\/3173"}],"up":[{"embeddable":true,"href":"https:\/\/edublog.educastur.es\/ixuxullingua\/wp-json\/wp\/v2\/pages\/1718"}],"wp:attachment":[{"href":"https:\/\/edublog.educastur.es\/ixuxullingua\/wp-json\/wp\/v2\/media?parent=1912"}],"curies":[{"name":"wp","href":"https:\/\/api.w.org\/{rel}","templated":true}]}}