{"id":210,"date":"2020-07-24T21:06:16","date_gmt":"2020-07-24T21:06:16","guid":{"rendered":"https:\/\/edublog.educastur.es\/ixuxullingua\/?page_id=210"},"modified":"2021-09-26T12:27:00","modified_gmt":"2021-09-26T10:27:00","slug":"02-primer-trimestre","status":"publish","type":"page","link":"https:\/\/edublog.educastur.es\/ixuxullingua\/primeru\/primeru-20-21\/02-primer-trimestre\/","title":{"rendered":"02) Primer trimestre"},"content":{"rendered":"<p><img loading=\"lazy\" decoding=\"async\" class=\" wp-image-386 alignleft\" src=\"http:\/\/edublog.educastur.es\/corredoria3\/files\/2020\/08\/32_octubre.png\" alt=\"\" width=\"99\" height=\"82\" \/><\/p>\n<p>&nbsp;<\/p>\n<p>&nbsp;<\/p>\n<p>&nbsp;<\/p>\n<ul>\n<li><a href=\"https:\/\/edublog.educastur.es\/corredoria3\/2o-pri\/cultura-asturiana\/primer-trimestre\/sesion-01\/\">Sesi\u00f3n 01: Estaciones (Seronda) \/ Portada libreta \/ Colores \/ bandera Asturias<\/a><\/li>\n<li><a href=\"https:\/\/edublog.educastur.es\/corredoria3\/2o-pri\/cultura-asturiana\/primer-trimestre\/sesion-02\/\">Sesi\u00f3n 02: Volvemos al bosque \/ \u00c1rboles \/ Animales del bosque \/ Lectura: Carnaval en el bosque<\/a><\/li>\n<li><a href=\"https:\/\/edublog.educastur.es\/corredoria3\/2o-pri\/cultura-asturiana\/primer-trimestre\/sesion-03\/\">Sesi\u00f3n 03: Fauna = Animales salvajes y razas aut\u00f3ctonas \/ Animales en peligro extinci\u00f3n \/ 4 Oct: D\u00eda M. Animales<\/a><\/li>\n<li><a href=\"https:\/\/edublog.educastur.es\/corredoria3\/2o-pri\/cultura-asturiana\/primer-trimestre\/sesion-04\/\">Sesi\u00f3n 04: La caser\u00eda o quintana asturiana\/ 31 Oct Sama\u00edn (Halloween)<\/a><\/li>\n<\/ul>\n<p><img loading=\"lazy\" decoding=\"async\" class=\" wp-image-387 alignleft\" src=\"http:\/\/edublog.educastur.es\/corredoria3\/files\/2020\/08\/33_noviembre.png\" alt=\"\" width=\"150\" height=\"123\" \/><\/p>\n<p>&nbsp;<\/p>\n<p>&nbsp;<\/p>\n<p>&nbsp;<\/p>\n<p>&nbsp;<\/p>\n<ul>\n<li><a href=\"https:\/\/edublog.educastur.es\/corredoria3\/2o-pri\/cultura-asturiana\/primer-trimestre\/sesion-05\/\">Sesi\u00f3n 05: Horreos y Paneras<\/a><\/li>\n<li><a href=\"https:\/\/edublog.educastur.es\/corredoria3\/2o-pri\/cultura-asturiana\/primer-trimestre\/sesion-06\/\">Sesi\u00f3n 06: Amag\u00fcestu, Samart\u00edn, Cuentu: La granxa de Sandra<\/a><\/li>\n<\/ul>\n<ul class=\"children\">\n<li class=\"page_item page-item-1521\"><\/li>\n<\/ul>\n<p><img loading=\"lazy\" decoding=\"async\" class=\" wp-image-388 alignleft\" src=\"http:\/\/edublog.educastur.es\/corredoria3\/files\/2020\/08\/34_diciembre.png\" alt=\"\" width=\"101\" height=\"83\" \/><\/p>\n<p>&nbsp;<\/p>\n<p>&nbsp;<\/p>\n<p>&nbsp;<\/p>\n<p>&nbsp;<\/p>\n<hr \/>\n<p><strong>SEGUNDO TRIMESTRE: a planificar a finales de diciembre y ajustar contenidos\u00a0 despu\u00e9s de ver c\u00f3mo podemos corregir \/ajustar contenidos&#8230;<\/strong><\/p>\n","protected":false},"excerpt":{"rendered":"<p>&nbsp; &nbsp; &nbsp; Sesi\u00f3n 01: Estaciones (Seronda) \/ Portada libreta \/ Colores \/ bandera Asturias Sesi\u00f3n 02: Volvemos al bosque \/ \u00c1rboles \/ Animales del bosque \/ Lectura: Carnaval en el bosque Sesi\u00f3n 03: Fauna = Animales salvajes y razas aut\u00f3ctonas \/ Animales en peligro extinci\u00f3n \/ 4 Oct: D\u00eda M. Animales Sesi\u00f3n 04: La [&hellip;]<\/p>\n","protected":false},"author":117,"featured_media":0,"parent":2758,"menu_order":0,"comment_status":"closed","ping_status":"closed","template":"","meta":{"footnotes":""},"class_list":["post-210","page","type-page","status-publish","hentry","post-preview"],"_links":{"self":[{"href":"https:\/\/edublog.educastur.es\/ixuxullingua\/wp-json\/wp\/v2\/pages\/210","targetHints":{"allow":["GET"]}}],"collection":[{"href":"https:\/\/edublog.educastur.es\/ixuxullingua\/wp-json\/wp\/v2\/pages"}],"about":[{"href":"https:\/\/edublog.educastur.es\/ixuxullingua\/wp-json\/wp\/v2\/types\/page"}],"author":[{"embeddable":true,"href":"https:\/\/edublog.educastur.es\/ixuxullingua\/wp-json\/wp\/v2\/users\/117"}],"replies":[{"embeddable":true,"href":"https:\/\/edublog.educastur.es\/ixuxullingua\/wp-json\/wp\/v2\/comments?post=210"}],"version-history":[{"count":7,"href":"https:\/\/edublog.educastur.es\/ixuxullingua\/wp-json\/wp\/v2\/pages\/210\/revisions"}],"predecessor-version":[{"id":2762,"href":"https:\/\/edublog.educastur.es\/ixuxullingua\/wp-json\/wp\/v2\/pages\/210\/revisions\/2762"}],"up":[{"embeddable":true,"href":"https:\/\/edublog.educastur.es\/ixuxullingua\/wp-json\/wp\/v2\/pages\/2758"}],"wp:attachment":[{"href":"https:\/\/edublog.educastur.es\/ixuxullingua\/wp-json\/wp\/v2\/media?parent=210"}],"curies":[{"name":"wp","href":"https:\/\/api.w.org\/{rel}","templated":true}]}}

<p><img loading="lazy" decoding="async" class=" wp-image-386 alignleft" src="http://edublog.educastur.es/corredoria3/files/2020/08/32_octubre.png" alt="" width="99" height="82" /></p>
<p>&nbsp;</p>
<p>&nbsp;</p>
<p>&nbsp;</p>
<ul>
<li><a href="https://edublog.educastur.es/corredoria3/2o-pri/cultura-asturiana/primer-trimestre/sesion-01/">Sesión 01: Estaciones (Seronda) / Portada libreta / Colores / bandera Asturias</a></li>
<li><a href="https://edublog.educastur.es/corredoria3/2o-pri/cultura-asturiana/primer-trimestre/sesion-02/">Sesión 02: Volvemos al bosque / Árboles / Animales del bosque / Lectura: Carnaval en el bosque</a></li>
<li><a href="https://edublog.educastur.es/corredoria3/2o-pri/cultura-asturiana/primer-trimestre/sesion-03/">Sesión 03: Fauna = Animales salvajes y razas autóctonas / Animales en peligro extinción / 4 Oct: Día M. Animales</a></li>
<li><a href="https://edublog.educastur.es/corredoria3/2o-pri/cultura-asturiana/primer-trimestre/sesion-04/">Sesión 04: La casería o quintana asturiana/ 31 Oct Samaín (Halloween)</a></li>
</ul>
<p><img loading="lazy" decoding="async" class=" wp-image-387 alignleft" src="http://edublog.educastur.es/corredoria3/files/2020/08/33_noviembre.png" alt="" width="150" height="123" /></p>
<p>&nbsp;</p>
<p>&nbsp;</p>
<p>&nbsp;</p>
<p>&nbsp;</p>
<ul>
<li><a href="https://edublog.educastur.es/corredoria3/2o-pri/cultura-asturiana/primer-trimestre/sesion-05/">Sesión 05: Horreos y Paneras</a></li>
<li><a href="https://edublog.educastur.es/corredoria3/2o-pri/cultura-asturiana/primer-trimestre/sesion-06/">Sesión 06: Amagüestu, Samartín, Cuentu: La granxa de Sandra</a></li>
</ul>
<ul class="children">
<li class="page_item page-item-1521"></li>
</ul>
<p><img loading="lazy" decoding="async" class=" wp-image-388 alignleft" src="http://edublog.educastur.es/corredoria3/files/2020/08/34_diciembre.png" alt="" width="101" height="83" /></p>
<p>&nbsp;</p>
<p>&nbsp;</p>
<p>&nbsp;</p>
<p>&nbsp;</p>
<hr />
<p><strong>SEGUNDO TRIMESTRE: a planificar a finales de diciembre y ajustar contenidos  después de ver cómo podemos corregir /ajustar contenidos&#8230;</strong></p>

<p>&nbsp; &nbsp; &nbsp; Sesión 01: Estaciones (Seronda) / Portada libreta / Colores / bandera Asturias Sesión 02: Volvemos al bosque / Árboles / Animales del bosque / Lectura: Carnaval en el bosque Sesión 03: Fauna = Animales salvajes y razas autóctonas / Animales en peligro extinción / 4 Oct: Día M. Animales Sesión 04: La [&hellip;]</p>
