{"id":2162,"date":"2021-02-13T09:36:16","date_gmt":"2021-02-13T07:36:16","guid":{"rendered":"https:\/\/edublog.educastur.es\/ixuxullingua\/?page_id=2162"},"modified":"2021-03-29T13:30:32","modified_gmt":"2021-03-29T11:30:32","slug":"radio","status":"publish","type":"page","link":"https:\/\/edublog.educastur.es\/ixuxullingua\/radio\/","title":{"rendered":"RADIO"},"content":{"rendered":"<header class=\"entry-header\">\n<h1 class=\"entry-title\" style=\"text-align: center\"><span style=\"color: #008080\"><em><a href=\"https:\/\/edublog.educastur.es\/ixuxu\/radio\/la-ciencia-del-cuentu\/\">La ciencia del cuentu. Accede&#8230;<\/a><br \/>\n<\/em><\/span><\/h1>\n<\/header>\n<div class=\"entry-content\">\n<p><a href=\"https:\/\/www.lacienciadelcuentu.com\/wp-content\/uploads\/2021\/01\/logo_grande.png\"><img loading=\"lazy\" decoding=\"async\" class=\"aligncenter\" src=\"https:\/\/www.lacienciadelcuentu.com\/wp-content\/uploads\/2021\/01\/logo_grande.png\" alt=\"\" width=\"487\" height=\"326\" \/><\/a><\/p>\n<ul>\n<li><span style=\"font-size: 18pt\"><a href=\"https:\/\/open.spotify.com\/show\/6yDjojh9wlWv82OtIjr8m0#login\"><strong><em>Siguir en Spotify<\/em><\/strong><\/a><\/span><\/li>\n<li><span style=\"font-size: 18pt\"><strong><em><a href=\"https:\/\/www.lacienciadelcuentu.com\/\">https:\/\/www.lacienciadelcuentu.com<\/a><\/em><\/strong><\/span><\/li>\n<li><span style=\"font-size: 18pt\"><a href=\"https:\/\/www.ivoox.com\/la-ciencia-del-cuentu_sb.html\">Siguir en Ivoox<\/a><\/span><\/li>\n<li><span style=\"font-size: 18pt\"><a href=\"https:\/\/twitter.com\/cienciacuentu\">Siguir en Twitter<\/a><\/span><\/li>\n<li><a href=\"https:\/\/www.rtpa.es\/rpa-programa:La%20ciencia%20del%20cuentu_111611733523.html\"><span style=\"font-size: 18pt\">Siguir en RTPA<\/span><\/a><\/li>\n<\/ul>\n<p><a href=\"https:\/\/www.lacienciadelcuentu.com\/\"><img loading=\"lazy\" decoding=\"async\" class=\"alignnone\" src=\"https:\/\/imgbox.es\/images\/2021\/03\/20\/cuentu572aeca805e5f37c.jpg\" alt=\"\" width=\"1500\" height=\"500\" \/><\/a><\/p>\n<div class=\"format-content-p margin-t-5\">\n<p><em>La ciencia nun ye un cuentu, pero pue cuntase. En esti casu, al travi\u00e9s del x\u00e9neru radioteatru. \u2018La ciencia del cuentu\u2019 ufierta al escuchante la posibilid\u00e1 d\u2019afayar conceutos cient\u00edficos, esfrutando de la diversi\u00f3n qu\u2019ufre un rellatu de ficci\u00f3n sonora.<\/em><\/p>\n<p><em>El conten\u00edu de los rellatos orixinales va revelar nociones ya idees del \u00e1mbitu cient\u00edfico-filos\u00f3ficu, rellacionaos con la ciencia ficci\u00f3n dist\u00f3pica. La intenci\u00f3n ye combinar estos dos ingredientes: el audiodrama <\/em><em>como veh\u00edculu formal y la divulgaci\u00f3n cient\u00edfica en cuanto al conten\u00edu (remanando siempres conceutos elementales y f\u00e1cilmente comprensibles pa tolos p\u00fablicos).<\/em><\/p>\n<hr \/>\n<header class=\"entry-header\">\n<h1 class=\"entry-title\" style=\"text-align: center\"><span style=\"color: #008080\"><em><a href=\"https:\/\/edublog.educastur.es\/ixuxu\/radio\/sentir-asturies\/\"><strong>Sentir Asturies<\/strong>. <span style=\"font-size: 18pt\">Accede<\/span><\/a><br \/>\n<\/em><\/span><\/h1>\n<\/header>\n<div class=\"entry-content\">\n<p><img loading=\"lazy\" decoding=\"async\" class=\"alignnone size-full\" src=\"https:\/\/pbs.twimg.com\/profile_banners\/1353789231752212487\/1611779873\/1500x500\" width=\"1500\" height=\"500\" \/><\/p>\n<p><a href=\"https:\/\/verasturies.com\/wp-content\/uploads\/2021\/02\/Disen%CC%83u-inaciu-aran-edited-585x584.jpg\"><img loading=\"lazy\" decoding=\"async\" class=\"alignleft\" src=\"https:\/\/verasturies.com\/wp-content\/uploads\/2021\/02\/Disen%CC%83u-inaciu-aran-edited-585x584.jpg\" alt=\"\" width=\"203\" height=\"203\" \/><\/a><span style=\"font-size: 18pt;color: #008080\"><em><strong>A partir del 9 de Febreru<\/strong><\/em><\/span><\/p>\n<ul>\n<li><span style=\"font-size: 14pt\"><a href=\"https:\/\/open.spotify.com\/show\/7pVIhGs7fItp72AbySpUIr?si=Y0b0NT8BSdaRQOHyurTcqg&amp;nd=1\"><strong>en Spotify<\/strong><\/a><\/span><\/li>\n<li><span style=\"font-size: 14pt\"><a href=\"https:\/\/twitter.com\/sentirasturies\/\"><strong>en Twitter<\/strong><\/a><\/span><\/li>\n<li><span style=\"font-size: 14pt\"><a href=\"http:\/\/verasturies.com\/ast\/sentirasturies\/\"><strong>en Ver Asturies<\/strong><\/a><\/span><\/li>\n<li><span style=\"font-size: 14pt\"><a href=\"https:\/\/www.ivoox.com\/podcast-sentir-asturies_sq_f11177440_1.html\">n\u00b4Ivoox<\/a><\/span><\/li>\n<li><span style=\"font-size: 14pt\"><strong><a href=\"https:\/\/www.rtpa.es\/rpa-programa:Sentir%20Asturies_111612768309.html\">en RPA<\/a><\/strong><\/span><\/li>\n<li><span style=\"font-size: 14pt\">Whatsapp: 621 279 215<\/span><\/li>\n<\/ul>\n<p><em>Magac\u00edn de la RPA present\u00e1u por<strong> Arantxa Margolles<\/strong> ya <strong>Inaciu Gal\u00e1n.<\/strong><\/em><\/p>\n<p class=\"has-black-color has-text-color\"><strong><em>\u00bfCu\u00e1ndo?<\/em><\/strong> &gt;&gt;&gt; <em><strong>Los martes y mi\u00e9rcoles de 23:30 a 00:30 na RPA.<\/strong><\/em><\/p>\n<p class=\"has-black-color has-text-color\"><strong><em>\u00bf\u00d3nde?<\/em><\/strong> &gt;&gt;&gt; <a href=\"https:\/\/www.rtpa.es\/rpa-radio#\" target=\"_blank\" rel=\"noreferrer noopener\">Busca la frecuencia de la to zona o si\u00e9ntinos na web de RTPA.<\/a><\/p>\n<p><strong><em>SENTIR ASTURIES<\/em><\/strong> ye un<strong> programa fechu por xente mozo<\/strong>, que nun escaez por ello la relevancia de la esperiencia, col asturianu como idioma vehicular y planteg\u00e1u non solo pa falar d\u2019Asturies, sin\u00f3n pa falar de tolo qu\u2019esmolez ya importa al oyente, pero dende Asturies: <strong>l\u2019actualid\u00e1, la cultura, la ciencia y l\u2019ociu; l\u2019alderique pol\u00edticu y social.<\/strong> Y too con munchu humor, que nun quier dicir falta de seried\u00e1: los collaboradores son espertos y bonos divulgadores al empar, respetaos nos sos \u00e1mbitos pero que tami\u00e9n van saber llegar al oyente na so casa de forma amena y divertida. \u00bfAp\u00fanteste a siguilos?<\/p>\n<\/div>\n<\/div>\n<\/div>\n","protected":false},"excerpt":{"rendered":"<p>La ciencia del cuentu. Accede&#8230; Siguir en Spotify https:\/\/www.lacienciadelcuentu.com Siguir en Ivoox Siguir en Twitter Siguir en RTPA La ciencia nun ye un cuentu, pero pue cuntase. En esti casu, al travi\u00e9s del x\u00e9neru radioteatru. \u2018La ciencia del cuentu\u2019 ufierta al escuchante la posibilid\u00e1 d\u2019afayar conceutos cient\u00edficos, esfrutando de la diversi\u00f3n qu\u2019ufre un rellatu de [&hellip;]<\/p>\n","protected":false},"author":117,"featured_media":0,"parent":0,"menu_order":0,"comment_status":"closed","ping_status":"closed","template":"","meta":{"footnotes":""},"class_list":["post-2162","page","type-page","status-publish","hentry","post-preview"],"_links":{"self":[{"href":"https:\/\/edublog.educastur.es\/ixuxullingua\/wp-json\/wp\/v2\/pages\/2162","targetHints":{"allow":["GET"]}}],"collection":[{"href":"https:\/\/edublog.educastur.es\/ixuxullingua\/wp-json\/wp\/v2\/pages"}],"about":[{"href":"https:\/\/edublog.educastur.es\/ixuxullingua\/wp-json\/wp\/v2\/types\/page"}],"author":[{"embeddable":true,"href":"https:\/\/edublog.educastur.es\/ixuxullingua\/wp-json\/wp\/v2\/users\/117"}],"replies":[{"embeddable":true,"href":"https:\/\/edublog.educastur.es\/ixuxullingua\/wp-json\/wp\/v2\/comments?post=2162"}],"version-history":[{"count":4,"href":"https:\/\/edublog.educastur.es\/ixuxullingua\/wp-json\/wp\/v2\/pages\/2162\/revisions"}],"predecessor-version":[{"id":2404,"href":"https:\/\/edublog.educastur.es\/ixuxullingua\/wp-json\/wp\/v2\/pages\/2162\/revisions\/2404"}],"wp:attachment":[{"href":"https:\/\/edublog.educastur.es\/ixuxullingua\/wp-json\/wp\/v2\/media?parent=2162"}],"curies":[{"name":"wp","href":"https:\/\/api.w.org\/{rel}","templated":true}]}}

<header class="entry-header">
<h1 class="entry-title" style="text-align: center"><span style="color: #008080"><em><a href="https://edublog.educastur.es/ixuxu/radio/la-ciencia-del-cuentu/">La ciencia del cuentu. Accede&#8230;</a><br />
</em></span></h1>
</header>
<div class="entry-content">
<p><a href="https://www.lacienciadelcuentu.com/wp-content/uploads/2021/01/logo_grande.png"><img loading="lazy" decoding="async" class="aligncenter" src="https://www.lacienciadelcuentu.com/wp-content/uploads/2021/01/logo_grande.png" alt="" width="487" height="326" /></a></p>
<ul>
<li><span style="font-size: 18pt"><a href="https://open.spotify.com/show/6yDjojh9wlWv82OtIjr8m0#login"><strong><em>Siguir en Spotify</em></strong></a></span></li>
<li><span style="font-size: 18pt"><strong><em><a href="https://www.lacienciadelcuentu.com/">https://www.lacienciadelcuentu.com</a></em></strong></span></li>
<li><span style="font-size: 18pt"><a href="https://www.ivoox.com/la-ciencia-del-cuentu_sb.html">Siguir en Ivoox</a></span></li>
<li><span style="font-size: 18pt"><a href="https://twitter.com/cienciacuentu">Siguir en Twitter</a></span></li>
<li><a href="https://www.rtpa.es/rpa-programa:La%20ciencia%20del%20cuentu_111611733523.html"><span style="font-size: 18pt">Siguir en RTPA</span></a></li>
</ul>
<p><a href="https://www.lacienciadelcuentu.com/"><img loading="lazy" decoding="async" class="alignnone" src="https://imgbox.es/images/2021/03/20/cuentu572aeca805e5f37c.jpg" alt="" width="1500" height="500" /></a></p>
<div class="format-content-p margin-t-5">
<p><em>La ciencia nun ye un cuentu, pero pue cuntase. En esti casu, al traviés del xéneru radioteatru. ‘La ciencia del cuentu’ ufierta al escuchante la posibilidá d’afayar conceutos científicos, esfrutando de la diversión qu’ufre un rellatu de ficción sonora.</em></p>
<p><em>El conteníu de los rellatos orixinales va revelar nociones ya idees del ámbitu científico-filosóficu, rellacionaos con la ciencia ficción distópica. La intención ye combinar estos dos ingredientes: el audiodrama </em><em>como vehículu formal y la divulgación científica en cuanto al conteníu (remanando siempres conceutos elementales y fácilmente comprensibles pa tolos públicos).</em></p>
<hr />
<header class="entry-header">
<h1 class="entry-title" style="text-align: center"><span style="color: #008080"><em><a href="https://edublog.educastur.es/ixuxu/radio/sentir-asturies/"><strong>Sentir Asturies</strong>. <span style="font-size: 18pt">Accede</span></a><br />
</em></span></h1>
</header>
<div class="entry-content">
<p><img loading="lazy" decoding="async" class="alignnone size-full" src="https://pbs.twimg.com/profile_banners/1353789231752212487/1611779873/1500x500" width="1500" height="500" /></p>
<p><a href="https://verasturies.com/wp-content/uploads/2021/02/Disen%CC%83u-inaciu-aran-edited-585x584.jpg"><img loading="lazy" decoding="async" class="alignleft" src="https://verasturies.com/wp-content/uploads/2021/02/Disen%CC%83u-inaciu-aran-edited-585x584.jpg" alt="" width="203" height="203" /></a><span style="font-size: 18pt;color: #008080"><em><strong>A partir del 9 de Febreru</strong></em></span></p>
<ul>
<li><span style="font-size: 14pt"><a href="https://open.spotify.com/show/7pVIhGs7fItp72AbySpUIr?si=Y0b0NT8BSdaRQOHyurTcqg&amp;nd=1"><strong>en Spotify</strong></a></span></li>
<li><span style="font-size: 14pt"><a href="https://twitter.com/sentirasturies/"><strong>en Twitter</strong></a></span></li>
<li><span style="font-size: 14pt"><a href="http://verasturies.com/ast/sentirasturies/"><strong>en Ver Asturies</strong></a></span></li>
<li><span style="font-size: 14pt"><a href="https://www.ivoox.com/podcast-sentir-asturies_sq_f11177440_1.html">n´Ivoox</a></span></li>
<li><span style="font-size: 14pt"><strong><a href="https://www.rtpa.es/rpa-programa:Sentir%20Asturies_111612768309.html">en RPA</a></strong></span></li>
<li><span style="font-size: 14pt">Whatsapp: 621 279 215</span></li>
</ul>
<p><em>Magacín de la RPA presentáu por<strong> Arantxa Margolles</strong> ya <strong>Inaciu Galán.</strong></em></p>
<p class="has-black-color has-text-color"><strong><em>¿Cuándo?</em></strong> &gt;&gt;&gt; <em><strong>Los martes y miércoles de 23:30 a 00:30 na RPA.</strong></em></p>
<p class="has-black-color has-text-color"><strong><em>¿Ónde?</em></strong> &gt;&gt;&gt; <a href="https://www.rtpa.es/rpa-radio#" target="_blank" rel="noreferrer noopener">Busca la frecuencia de la to zona o siéntinos na web de RTPA.</a></p>
<p><strong><em>SENTIR ASTURIES</em></strong> ye un<strong> programa fechu por xente mozo</strong>, que nun escaez por ello la relevancia de la esperiencia, col asturianu como idioma vehicular y plantegáu non solo pa falar d’Asturies, sinón pa falar de tolo qu’esmolez ya importa al oyente, pero dende Asturies: <strong>l’actualidá, la cultura, la ciencia y l’ociu; l’alderique políticu y social.</strong> Y too con munchu humor, que nun quier dicir falta de seriedá: los collaboradores son espertos y bonos divulgadores al empar, respetaos nos sos ámbitos pero que tamién van saber llegar al oyente na so casa de forma amena y divertida. ¿Apúnteste a siguilos?</p>
</div>
</div>
</div>

<p>La ciencia del cuentu. Accede&#8230; Siguir en Spotify https://www.lacienciadelcuentu.com Siguir en Ivoox Siguir en Twitter Siguir en RTPA La ciencia nun ye un cuentu, pero pue cuntase. En esti casu, al traviés del xéneru radioteatru. ‘La ciencia del cuentu’ ufierta al escuchante la posibilidá d’afayar conceutos científicos, esfrutando de la diversión qu’ufre un rellatu de [&hellip;]</p>
