{"id":2164,"date":"2021-02-13T09:37:55","date_gmt":"2021-02-13T07:37:55","guid":{"rendered":"https:\/\/edublog.educastur.es\/ixuxullingua\/?page_id=2164"},"modified":"2021-03-20T13:40:08","modified_gmt":"2021-03-20T11:40:08","slug":"sentir-asturies","status":"publish","type":"page","link":"https:\/\/edublog.educastur.es\/ixuxullingua\/radio\/sentir-asturies\/","title":{"rendered":"Sentir Asturies"},"content":{"rendered":"<p><img loading=\"lazy\" decoding=\"async\" class=\"alignnone size-full\" src=\"https:\/\/pbs.twimg.com\/profile_banners\/1353789231752212487\/1611779873\/1500x500\" width=\"1500\" height=\"500\" \/><\/p>\n<p><a href=\"https:\/\/verasturies.com\/wp-content\/uploads\/2021\/02\/Disen%CC%83u-inaciu-aran-edited-585x584.jpg\"><img loading=\"lazy\" decoding=\"async\" class=\"alignleft\" src=\"https:\/\/verasturies.com\/wp-content\/uploads\/2021\/02\/Disen%CC%83u-inaciu-aran-edited-585x584.jpg\" alt=\"\" width=\"178\" height=\"178\" \/><\/a><em><strong><span style=\"font-size: 14pt\">A partir del 9 de Febreru<\/span><\/strong><\/em><\/p>\n<ul>\n<li><a href=\"https:\/\/open.spotify.com\/show\/7pVIhGs7fItp72AbySpUIr?si=Y0b0NT8BSdaRQOHyurTcqg&amp;nd=1\"><strong><span style=\"font-size: 14pt\">en Spotify<\/span><\/strong><\/a><\/li>\n<li><a href=\"https:\/\/twitter.com\/sentirasturies\/\"><strong><span style=\"font-size: 14pt\">en Twitter<\/span><\/strong><\/a><\/li>\n<li><a href=\"http:\/\/verasturies.com\/ast\/sentirasturies\/\"><strong><span style=\"font-size: 14pt\">en Ver Asturies<\/span><\/strong><\/a><\/li>\n<li><a href=\"https:\/\/www.ivoox.com\/podcast-sentir-asturies_sq_f11177440_1.html\"><span style=\"font-size: 14pt;color: #008080\">en Ivoox<\/span><\/a><\/li>\n<li><strong><a href=\"https:\/\/www.rtpa.es\/rpa-programa:Sentir%20Asturies_111612768309.html\">en RPA<\/a><\/strong><\/li>\n<li><a class=\"wp-block-button__link has-black-color has-vivid-green-cyan-background-color has-text-color has-background\">WHATSAPP:\u00a0 621 279 215<\/a><\/li>\n<\/ul>\n<p style=\"text-align: center\"><em><span style=\"font-size: 14pt\">Magac\u00edn de la RPA present\u00e1u por Arantxa Margolles ya Inaciu Gal\u00e1n.<\/span><\/em><\/p>\n<p class=\"has-black-color has-text-color\"><strong><em>\u00bfCu\u00e1ndo?<\/em><\/strong> &gt;&gt;&gt; <em><span style=\"font-size: 14pt\"><strong><span style=\"color: #008080\">Los martes y mi\u00e9rcoles de 23:30 a 00:30 na RPA.<\/span><\/strong><\/span><\/em><\/p>\n<p class=\"has-black-color has-text-color\"><strong><em>\u00bf\u00d3nde?<\/em><\/strong> &gt;&gt;&gt; <a href=\"https:\/\/www.rtpa.es\/rpa-radio#\" target=\"_blank\" rel=\"noreferrer noopener\">Busca la frecuencia de la to zona o si\u00e9ntinos na web de RTPA.<\/a><\/p>\n<p><strong><em>SENTIR ASTURIES<\/em><\/strong> ye un<span style=\"color: #008080\"><strong> programa fechu por xente mozo<\/strong><\/span>, que nun escaez por ello la relevancia de la esperiencia, col asturianu como idioma vehicular y planteg\u00e1u non solo pa falar d\u2019Asturies, sin\u00f3n pa falar de tolo qu\u2019esmolez ya importa al oyente, pero dende Asturies: <span style=\"color: #008080\"><strong>l\u2019actualid\u00e1, la cultura, la ciencia y l\u2019ociu; l\u2019alderique pol\u00edticu y social.<\/strong><\/span> Y too con munchu humor, que nun quier dicir falta de seried\u00e1: los collaboradores son espertos y bonos divulgadores al empar, respetaos nos sos \u00e1mbitos pero que tami\u00e9n van saber llegar al oyente na so casa de forma amena y divertida. \u00bfAp\u00fanteste a siguilos?<\/p>\n<ul>\n<li><a href=\"https:\/\/open.spotify.com\/episode\/5gyNJAe0GVUFgf22FzQPuI?si=tqHGLIqOReCFoCfVXdZGVw\">Programa 1<\/a><\/li>\n<\/ul>\n\n<!-- iframe plugin v.6.0 wordpress.org\/plugins\/iframe\/ -->\n<iframe loading=\"lazy\" src=\"https:\/\/open.spotify.com\/embed-podcast\/episode\/5gyNJAe0GVUFgf22FzQPuI\" width=\"100%\" height=\"232\" frameborder=\"0\" allowtransparency=\"true\" allow=\"encrypted-media\" 0=\"\/iframe\" scrolling=\"yes\" class=\"iframe-class\"><\/iframe>\n\n<ul>\n<li><a href=\"https:\/\/open.spotify.com\/episode\/79nRCkkY6cv3Aw8KtIOmMS?si=1LsQvGPMQEeLaaJHRP9cEw\">Programa 2<\/a><\/li>\n<\/ul>\n\n<!-- iframe plugin v.6.0 wordpress.org\/plugins\/iframe\/ -->\n<iframe loading=\"lazy\" src=\"https:\/\/open.spotify.com\/embed-podcast\/episode\/79nRCkkY6cv3Aw8KtIOmMS\" width=\"100%\" height=\"232\" frameborder=\"0\" allowtransparency=\"true\" allow=\"encrypted-media\" 0=\"\/iframe\" scrolling=\"yes\" class=\"iframe-class\"><\/iframe>\n\n<ul>\n<li><a href=\"https:\/\/go.ivoox.com\/rf\/65557184\">Programa 3<\/a><\/li>\n<\/ul>\n\n<!-- iframe plugin v.6.0 wordpress.org\/plugins\/iframe\/ -->\n<iframe loading=\"lazy\" src=\"https:\/\/open.spotify.com\/embed-podcast\/episode\/1IRwnbbKMU9xFOpseThxVJ\" width=\"100%\" height=\"232\" frameborder=\"0\" allowtransparency=\"true\" allow=\"encrypted-media\" 0=\"\/iframe\" scrolling=\"yes\" class=\"iframe-class\"><\/iframe>\n\n<ul>\n<li><a href=\"https:\/\/go.ivoox.com\/rf\/65634910\">Programa 4<\/a><\/li>\n<\/ul>\n\n<!-- iframe plugin v.6.0 wordpress.org\/plugins\/iframe\/ -->\n<iframe loading=\"lazy\" src=\"https:\/\/open.spotify.com\/embed-podcast\/episode\/1JLwZLWd0I1YDTgMCZNiay\" width=\"100%\" height=\"232\" frameborder=\"0\" allowtransparency=\"true\" allow=\"encrypted-media\" 0=\"\/iframe\" scrolling=\"yes\" class=\"iframe-class\"><\/iframe>\n\n<ul>\n<li>Programa 5<\/li>\n<\/ul>\n\n<!-- iframe plugin v.6.0 wordpress.org\/plugins\/iframe\/ -->\n<iframe loading=\"lazy\" src=\"https:\/\/open.spotify.com\/embed-podcast\/episode\/4t4lpmuka1NnAV7X2JUPOk\" width=\"100%\" height=\"232\" frameborder=\"0\" allowtransparency=\"true\" allow=\"encrypted-media\" 0=\"\/iframe\" scrolling=\"yes\" class=\"iframe-class\"><\/iframe>\n\n<ul>\n<li>Programa 6<\/li>\n<\/ul>\n\n<!-- iframe plugin v.6.0 wordpress.org\/plugins\/iframe\/ -->\n<iframe loading=\"lazy\" src=\"https:\/\/open.spotify.com\/embed-podcast\/episode\/1G8pgABSnDnCzPA25nuNw7\" width=\"100%\" height=\"232\" frameborder=\"0\" allowtransparency=\"true\" allow=\"encrypted-media\" 0=\"\/iframe\" scrolling=\"yes\" class=\"iframe-class\"><\/iframe>\n\n<ul>\n<li>Programa 7<\/li>\n<\/ul>\n\n<!-- iframe plugin v.6.0 wordpress.org\/plugins\/iframe\/ -->\n<iframe loading=\"lazy\" src=\"https:\/\/open.spotify.com\/embed-podcast\/episode\/0AYi0ClOu0Oo4wlUx7WEX0\" width=\"100%\" height=\"232\" frameborder=\"0\" allowtransparency=\"true\" allow=\"encrypted-media\" 0=\"\/iframe\" scrolling=\"yes\" class=\"iframe-class\"><\/iframe>\n\n<ul>\n<li>Programa 8<\/li>\n<\/ul>\n\n<!-- iframe plugin v.6.0 wordpress.org\/plugins\/iframe\/ -->\n<iframe loading=\"lazy\" src=\"https:\/\/open.spotify.com\/embed-podcast\/episode\/3eodPaT86mD0y44cAaCiDw\" width=\"100%\" height=\"232\" frameborder=\"0\" allowtransparency=\"true\" allow=\"encrypted-media\" 0=\"\/iframe\" scrolling=\"yes\" class=\"iframe-class\"><\/iframe>\n\n<ul>\n<li>Programa 9<\/li>\n<\/ul>\n\n<!-- iframe plugin v.6.0 wordpress.org\/plugins\/iframe\/ -->\n<iframe loading=\"lazy\" src=\"https:\/\/open.spotify.com\/embed-podcast\/episode\/5wXefQpRWFpYtTwBdern7b\" width=\"100%\" height=\"232\" frameborder=\"0\" allowtransparency=\"true\" allow=\"encrypted-media\" 0=\"\/iframe\" scrolling=\"yes\" class=\"iframe-class\"><\/iframe>\n\n<ul>\n<li>Programa 10<\/li>\n<\/ul>\n\n<!-- iframe plugin v.6.0 wordpress.org\/plugins\/iframe\/ -->\n<iframe loading=\"lazy\" src=\"https:\/\/open.spotify.com\/embed-podcast\/episode\/3R95CbPaI3108BSXe52hpw\" width=\"100%\" height=\"232\" frameborder=\"0\" allowtransparency=\"true\" allow=\"encrypted-media\" 0=\"\/iframe\" scrolling=\"yes\" class=\"iframe-class\"><\/iframe>\n\n<ul>\n<li>Programa 11<\/li>\n<\/ul>\n\n<!-- iframe plugin v.6.0 wordpress.org\/plugins\/iframe\/ -->\n<iframe loading=\"lazy\" src=\"https:\/\/open.spotify.com\/embed-podcast\/episode\/1UK5TZEmayIybIFLMCfXRy\" width=\"100%\" height=\"232\" frameborder=\"0\" allowtransparency=\"true\" allow=\"encrypted-media\" 0=\"\/iframe\" scrolling=\"yes\" class=\"iframe-class\"><\/iframe>\n\n<ul>\n<li>Programa 12<\/li>\n<\/ul>\n\n<!-- iframe plugin v.6.0 wordpress.org\/plugins\/iframe\/ -->\n<iframe loading=\"lazy\" src=\"https:\/\/open.spotify.com\/embed-podcast\/episode\/7zWLGt33Uo2ofoSpN03zak\" width=\"100%\" height=\"232\" frameborder=\"0\" allowtransparency=\"true\" allow=\"encrypted-media\" 0=\"\/iframe\" scrolling=\"yes\" class=\"iframe-class\"><\/iframe>\n\n","protected":false},"excerpt":{"rendered":"<p>A partir del 9 de Febreru en Spotify en Twitter en Ver Asturies en Ivoox en RPA WHATSAPP:\u00a0 621 279 215 Magac\u00edn de la RPA present\u00e1u por Arantxa Margolles ya Inaciu Gal\u00e1n. \u00bfCu\u00e1ndo? &gt;&gt;&gt; Los martes y mi\u00e9rcoles de 23:30 a 00:30 na RPA. \u00bf\u00d3nde? &gt;&gt;&gt; Busca la frecuencia de la to zona o si\u00e9ntinos [&hellip;]<\/p>\n","protected":false},"author":117,"featured_media":0,"parent":2162,"menu_order":0,"comment_status":"closed","ping_status":"closed","template":"","meta":{"footnotes":""},"class_list":["post-2164","page","type-page","status-publish","hentry","post-preview"],"_links":{"self":[{"href":"https:\/\/edublog.educastur.es\/ixuxullingua\/wp-json\/wp\/v2\/pages\/2164","targetHints":{"allow":["GET"]}}],"collection":[{"href":"https:\/\/edublog.educastur.es\/ixuxullingua\/wp-json\/wp\/v2\/pages"}],"about":[{"href":"https:\/\/edublog.educastur.es\/ixuxullingua\/wp-json\/wp\/v2\/types\/page"}],"author":[{"embeddable":true,"href":"https:\/\/edublog.educastur.es\/ixuxullingua\/wp-json\/wp\/v2\/users\/117"}],"replies":[{"embeddable":true,"href":"https:\/\/edublog.educastur.es\/ixuxullingua\/wp-json\/wp\/v2\/comments?post=2164"}],"version-history":[{"count":11,"href":"https:\/\/edublog.educastur.es\/ixuxullingua\/wp-json\/wp\/v2\/pages\/2164\/revisions"}],"predecessor-version":[{"id":2396,"href":"https:\/\/edublog.educastur.es\/ixuxullingua\/wp-json\/wp\/v2\/pages\/2164\/revisions\/2396"}],"up":[{"embeddable":true,"href":"https:\/\/edublog.educastur.es\/ixuxullingua\/wp-json\/wp\/v2\/pages\/2162"}],"wp:attachment":[{"href":"https:\/\/edublog.educastur.es\/ixuxullingua\/wp-json\/wp\/v2\/media?parent=2164"}],"curies":[{"name":"wp","href":"https:\/\/api.w.org\/{rel}","templated":true}]}}