{"id":229,"date":"2020-07-24T21:09:14","date_gmt":"2020-07-24T21:09:14","guid":{"rendered":"https:\/\/edublog.educastur.es\/ixuxullingua\/?page_id=229"},"modified":"2021-09-26T12:42:02","modified_gmt":"2021-09-26T10:42:02","slug":"03-segundu-trimestre","status":"publish","type":"page","link":"https:\/\/edublog.educastur.es\/ixuxullingua\/3-terceru\/terceru-20-21\/03-segundu-trimestre\/","title":{"rendered":"03) Segundu trimestre"},"content":{"rendered":"<p><img loading=\"lazy\" decoding=\"async\" class=\" wp-image-817 alignleft\" src=\"http:\/\/edublog.educastur.es\/ixuxullingua\/files\/2020\/08\/00_terceru-150x150.png\" alt=\"\" width=\"100\" height=\"100\" \/><\/p>\n<p>&nbsp;<\/p>\n<p>&nbsp;<\/p>\n<p>&nbsp;<\/p>\n<ul>\n<li class=\"page_item page-item-229 page_item_has_children\"><span style=\"font-size: 18pt\"><a href=\"https:\/\/edublog.educastur.es\/ixuxullingua\/3-terceru\/03-ochobre\/\">03) 2020_21 <strong>Segundu trimestre<\/strong><\/a><\/span>\n<ul class=\"children\">\n<li class=\"page_item page-item-1590\"><span style=\"font-size: 18pt\"><a href=\"https:\/\/edublog.educastur.es\/ixuxullingua\/3-terceru\/03-ochobre\/sesion-01\/\">Sesi\u00f3n 01: Cuentos sobre mazcaraes d iviernu<\/a><\/span><\/li>\n<li class=\"page_item page-item-1598\"><span style=\"font-size: 18pt\"><a href=\"https:\/\/edublog.educastur.es\/ixuxullingua\/3-terceru\/03-ochobre\/sesion-02\/\">Sesi\u00f3n 02: Aimales = VACA (Ternera asturiana)<\/a><\/span><\/li>\n<li><a href=\"https:\/\/edublog.educastur.es\/ixuxullingua\/3-terceru\/03-ochobre\/ternera-asturiana\"><em><span style=\"font-size: 18pt\">Anexu: TERNERA ASTURIANA<\/span><\/em><\/a><\/li>\n<li><a href=\"https:\/\/edublog.educastur.es\/ixuxullingua\/3-terceru\/03-ochobre\/vaqueirada\"><em><span style=\"font-size: 18pt\">Anexu: VAQUEIRADA<\/span><\/em><\/a><\/li>\n<li class=\"page_item page-item-1606\"><span style=\"font-size: 18pt\"><a href=\"https:\/\/edublog.educastur.es\/ixuxullingua\/3-terceru\/03-ochobre\/sesion-03\/\">Sesi\u00f3n 03: Animales = OVEYA Xalda<\/a><\/span><\/li>\n<li class=\"page_item page-item-1616\"><span style=\"font-size: 18pt\"><a href=\"https:\/\/edublog.educastur.es\/ixuxullingua\/3-terceru\/03-ochobre\/sesion-04\/\">Sesi\u00f3n 04: Animales = CABRA BERMEYA<\/a><\/span><\/li>\n<li class=\"page_item page-item-1624\"><span style=\"font-size: 18pt\"><a href=\"https:\/\/edublog.educastur.es\/ixuxullingua\/3-terceru\/03-ochobre\/sesion-05\/\">Sesi\u00f3n 05: Asturies: Conceyos y comarques<\/a><\/span><\/li>\n<li class=\"page_item page-item-1636\"><span style=\"font-size: 18pt\"><a href=\"https:\/\/edublog.educastur.es\/ixuxullingua\/3-terceru\/03-ochobre\/sesion-06\/\">Sesi\u00f3n 06: Alimentaci\u00f3n: QUESOS ASTURIANOS<\/a><\/span><\/li>\n<li class=\"page_item page-item-1644\"><span style=\"font-size: 18pt\"><a href=\"https:\/\/edublog.educastur.es\/ixuxullingua\/3-terceru\/03-ochobre\/sesion-07\/\">Sesi\u00f3n 07: Alimentaci\u00f3n: Apicultura y MIEL<\/a><\/span><\/li>\n<li class=\"page_item page-item-1656\"><span style=\"font-size: 18pt\"><a href=\"https:\/\/edublog.educastur.es\/ixuxullingua\/3-terceru\/03-ochobre\/sesion-08\/\">Sesi\u00f3n 08: Instrumentos cuerda, viento y percusi\u00f3n<\/a><\/span><\/li>\n<li class=\"page_item page-item-1666\"><span style=\"font-size: 18pt\"><a href=\"https:\/\/edublog.educastur.es\/ixuxullingua\/3-terceru\/03-ochobre\/sesion-09\/\">Sesi\u00f3n 09: Instrumentos de percusi\u00f3n<\/a><\/span><\/li>\n<li class=\"page_item page-item-1676\"><span style=\"font-size: 18pt\"><a href=\"https:\/\/edublog.educastur.es\/ixuxullingua\/3-terceru\/03-ochobre\/sesion-10\/\">Sesi\u00f3n 10: La GAITA asturiana (tonada)<\/a><\/span><\/li>\n<li class=\"page_item page-item-1686\"><a href=\"https:\/\/edublog.educastur.es\/ixuxullingua\/3-terceru\/03-ochobre\/sesion-11\/\"><span style=\"font-size: 18pt\">Sesi\u00f3n 11: <em>Sesi\u00f3n t\u00e9cnica REPASO y puesta al d\u00eda fichas\u2026<\/em><\/span><\/a><\/li>\n<\/ul>\n<\/li>\n<\/ul>\n<hr \/>\n","protected":false},"excerpt":{"rendered":"<p>&nbsp; &nbsp; &nbsp; 03) 2020_21 Segundu trimestre Sesi\u00f3n 01: Cuentos sobre mazcaraes d iviernu Sesi\u00f3n 02: Aimales = VACA (Ternera asturiana) Anexu: TERNERA ASTURIANA Anexu: VAQUEIRADA Sesi\u00f3n 03: Animales = OVEYA Xalda Sesi\u00f3n 04: Animales = CABRA BERMEYA Sesi\u00f3n 05: Asturies: Conceyos y comarques Sesi\u00f3n 06: Alimentaci\u00f3n: QUESOS ASTURIANOS Sesi\u00f3n 07: Alimentaci\u00f3n: Apicultura y MIEL [&hellip;]<\/p>\n","protected":false},"author":117,"featured_media":0,"parent":2782,"menu_order":0,"comment_status":"closed","ping_status":"closed","template":"","meta":{"footnotes":""},"class_list":["post-229","page","type-page","status-publish","hentry","post-preview"],"_links":{"self":[{"href":"https:\/\/edublog.educastur.es\/ixuxullingua\/wp-json\/wp\/v2\/pages\/229","targetHints":{"allow":["GET"]}}],"collection":[{"href":"https:\/\/edublog.educastur.es\/ixuxullingua\/wp-json\/wp\/v2\/pages"}],"about":[{"href":"https:\/\/edublog.educastur.es\/ixuxullingua\/wp-json\/wp\/v2\/types\/page"}],"author":[{"embeddable":true,"href":"https:\/\/edublog.educastur.es\/ixuxullingua\/wp-json\/wp\/v2\/users\/117"}],"replies":[{"embeddable":true,"href":"https:\/\/edublog.educastur.es\/ixuxullingua\/wp-json\/wp\/v2\/comments?post=229"}],"version-history":[{"count":11,"href":"https:\/\/edublog.educastur.es\/ixuxullingua\/wp-json\/wp\/v2\/pages\/229\/revisions"}],"predecessor-version":[{"id":2785,"href":"https:\/\/edublog.educastur.es\/ixuxullingua\/wp-json\/wp\/v2\/pages\/229\/revisions\/2785"}],"up":[{"embeddable":true,"href":"https:\/\/edublog.educastur.es\/ixuxullingua\/wp-json\/wp\/v2\/pages\/2782"}],"wp:attachment":[{"href":"https:\/\/edublog.educastur.es\/ixuxullingua\/wp-json\/wp\/v2\/media?parent=229"}],"curies":[{"name":"wp","href":"https:\/\/api.w.org\/{rel}","templated":true}]}}