{"id":2345,"date":"2021-03-07T15:17:46","date_gmt":"2021-03-07T13:17:46","guid":{"rendered":"https:\/\/edublog.educastur.es\/ixuxullingua\/?page_id=2345"},"modified":"2021-03-07T15:20:09","modified_gmt":"2021-03-07T13:20:09","slug":"sesion-07","status":"publish","type":"page","link":"https:\/\/edublog.educastur.es\/ixuxullingua\/6-sestu\/sestu-20-21\/03-segundu-trimestre\/sesion-07\/","title":{"rendered":"Sesi\u00f3n 07"},"content":{"rendered":"<p><a href=\"https:\/\/i.pinimg.com\/originals\/95\/65\/e8\/9565e891c15a712f37a85b95a14a2dab.png\"><img loading=\"lazy\" decoding=\"async\" class=\"aligncenter\" src=\"https:\/\/i.pinimg.com\/originals\/95\/65\/e8\/9565e891c15a712f37a85b95a14a2dab.png\" alt=\"\" width=\"357\" height=\"446\" \/><\/a><\/p>\n<p style=\"text-align: center\"><a href=\"https:\/\/www.educastur.es\/documents\/10531\/8657357\/2021-02-ast-dia-llingua-materna-800.jpg\/ee2dc9e7-4867-4bbd-b4a8-fcef0e0c7138?t=1613733706565\"><img loading=\"lazy\" decoding=\"async\" class=\"aligncenter\" src=\"https:\/\/www.educastur.es\/documents\/10531\/8657357\/2021-02-ast-dia-llingua-materna-800.jpg\/ee2dc9e7-4867-4bbd-b4a8-fcef0e0c7138?t=1613733706565\" alt=\"\" width=\"405\" height=\"167\" \/><\/a><\/p>\n<ul>\n<li><a href=\"https:\/\/www.educastur.es\/-\/efemerides-21-02-2021-dia-internacional-de-la-llingua-materna?redirect=https%3A%2F%2Fwww.educastur.es%2Finicio%3Fp_p_id%3D101_INSTANCE_QSFUm4QpFZ6Q%26p_p_lifecycle%3D0%26p_p_state%3Dnormal%26p_p_mode%3Dview%26p_p_col_id%3Dcolumn-1%26p_p_col_pos%3D5%26p_p_col_count%3D22\">Fonte: Educastur<\/a><\/li>\n<\/ul>\n<p>Por cuenta de la celebraci\u00f3n del <strong>D\u00eda Internacional de la Llingua Materna, <\/strong>dende la Conseyer\u00eda de Cultura, Pol\u00edtica Lling\u00fc\u00edstica y Turismu y en collaboraci\u00f3n cola Conseyer\u00eda d\u2019Educaci\u00f3n,\u00a0an\u00edmase a toles comunidaes educatives del Princip\u00e1u d\u2019Asturies a participar nos d\u00edes 22 y 23 de febreru del 2021 na llectura y reflex\u00f3n del manifiestu que s\u2019acompa\u00f1a.<\/p>\n\n<!-- iframe plugin v.6.0 wordpress.org\/plugins\/iframe\/ -->\n<iframe loading=\"lazy\" frameborder=\"0\" width=\"600px\" height=\"338px\" src=\"https:\/\/view.genial.ly\/60197eb24dad8f0d9e3546bb\" 0=\"\/iframe\" scrolling=\"yes\" class=\"iframe-class\"><\/iframe>\n\n<p>El cuid\u00e1u y la responsabilid\u00e1 de caltener una llingua materna como la nuestra ye un llabor de toes y toos y un apueste de futuru.<\/p>\n<blockquote><p><em>Fomentar el multiling\u00fcismu pa la inclusi\u00f3n na educaci\u00f3n y la socied\u00e1<\/em><\/p><\/blockquote>\n<p>Con esta edici\u00f3n del <strong>D\u00eda Internacional de la Llingua Materna 2021,<\/strong> que tien por lema <em>Fomentar el multiling\u00fcismu pa la inclusi\u00f3n na educaci\u00f3n y la socied\u00e1,<\/em> la UNESCO busca reconocer\u00a0el papel de les lling\u00fces y el multilling\u00fcismu nel fomentu de la inclusi\u00f3n, y nel cumplimientu de los Oxetivos de Desenvolvimientu Sostenible, que se centren en nun dexar p\u2019atr\u00e1s a naide.<\/p>\n<p>El reconocimientu y respetu pola diversid\u00e1 lling\u00fc\u00edstica y cultural contribuyen a fortalecer la unid\u00e1 y la cohesi\u00f3n de les sociedaes. Estes son les bases pa una paz m\u00e1s duradera, tanto\u00a0dientro como ente les sociedaes, que llevaron a la UNESCO a tomar la decisi\u00f3n de celebrar el D\u00eda Internacional de la Llingua Materna anualmente.<\/p>\n<p><a href=\"https:\/\/www.educastur.es\/documents\/10531\/8066958\/2021-02-ast-Manifiestu-llingua-materna.pdf\/ad78e7a8-dcea-4522-ac64-88431a6890b1\" target=\"_blank\" rel=\"noopener\">Manifiestu pola Llingua materna<\/a> (pdf)<\/p>\n<p>P\u00edldores educatives pa trabayar nel aula:<\/p>\n<ul>\n<li><a href=\"https:\/\/www.educastur.es\/documents\/10531\/8066958\/2020-02-ast-UD-viaxe-Covaletti-guia-profes.pdf\/f3fb7212-dde0-4abb-825a-9363e4d935d6\" target=\"_blank\" rel=\"noopener\">El viaxe de Covaletti. Gu\u00eda pal profesor\u00e1u<\/a> (pdf, 780 Kb)<\/li>\n<li><a href=\"https:\/\/www.educastur.es\/documents\/10531\/8066958\/2020-02-ast-UD-viaxe-Covaletti-UD-nivel1.pdf\/9657a439-540b-4007-8ffa-e7bba3f57086\" target=\"_blank\" rel=\"noopener\">El viaxe de Covaletti. Propuesta Did\u00e1ctica Nivel 1<\/a> (pdf, 650 Kb)<\/li>\n<li><a href=\"https:\/\/www.educastur.es\/documents\/10531\/8066958\/2020-02-ast-UD-viaxe-Covaletti-UD-nivel2.pdf\/08acfda9-efca-443d-b904-241b6f929c32\" target=\"_blank\" rel=\"noopener\">El viaxe de Covaletti. Propuesta Did\u00e1ctica Nivel 2<\/a> (pdf, 950 Kb)<\/li>\n<li><a href=\"https:\/\/www.educastur.es\/documents\/10531\/8066958\/2020-02-ast-UD-viaxe-Covaletti-UD-nivel3.pdf\/3addd81b-bbd2-4ef5-a090-a2d30c6e3ea1\" target=\"_blank\" rel=\"noopener\">El viaxe de Covaletti. Propuesta Did\u00e1ctica Nivel 3<\/a> (pdf, 780 Kb)<\/li>\n<\/ul>\n<p><a href=\"https:\/\/view.genial.ly\/60197eb24dad8f0d9e3546bb\/presentation-llingua-materna\" target=\"_blank\" rel=\"noopener\">Presentaci\u00f3n con motivo de la efem\u00e9ride<\/a> (Genially)<br \/>\nConseyer\u00eda de Cultura, Pol\u00edtica Lling\u00fc\u00edstica y Turismu<br \/>\n<strong>Realizada por:<\/strong>\u00a0Claudia Guti\u00e9rrez Lueje del IES Avelina Cerra (Ribadesella)<\/p>\n\n<!-- iframe plugin v.6.0 wordpress.org\/plugins\/iframe\/ -->\n<iframe loading=\"lazy\" frameborder=\"0\" width=\"600px\" height=\"338px\" src=\"https:\/\/view.genial.ly\/60197eb24dad8f0d9e3546bb\" 0=\"\/iframe\" scrolling=\"yes\" class=\"iframe-class\"><\/iframe>\n\n<p>&nbsp;<\/p>\n<p>&nbsp;<\/p>\n<p>G\u00fcei ye&#8217;l <em><strong>D\u00eda Internacional de la Llingua Materna<\/strong> <\/em>y nun mundu cada vez m\u00e1s globaliz\u00e1u nel que seg\u00fan la UNESCO, cada mes sumen 2 lling\u00fces y de les 6.000 qu&#8217;esisten, la met\u00e1 atopense en peligru d&#8217;estinci\u00f3n, reivindicamos la llingua de les nueses g\u00fceles y les nueses madres.<\/p>\n<p><a href=\"https:\/\/1.bp.blogspot.com\/-LeTdovkDKws\/WnwUZRp_bHI\/AAAAAAAAJFA\/4imOROys0ycdmHkuA9uOegHAgxq2s4SxgCLcBGAs\/s1600\/dia%2Bla%2Bllingua%2Bmaterna.jpg\"><img loading=\"lazy\" decoding=\"async\" class=\"aligncenter\" src=\"https:\/\/1.bp.blogspot.com\/-LeTdovkDKws\/WnwUZRp_bHI\/AAAAAAAAJFA\/4imOROys0ycdmHkuA9uOegHAgxq2s4SxgCLcBGAs\/s1600\/dia%2Bla%2Bllingua%2Bmaterna.jpg\" alt=\"\" width=\"513\" height=\"190\" \/><\/a><\/p>\n<ul>\n<li><a href=\"https:\/\/es.unesco.org\/commemorations\/motherlanguageday\">Domingu 21 de febreru<\/a><\/li>\n<\/ul>\n<p>La tema del D\u00eda Internacional de la llingua materna 2021<em><strong> \u201cFomentar el multilling\u00fcismu para la inclusi\u00f3n na educaci\u00f3n y la socied\u00e1\u201d <\/strong><\/em>reconoz que les lling\u00fces y el multilling\u00fcismu pueden fomentar la inclusi\u00f3n, y que los Oxetivos de Desenvolvimientu Sostenible centrense en nun dexar a naide tras.<\/p>\n<p><!--more--><\/p>\n<p><a href=\"https:\/\/2.bp.blogspot.com\/-Qp1M7NB0F9Y\/XG1334HO9BI\/AAAAAAAAQ00\/PQ13Frce4fMYi7g1e0NKG_l8n47o6cciQCLcBGAs\/s1600\/Flyer_Dia_lengua_materna_15.02.18-01.jpg\"><img loading=\"lazy\" decoding=\"async\" class=\"alignnone\" src=\"https:\/\/2.bp.blogspot.com\/-Qp1M7NB0F9Y\/XG1334HO9BI\/AAAAAAAAQ00\/PQ13Frce4fMYi7g1e0NKG_l8n47o6cciQCLcBGAs\/s1600\/Flyer_Dia_lengua_materna_15.02.18-01.jpg\" alt=\"\" width=\"1181\" height=\"998\" \/><\/a><\/p>\n<p>La UNESCO considera que la educaci\u00f3n, basada na primer llingua o la llingua materna, tien d\u00b4empezar dende los primeros a\u00f1os d&#8217;escolarid\u00e1, una y bones l&#8217;atenci\u00f3n y l&#8217;educaci\u00f3n de la primer infancia son el fundamentu del aprendizaxe.<\/p>\n<p>La idea de celebrar el D\u00eda Internacional de la Llingua Materna foi una iniciativa de Bangladesh. Foi aprob\u00e1u na Conferencia Xeneral de la UNESCO de 1999 y repar\u00f3se en tol mundu dende l&#8217;a\u00f1u 2000.<\/p>\n<p>La UNESCO cree na importancia de la diversid\u00e1 cultural y lling\u00fc\u00edstico para les sociedaes sostenibles. Nel marcu del so mandatu en pro de la paz, trabaya para caltener les diferencies de cultures ya idiomes que fomenten la tolerancia y el respetu de los dem\u00e1s.<\/p>\n<p><a href=\"https:\/\/es.unesco.org\/sites\/default\/files\/styles\/commemoration_header\/public\/commemorations\/imld-cover-image.jpg?itok=vOWj5ixJ\"><img loading=\"lazy\" decoding=\"async\" class=\"alignnone\" src=\"https:\/\/es.unesco.org\/sites\/default\/files\/styles\/commemoration_header\/public\/commemorations\/imld-cover-image.jpg?itok=vOWj5ixJ\" alt=\"\" width=\"938\" height=\"350\" \/><\/a><\/p>\n","protected":false},"excerpt":{"rendered":"<p>Fonte: Educastur Por cuenta de la celebraci\u00f3n del D\u00eda Internacional de la Llingua Materna, dende la Conseyer\u00eda de Cultura, Pol\u00edtica Lling\u00fc\u00edstica y Turismu y en collaboraci\u00f3n cola Conseyer\u00eda d\u2019Educaci\u00f3n,\u00a0an\u00edmase a toles comunidaes educatives del Princip\u00e1u d\u2019Asturies a participar nos d\u00edes 22 y 23 de febreru del 2021 na llectura y reflex\u00f3n del manifiestu que s\u2019acompa\u00f1a. [&hellip;]<\/p>\n","protected":false},"author":117,"featured_media":0,"parent":237,"menu_order":0,"comment_status":"closed","ping_status":"closed","template":"","meta":{"footnotes":""},"class_list":["post-2345","page","type-page","status-publish","hentry","post-preview"],"_links":{"self":[{"href":"https:\/\/edublog.educastur.es\/ixuxullingua\/wp-json\/wp\/v2\/pages\/2345","targetHints":{"allow":["GET"]}}],"collection":[{"href":"https:\/\/edublog.educastur.es\/ixuxullingua\/wp-json\/wp\/v2\/pages"}],"about":[{"href":"https:\/\/edublog.educastur.es\/ixuxullingua\/wp-json\/wp\/v2\/types\/page"}],"author":[{"embeddable":true,"href":"https:\/\/edublog.educastur.es\/ixuxullingua\/wp-json\/wp\/v2\/users\/117"}],"replies":[{"embeddable":true,"href":"https:\/\/edublog.educastur.es\/ixuxullingua\/wp-json\/wp\/v2\/comments?post=2345"}],"version-history":[{"count":3,"href":"https:\/\/edublog.educastur.es\/ixuxullingua\/wp-json\/wp\/v2\/pages\/2345\/revisions"}],"predecessor-version":[{"id":2347,"href":"https:\/\/edublog.educastur.es\/ixuxullingua\/wp-json\/wp\/v2\/pages\/2345\/revisions\/2347"}],"up":[{"embeddable":true,"href":"https:\/\/edublog.educastur.es\/ixuxullingua\/wp-json\/wp\/v2\/pages\/237"}],"wp:attachment":[{"href":"https:\/\/edublog.educastur.es\/ixuxullingua\/wp-json\/wp\/v2\/media?parent=2345"}],"curies":[{"name":"wp","href":"https:\/\/api.w.org\/{rel}","templated":true}]}}

Sesión 07

<p><a href="https://i.pinimg.com/originals/95/65/e8/9565e891c15a712f37a85b95a14a2dab.png"><img loading="lazy" decoding="async" class="aligncenter" src="https://i.pinimg.com/originals/95/65/e8/9565e891c15a712f37a85b95a14a2dab.png" alt="" width="357" height="446" /></a></p>
<p style="text-align: center"><a href="https://www.educastur.es/documents/10531/8657357/2021-02-ast-dia-llingua-materna-800.jpg/ee2dc9e7-4867-4bbd-b4a8-fcef0e0c7138?t=1613733706565"><img loading="lazy" decoding="async" class="aligncenter" src="https://www.educastur.es/documents/10531/8657357/2021-02-ast-dia-llingua-materna-800.jpg/ee2dc9e7-4867-4bbd-b4a8-fcef0e0c7138?t=1613733706565" alt="" width="405" height="167" /></a></p>
<ul>
<li><a href="https://www.educastur.es/-/efemerides-21-02-2021-dia-internacional-de-la-llingua-materna?redirect=https%3A%2F%2Fwww.educastur.es%2Finicio%3Fp_p_id%3D101_INSTANCE_QSFUm4QpFZ6Q%26p_p_lifecycle%3D0%26p_p_state%3Dnormal%26p_p_mode%3Dview%26p_p_col_id%3Dcolumn-1%26p_p_col_pos%3D5%26p_p_col_count%3D22">Fonte: Educastur</a></li>
</ul>
<p>Por cuenta de la celebración del <strong>Día Internacional de la Llingua Materna, </strong>dende la Conseyería de Cultura, Política Llingüística y Turismu y en collaboración cola Conseyería d’Educación, anímase a toles comunidaes educatives del Principáu d’Asturies a participar nos díes 22 y 23 de febreru del 2021 na llectura y reflexón del manifiestu que s’acompaña.</p>

<!-- iframe plugin v.6.0 wordpress.org/plugins/iframe/ -->
<iframe loading="lazy" frameborder="0" width="600px" height="338px" src="https://view.genial.ly/60197eb24dad8f0d9e3546bb" 0="/iframe" scrolling="yes" class="iframe-class"></iframe>

<p>El cuidáu y la responsabilidá de caltener una llingua materna como la nuestra ye un llabor de toes y toos y un apueste de futuru.</p>
<blockquote><p><em>Fomentar el multilingüismu pa la inclusión na educación y la sociedá</em></p></blockquote>
<p>Con esta edición del <strong>Día Internacional de la Llingua Materna 2021,</strong> que tien por lema <em>Fomentar el multilingüismu pa la inclusión na educación y la sociedá,</em> la UNESCO busca reconocer el papel de les llingües y el multillingüismu nel fomentu de la inclusión, y nel cumplimientu de los Oxetivos de Desenvolvimientu Sostenible, que se centren en nun dexar p’atrás a naide.</p>
<p>El reconocimientu y respetu pola diversidá llingüística y cultural contribuyen a fortalecer la unidá y la cohesión de les sociedaes. Estes son les bases pa una paz más duradera, tanto dientro como ente les sociedaes, que llevaron a la UNESCO a tomar la decisión de celebrar el Día Internacional de la Llingua Materna anualmente.</p>
<p><a href="https://www.educastur.es/documents/10531/8066958/2021-02-ast-Manifiestu-llingua-materna.pdf/ad78e7a8-dcea-4522-ac64-88431a6890b1" target="_blank" rel="noopener">Manifiestu pola Llingua materna</a> (pdf)</p>
<p>Píldores educatives pa trabayar nel aula:</p>
<ul>
<li><a href="https://www.educastur.es/documents/10531/8066958/2020-02-ast-UD-viaxe-Covaletti-guia-profes.pdf/f3fb7212-dde0-4abb-825a-9363e4d935d6" target="_blank" rel="noopener">El viaxe de Covaletti. Guía pal profesoráu</a> (pdf, 780 Kb)</li>
<li><a href="https://www.educastur.es/documents/10531/8066958/2020-02-ast-UD-viaxe-Covaletti-UD-nivel1.pdf/9657a439-540b-4007-8ffa-e7bba3f57086" target="_blank" rel="noopener">El viaxe de Covaletti. Propuesta Didáctica Nivel 1</a> (pdf, 650 Kb)</li>
<li><a href="https://www.educastur.es/documents/10531/8066958/2020-02-ast-UD-viaxe-Covaletti-UD-nivel2.pdf/08acfda9-efca-443d-b904-241b6f929c32" target="_blank" rel="noopener">El viaxe de Covaletti. Propuesta Didáctica Nivel 2</a> (pdf, 950 Kb)</li>
<li><a href="https://www.educastur.es/documents/10531/8066958/2020-02-ast-UD-viaxe-Covaletti-UD-nivel3.pdf/3addd81b-bbd2-4ef5-a090-a2d30c6e3ea1" target="_blank" rel="noopener">El viaxe de Covaletti. Propuesta Didáctica Nivel 3</a> (pdf, 780 Kb)</li>
</ul>
<p><a href="https://view.genial.ly/60197eb24dad8f0d9e3546bb/presentation-llingua-materna" target="_blank" rel="noopener">Presentación con motivo de la efeméride</a> (Genially)<br />
Conseyería de Cultura, Política Llingüística y Turismu<br />
<strong>Realizada por:</strong> Claudia Gutiérrez Lueje del IES Avelina Cerra (Ribadesella)</p>

<!-- iframe plugin v.6.0 wordpress.org/plugins/iframe/ -->
<iframe loading="lazy" frameborder="0" width="600px" height="338px" src="https://view.genial.ly/60197eb24dad8f0d9e3546bb" 0="/iframe" scrolling="yes" class="iframe-class"></iframe>

<p>&nbsp;</p>
<p>&nbsp;</p>
<p>Güei ye&#8217;l <em><strong>Día Internacional de la Llingua Materna</strong> </em>y nun mundu cada vez más globalizáu nel que según la UNESCO, cada mes sumen 2 llingües y de les 6.000 qu&#8217;esisten, la metá atopense en peligru d&#8217;estinción, reivindicamos la llingua de les nueses güeles y les nueses madres.</p>
<p><a href="https://1.bp.blogspot.com/-LeTdovkDKws/WnwUZRp_bHI/AAAAAAAAJFA/4imOROys0ycdmHkuA9uOegHAgxq2s4SxgCLcBGAs/s1600/dia%2Bla%2Bllingua%2Bmaterna.jpg"><img loading="lazy" decoding="async" class="aligncenter" src="https://1.bp.blogspot.com/-LeTdovkDKws/WnwUZRp_bHI/AAAAAAAAJFA/4imOROys0ycdmHkuA9uOegHAgxq2s4SxgCLcBGAs/s1600/dia%2Bla%2Bllingua%2Bmaterna.jpg" alt="" width="513" height="190" /></a></p>
<ul>
<li><a href="https://es.unesco.org/commemorations/motherlanguageday">Domingu 21 de febreru</a></li>
</ul>
<p>La tema del Día Internacional de la llingua materna 2021<em><strong> “Fomentar el multillingüismu para la inclusión na educación y la sociedá” </strong></em>reconoz que les llingües y el multillingüismu pueden fomentar la inclusión, y que los Oxetivos de Desenvolvimientu Sostenible centrense en nun dexar a naide tras.</p>
<p><!--more--></p>
<p><a href="https://2.bp.blogspot.com/-Qp1M7NB0F9Y/XG1334HO9BI/AAAAAAAAQ00/PQ13Frce4fMYi7g1e0NKG_l8n47o6cciQCLcBGAs/s1600/Flyer_Dia_lengua_materna_15.02.18-01.jpg"><img loading="lazy" decoding="async" class="alignnone" src="https://2.bp.blogspot.com/-Qp1M7NB0F9Y/XG1334HO9BI/AAAAAAAAQ00/PQ13Frce4fMYi7g1e0NKG_l8n47o6cciQCLcBGAs/s1600/Flyer_Dia_lengua_materna_15.02.18-01.jpg" alt="" width="1181" height="998" /></a></p>
<p>La UNESCO considera que la educación, basada na primer llingua o la llingua materna, tien d´empezar dende los primeros años d&#8217;escolaridá, una y bones l&#8217;atención y l&#8217;educación de la primer infancia son el fundamentu del aprendizaxe.</p>
<p>La idea de celebrar el Día Internacional de la Llingua Materna foi una iniciativa de Bangladesh. Foi aprobáu na Conferencia Xeneral de la UNESCO de 1999 y reparóse en tol mundu dende l&#8217;añu 2000.</p>
<p>La UNESCO cree na importancia de la diversidá cultural y llingüístico para les sociedaes sostenibles. Nel marcu del so mandatu en pro de la paz, trabaya para caltener les diferencies de cultures ya idiomes que fomenten la tolerancia y el respetu de los demás.</p>
<p><a href="https://es.unesco.org/sites/default/files/styles/commemoration_header/public/commemorations/imld-cover-image.jpg?itok=vOWj5ixJ"><img loading="lazy" decoding="async" class="alignnone" src="https://es.unesco.org/sites/default/files/styles/commemoration_header/public/commemorations/imld-cover-image.jpg?itok=vOWj5ixJ" alt="" width="938" height="350" /></a></p>

<p>Fonte: Educastur Por cuenta de la celebración del Día Internacional de la Llingua Materna, dende la Conseyería de Cultura, Política Llingüística y Turismu y en collaboración cola Conseyería d’Educación, anímase a toles comunidaes educatives del Principáu d’Asturies a participar nos díes 22 y 23 de febreru del 2021 na llectura y reflexón del manifiestu que s’acompaña. [&hellip;]</p>
