{"id":251,"date":"2020-07-24T21:14:30","date_gmt":"2020-07-24T21:14:30","guid":{"rendered":"https:\/\/edublog.educastur.es\/ixuxullingua\/?page_id=251"},"modified":"2021-09-26T12:54:40","modified_gmt":"2021-09-26T10:54:40","slug":"04-tercer-trimestre","status":"publish","type":"page","link":"https:\/\/edublog.educastur.es\/ixuxullingua\/6-sestu\/sestu-20-21\/04-tercer-trimestre\/","title":{"rendered":"04) Tercer trimestre"},"content":{"rendered":"<p>&nbsp;<\/p>\n<ul class=\"children\">\n<li class=\"page_item page-item-2424\"><span style=\"font-size: 18pt\"><em><a href=\"https:\/\/edublog.educastur.es\/ixuxullingua\/6-sestu\/04-2020-payares\/sesion-01\/\">Sesi\u00f3n 01: <strong>El C\u00f3mic en Asturias<\/strong><\/a><\/em><\/span><\/li>\n<li class=\"page_item page-item-2426 current_page_item\"><span style=\"font-size: 24pt\"><a href=\"https:\/\/edublog.educastur.es\/ixuxullingua\/6-sestu\/04-2020-payares\/sesion-01b\/\"><span style=\"font-size: 18pt\"><em>Sesi\u00f3n 01b<\/em>:<\/span><em><span style=\"font-size: 18pt\"><strong> La caricatura<\/strong> (Tarea)<\/span><\/em><\/a><\/span><\/li>\n<\/ul>\n<hr \/>\n<ul class=\"children\">\n<li><a href=\"https:\/\/edublog.educastur.es\/ixuxullingua\/6-sestu\/04-2020-payares\/sesion-02\"><span style=\"color: #008080\"><em><span style=\"font-size: 18pt\">Sesi\u00f3n 02: <strong>REDMEDA: Red de Museos Etnogr\u00e1ficos de Asturias<\/strong><\/span><\/em><\/span><\/a><\/li>\n<li><a href=\"https:\/\/edublog.educastur.es\/ixuxullingua\/6-sestu\/04-2020-payares\/sesion-02b\"><span style=\"color: #008080\"><em><span style=\"font-size: 18pt\">Sesi\u00f3n 02b: Atlas Sonoru de la Llingua Asturiana<\/span><\/em><\/span><\/a><\/li>\n<\/ul>\n<hr \/>\n<ul>\n<li><a href=\"https:\/\/edublog.educastur.es\/ixuxullingua\/6-sestu\/04-2020-payares\/sesion-03\"><span style=\"font-size: 18pt;color: #008080\"><em>Sesi\u00f3n 03: <\/em><strong><em>Deportes Tradicionales Asturianos<\/em><\/strong><\/span><\/a><\/li>\n<li><a href=\"https:\/\/edublog.educastur.es\/ixuxullingua\/6-sestu\/04-2020-payares\/sesion-04\/\"><em><span style=\"font-size: 18pt\">Sesi\u00f3n 04: <strong>Asina ye\u00b4l mio cuartu <\/strong>(Llingua)<\/span><\/em><\/a><\/li>\n<\/ul>\n","protected":false},"excerpt":{"rendered":"<p>&nbsp; Sesi\u00f3n 01: El C\u00f3mic en Asturias Sesi\u00f3n 01b: La caricatura (Tarea) Sesi\u00f3n 02: REDMEDA: Red de Museos Etnogr\u00e1ficos de Asturias Sesi\u00f3n 02b: Atlas Sonoru de la Llingua Asturiana Sesi\u00f3n 03: Deportes Tradicionales Asturianos Sesi\u00f3n 04: Asina ye\u00b4l mio cuartu (Llingua)<\/p>\n","protected":false},"author":117,"featured_media":0,"parent":2806,"menu_order":0,"comment_status":"closed","ping_status":"closed","template":"","meta":{"footnotes":""},"class_list":["post-251","page","type-page","status-publish","hentry","post-preview"],"_links":{"self":[{"href":"https:\/\/edublog.educastur.es\/ixuxullingua\/wp-json\/wp\/v2\/pages\/251","targetHints":{"allow":["GET"]}}],"collection":[{"href":"https:\/\/edublog.educastur.es\/ixuxullingua\/wp-json\/wp\/v2\/pages"}],"about":[{"href":"https:\/\/edublog.educastur.es\/ixuxullingua\/wp-json\/wp\/v2\/types\/page"}],"author":[{"embeddable":true,"href":"https:\/\/edublog.educastur.es\/ixuxullingua\/wp-json\/wp\/v2\/users\/117"}],"replies":[{"embeddable":true,"href":"https:\/\/edublog.educastur.es\/ixuxullingua\/wp-json\/wp\/v2\/comments?post=251"}],"version-history":[{"count":11,"href":"https:\/\/edublog.educastur.es\/ixuxullingua\/wp-json\/wp\/v2\/pages\/251\/revisions"}],"predecessor-version":[{"id":2810,"href":"https:\/\/edublog.educastur.es\/ixuxullingua\/wp-json\/wp\/v2\/pages\/251\/revisions\/2810"}],"up":[{"embeddable":true,"href":"https:\/\/edublog.educastur.es\/ixuxullingua\/wp-json\/wp\/v2\/pages\/2806"}],"wp:attachment":[{"href":"https:\/\/edublog.educastur.es\/ixuxullingua\/wp-json\/wp\/v2\/media?parent=251"}],"curies":[{"name":"wp","href":"https:\/\/api.w.org\/{rel}","templated":true}]}}