{"id":255,"date":"2020-07-24T21:14:56","date_gmt":"2020-07-24T21:14:56","guid":{"rendered":"https:\/\/edublog.educastur.es\/ixuxullingua\/?page_id=255"},"modified":"2021-09-26T12:46:28","modified_gmt":"2021-09-26T10:46:28","slug":"04-tercer-trimestre","status":"publish","type":"page","link":"https:\/\/edublog.educastur.es\/ixuxullingua\/4-cuartu\/cuartu-20-21\/04-tercer-trimestre\/","title":{"rendered":"04) Tercer trimestre"},"content":{"rendered":"<ul>\n<li><a href=\"https:\/\/edublog.educastur.es\/corredoria3\/3o-pri\/cultura-asturiana\/segundo-trimestre\/sesion-07\"><em><span style=\"font-size: 14pt\"><strong><span style=\"color: #008080\">Sesi\u00f3n 1: Conocemos a la abeja<\/span><\/strong>, principal<br \/>\npolinizador\u00a0 y sin la cual no existir\u00edamos.<\/span><\/em><\/a><br \/>\n<em><span style=\"font-size: 14pt\">Intro al tema de protecci\u00f3n del Medio Ambiente.<\/span><\/em><\/li>\n<li><a href=\"https:\/\/edublog.educastur.es\/ixuxullingua\/4-cuartu\/04-2020-payares\/sesion-02\"><strong><em><span style=\"font-size: 14pt\">Sesi\u00f3n 02: Personajes mitol\u00f3gicos asturianos<\/span><\/em><\/strong><\/a><\/li>\n<li>Sesi\u00f3n 03:<\/li>\n<\/ul>\n","protected":false},"excerpt":{"rendered":"<p>Sesi\u00f3n 1: Conocemos a la abeja, principal polinizador\u00a0 y sin la cual no existir\u00edamos. Intro al tema de protecci\u00f3n del Medio Ambiente. Sesi\u00f3n 02: Personajes mitol\u00f3gicos asturianos Sesi\u00f3n 03:<\/p>\n","protected":false},"author":117,"featured_media":0,"parent":2790,"menu_order":0,"comment_status":"closed","ping_status":"closed","template":"","meta":{"footnotes":""},"class_list":["post-255","page","type-page","status-publish","hentry","post-preview"],"_links":{"self":[{"href":"https:\/\/edublog.educastur.es\/ixuxullingua\/wp-json\/wp\/v2\/pages\/255","targetHints":{"allow":["GET"]}}],"collection":[{"href":"https:\/\/edublog.educastur.es\/ixuxullingua\/wp-json\/wp\/v2\/pages"}],"about":[{"href":"https:\/\/edublog.educastur.es\/ixuxullingua\/wp-json\/wp\/v2\/types\/page"}],"author":[{"embeddable":true,"href":"https:\/\/edublog.educastur.es\/ixuxullingua\/wp-json\/wp\/v2\/users\/117"}],"replies":[{"embeddable":true,"href":"https:\/\/edublog.educastur.es\/ixuxullingua\/wp-json\/wp\/v2\/comments?post=255"}],"version-history":[{"count":5,"href":"https:\/\/edublog.educastur.es\/ixuxullingua\/wp-json\/wp\/v2\/pages\/255\/revisions"}],"predecessor-version":[{"id":2794,"href":"https:\/\/edublog.educastur.es\/ixuxullingua\/wp-json\/wp\/v2\/pages\/255\/revisions\/2794"}],"up":[{"embeddable":true,"href":"https:\/\/edublog.educastur.es\/ixuxullingua\/wp-json\/wp\/v2\/pages\/2790"}],"wp:attachment":[{"href":"https:\/\/edublog.educastur.es\/ixuxullingua\/wp-json\/wp\/v2\/media?parent=255"}],"curies":[{"name":"wp","href":"https:\/\/api.w.org\/{rel}","templated":true}]}}

<ul>
<li><a href="https://edublog.educastur.es/corredoria3/3o-pri/cultura-asturiana/segundo-trimestre/sesion-07"><em><span style="font-size: 14pt"><strong><span style="color: #008080">Sesión 1: Conocemos a la abeja</span></strong>, principal<br />
polinizador  y sin la cual no existiríamos.</span></em></a><br />
<em><span style="font-size: 14pt">Intro al tema de protección del Medio Ambiente.</span></em></li>
<li><a href="https://edublog.educastur.es/ixuxullingua/4-cuartu/04-2020-payares/sesion-02"><strong><em><span style="font-size: 14pt">Sesión 02: Personajes mitológicos asturianos</span></em></strong></a></li>
<li>Sesión 03:</li>
</ul>

<p>Sesión 1: Conocemos a la abeja, principal polinizador  y sin la cual no existiríamos. Intro al tema de protección del Medio Ambiente. Sesión 02: Personajes mitológicos asturianos Sesión 03:</p>
