{"id":2719,"date":"2021-09-23T19:14:24","date_gmt":"2021-09-23T17:14:24","guid":{"rendered":"https:\/\/edublog.educastur.es\/ixuxullingua\/?page_id=2719"},"modified":"2021-10-11T19:38:59","modified_gmt":"2021-10-11T17:38:59","slug":"02-caseria","status":"publish","type":"page","link":"https:\/\/edublog.educastur.es\/ixuxullingua\/2-segundu\/segundu-21-22\/05-primer-trimestre\/02-caseria\/","title":{"rendered":"02 Caser\u00eda"},"content":{"rendered":"<p style=\"text-align: center\"><span style=\"color: #008080;font-size: 24pt\"><strong><em>La caser\u00eda\u00a0\u00a0 d&#8217;Enol<\/em><\/strong><\/span><\/p>\n<ul>\n<li><span style=\"font-size: 14pt\"><a href=\"https:\/\/educastur-my.sharepoint.com\/:u:\/g\/personal\/isabellh_educastur_org\/ERaiwXHAkb1Oq09sOMDcDW8Bre5qlLTOWMEHYrUQVEPF4w?e=kMqGA0\">Audio: L<em><strong>a caser\u00eda d&#8217; Enol<\/strong><\/em><\/a><\/span><\/li>\n<li><a href=\"https:\/\/educastur-my.sharepoint.com\/:b:\/g\/personal\/isabellh_educastur_org\/EToGJUA5z5lKvW_mCEMZDGQBmodlCqFreugz946Y8GxAJg?e=8PRvuZ\"><span style=\"font-size: 14pt\">Testu: <\/span><em><strong><span style=\"font-size: 14pt\">La caser\u00eda o quintana asturiana<\/span><\/strong><\/em><\/a><\/li>\n<\/ul>\n<ul>\n<li><a href=\"https:\/\/poniendoescuela.wordpress.com\/2014\/09\/19\/identificamos-los-animales-de-la-caseria\/\">Identificamos los animales de la caser\u00eda nesti enllaz<\/a><\/li>\n<\/ul>\n<hr \/>\n<p><a href=\"https:\/\/www.spanishlearninglab.com\/wp-content\/uploads\/2017\/08\/Farm-animals-in-Spanish.png\"><img loading=\"lazy\" decoding=\"async\" class=\"alignnone\" src=\"https:\/\/www.spanishlearninglab.com\/wp-content\/uploads\/2017\/08\/Farm-animals-in-Spanish.png\" alt=\"\" width=\"730\" height=\"456\" \/><\/a><\/p>\n<p style=\"text-align: center\">\n<!-- iframe plugin v.6.0 wordpress.org\/plugins\/iframe\/ -->\n<iframe loading=\"lazy\" width=\"100%\" height=\"523\" src=\"https:\/\/www.youtube.com\/embed\/O5aibKRLz0o\" 0=\"\/iframe\" scrolling=\"yes\" class=\"iframe-class\" frameborder=\"0\"><\/iframe>\n<\/p>\n<hr \/>\n<p style=\"text-align: center\"><a href=\"https:\/\/www.lavanguardia.com\/files\/og_thumbnail\/uploads\/2018\/09\/04\/5e998255d6f68.jpeg\"><img loading=\"lazy\" decoding=\"async\" class=\"alignnone\" src=\"https:\/\/www.lavanguardia.com\/files\/og_thumbnail\/uploads\/2018\/09\/04\/5e998255d6f68.jpeg\" alt=\"\" width=\"491\" height=\"276\" \/><\/a><\/p>\n<p style=\"text-align: center\"><strong><em>Para motivanos, un divertidu cuentu n&#8217;asturianu:<br \/>\n<a href=\"https:\/\/www.youtube.com\/watch?v=wXr8BWITHxY\">EL DRAG\u00d3N CHEF\u00a0<\/a> (<a href=\"https:\/\/educastur-my.sharepoint.com\/:b:\/g\/personal\/isabellh_educastur_org\/EY13RrfnZMNOt2W7wYmJI20BmvfgDlUkDpvi8-cDDDuE8g?e=gSUe6r\">ver pictogramas en pdf<\/a>)<\/em><\/strong><\/p>\n<p style=\"text-align: center\">\n<!-- iframe plugin v.6.0 wordpress.org\/plugins\/iframe\/ -->\n<iframe loading=\"lazy\" width=\"100%\" height=\"456\" src=\"https:\/\/www.youtube.com\/embed\/wXr8BWITHxY\" 0=\"\/iframe\" scrolling=\"yes\" class=\"iframe-class\" frameborder=\"0\"><\/iframe>\n<\/p>\n<ul>\n<li><span style=\"font-size: 14pt\"><em><strong><a href=\"https:\/\/educastur-my.sharepoint.com\/:u:\/g\/personal\/isabellh_educastur_org\/EVB5oKmZ1tNOtZXYjN2mWWgBpNmHrkY12t2NXDvpd05uAw?e=XFGXZx\">Audio: El ma\u00edz<\/a><\/strong><\/em><\/span><\/li>\n<li><a href=\"https:\/\/www.google.com\/search?q=el+maiz&amp;client=firefox-b-d&amp;sxsrf=AOaemvKNU0XXUT8veZsooK1a08J9irXA2A:1633972738162&amp;source=lnms&amp;tbm=isch&amp;sa=X&amp;ved=2ahUKEwi_tYXl7sLzAhVJzoUKHTK2DtgQ_AUoAXoECAEQAw&amp;biw=1536&amp;bih=739&amp;dpr=1.25\">Semeyes<\/a> \/<\/li>\n<li>Poema de Berta Pi\u00f1\u00e1n<\/li>\n<\/ul>\n<p>El ma\u00edz, tambi\u00e9n conocido como ma\u00edz, es un cereal que los pueblos ind\u00edgenas domesticaron por primera vez en el sur de M\u00e9xico hace unos 10.000 a\u00f1os.<\/p>\n<p><a href=\"https:\/\/upload.wikimedia.org\/wikipedia\/commons\/c\/c6\/Zea_mays_Blanco2.279.png\"><img loading=\"lazy\" decoding=\"async\" class=\"alignnone\" src=\"https:\/\/upload.wikimedia.org\/wikipedia\/commons\/c\/c6\/Zea_mays_Blanco2.279.png\" alt=\"\" width=\"225\" height=\"326\" \/><\/a> \/<a href=\"https:\/\/i.blogs.es\/5d12d4\/maiz-infografia\/450_1000.jpg\"><img loading=\"lazy\" decoding=\"async\" class=\"alignnone\" src=\"https:\/\/i.blogs.es\/5d12d4\/maiz-infografia\/450_1000.jpg\" alt=\"\" width=\"249\" height=\"522\" \/><\/a><\/p>\n<p style=\"text-align: center\">\n<!-- iframe plugin v.6.0 wordpress.org\/plugins\/iframe\/ -->\n<iframe loading=\"lazy\" width=\"100%\" height=\"456\" src=\"https:\/\/www.youtube.com\/embed\/XqwKIs0lYRk\" 0=\"\/iframe\" scrolling=\"yes\" class=\"iframe-class\" frameborder=\"0\"><\/iframe>\n<\/p>\n<p style=\"text-align: center\"><span style=\"font-size: 14pt;color: #008080\"><strong><em>Beneficios:<\/em><\/strong><\/span><\/p>\n<p><a href=\"https:\/\/pbs.twimg.com\/media\/Dn3iWrwW0AAsi7I.jpg\"><img loading=\"lazy\" decoding=\"async\" class=\"alignnone\" src=\"https:\/\/pbs.twimg.com\/media\/Dn3iWrwW0AAsi7I.jpg\" alt=\"\" width=\"1200\" height=\"927\" \/><\/a><\/p>\n<p><a href=\"https:\/\/i.pinimg.com\/originals\/17\/ee\/03\/17ee039f87a97f21f60442c6b7f921d1.png\"><img loading=\"lazy\" decoding=\"async\" class=\"aligncenter\" src=\"https:\/\/i.pinimg.com\/originals\/17\/ee\/03\/17ee039f87a97f21f60442c6b7f921d1.png\" alt=\"\" width=\"503\" height=\"503\" \/><\/a><\/p>\n<ul>\n<li><a href=\"https:\/\/www.mundoprimaria.com\/lecturas-para-ninos-primaria\/curiosidades-sobre-el-maiz\">Curiosodades sobre el maiz<\/a> \/ <strong><em><span style=\"font-size: 14pt\"><a href=\"https:\/\/www.mundoprimaria.com\/lecturas-para-ninos-primaria\/juego-curiosidades-maiz\">Xuegu<\/a><\/span><\/em><\/strong><\/li>\n<\/ul>\n<p>\u00bfSabes que el ma\u00edz es uno de los alimentos m\u00e1s antiguos de la Humanidad?<\/p>\n<p>Los investigadores creen que <span style=\"color: #008080\"><strong>M\u00e9xico fue el primer lugar del mundo donde el ser humano prob\u00f3 el ma\u00edz<\/strong> <\/span>Hace unos a\u00f1os se encontraron en este pa\u00eds restos de mazorcas que llevaban miles de a\u00f1os enterradas.<\/p>\n<p>Cuando <span style=\"color: #008080\">Crist\u00f3bal Col\u00f3n descubri\u00f3 Am\u00e9rica en 1492<\/span> se encontr\u00f3 con que hab\u00eda muchos campos hermosos y f\u00e9rtiles donde los ind\u00edgenas cultivaban alimentos hasta entonces desconocidos en Europa. Uno de los que m\u00e1s despert\u00f3 su curiosidad fue el ma\u00edz.<\/p>\n<p>Tras varios meses de exploraci\u00f3n, cogi\u00f3 una buena cantidad de semillas y unas cuantas \u00a0mazorcas de la isla de Cuba, y las meti\u00f3 en el barco de vuelta. <span style=\"color: #008080\">Su objetivo era darlo a conocer en Espa\u00f1a y lo consigui\u00f3, porque los campesinos comenzaron a sembrarlo.<\/span> El ma\u00edz se convirti\u00f3 en un alimento cada vez m\u00e1s habitual entre los espa\u00f1oles y finalmente traspas\u00f3 las fronteras, haci\u00e9ndose igualmente popular en el resto del continente europeo.<\/p>\n<p><strong>El ma\u00edz se puede comer de muchas maneras distintas.<\/strong> Cocido como ingrediente de ensaladas y \u00a0guisos est\u00e1 riqu\u00edsimo, pero la mazorca entera, asada con un poco de sal y mantequilla, tambi\u00e9n es una delicia. El ma\u00edz tambi\u00e9n se puede tostar para obtener los famosos copos de desayuno que se venden en cajas en el supermercado. En cambio, si el grano se seca y despu\u00e9s se muele, da como resultado una harina fin\u00edsima, ideal para preparar tortitas, panes\u2026 Tampoco podemos olvidar que una gran parte del ma\u00edz que se cultiva se destina a fabricar aceites, margarinas y piensos para animales.<\/p>\n<p>Y por \u00faltimo PALOMITAS CASERAS: Echa un poco de aceite en una sart\u00e9n y ponla a fuego medio. A\u00f1ade un pu\u00f1ado de granitos de\u00a0 ma\u00edz palomero, un ma\u00edz especial porque es el \u00fanico que estalla. Despu\u00e9s espolvor\u00e9alos con una pizca de sal y pon una tapa para que no salten por toda la cocina.<\/p>\n<p style=\"text-align: center\">\n<!-- iframe plugin v.6.0 wordpress.org\/plugins\/iframe\/ -->\n<iframe loading=\"lazy\" width=\"100%\" height=\"456\" src=\"https:\/\/www.youtube.com\/embed\/Rhtw5LW2gfQ\" 0=\"\/iframe\" scrolling=\"yes\" class=\"iframe-class\" frameborder=\"0\"><\/iframe>\n<\/p>\n<hr \/>\n<p>&nbsp;<\/p>\n","protected":false},"excerpt":{"rendered":"<p>La caser\u00eda\u00a0\u00a0 d&#8217;Enol Audio: La caser\u00eda d&#8217; Enol Testu: La caser\u00eda o quintana asturiana Identificamos los animales de la caser\u00eda nesti enllaz Para motivanos, un divertidu cuentu n&#8217;asturianu: EL DRAG\u00d3N CHEF\u00a0 (ver pictogramas en pdf) Audio: El ma\u00edz Semeyes \/ Poema de Berta Pi\u00f1\u00e1n El ma\u00edz, tambi\u00e9n conocido como ma\u00edz, es un cereal que los [&hellip;]<\/p>\n","protected":false},"author":117,"featured_media":0,"parent":271,"menu_order":0,"comment_status":"closed","ping_status":"closed","template":"","meta":{"footnotes":""},"class_list":["post-2719","page","type-page","status-publish","hentry","post-preview"],"_links":{"self":[{"href":"https:\/\/edublog.educastur.es\/ixuxullingua\/wp-json\/wp\/v2\/pages\/2719","targetHints":{"allow":["GET"]}}],"collection":[{"href":"https:\/\/edublog.educastur.es\/ixuxullingua\/wp-json\/wp\/v2\/pages"}],"about":[{"href":"https:\/\/edublog.educastur.es\/ixuxullingua\/wp-json\/wp\/v2\/types\/page"}],"author":[{"embeddable":true,"href":"https:\/\/edublog.educastur.es\/ixuxullingua\/wp-json\/wp\/v2\/users\/117"}],"replies":[{"embeddable":true,"href":"https:\/\/edublog.educastur.es\/ixuxullingua\/wp-json\/wp\/v2\/comments?post=2719"}],"version-history":[{"count":8,"href":"https:\/\/edublog.educastur.es\/ixuxullingua\/wp-json\/wp\/v2\/pages\/2719\/revisions"}],"predecessor-version":[{"id":2968,"href":"https:\/\/edublog.educastur.es\/ixuxullingua\/wp-json\/wp\/v2\/pages\/2719\/revisions\/2968"}],"up":[{"embeddable":true,"href":"https:\/\/edublog.educastur.es\/ixuxullingua\/wp-json\/wp\/v2\/pages\/271"}],"wp:attachment":[{"href":"https:\/\/edublog.educastur.es\/ixuxullingua\/wp-json\/wp\/v2\/media?parent=2719"}],"curies":[{"name":"wp","href":"https:\/\/api.w.org\/{rel}","templated":true}]}}

02 Casería

<p style="text-align: center"><span style="color: #008080;font-size: 24pt"><strong><em>La casería   d&#8217;Enol</em></strong></span></p>
<ul>
<li><span style="font-size: 14pt"><a href="https://educastur-my.sharepoint.com/:u:/g/personal/isabellh_educastur_org/ERaiwXHAkb1Oq09sOMDcDW8Bre5qlLTOWMEHYrUQVEPF4w?e=kMqGA0">Audio: L<em><strong>a casería d&#8217; Enol</strong></em></a></span></li>
<li><a href="https://educastur-my.sharepoint.com/:b:/g/personal/isabellh_educastur_org/EToGJUA5z5lKvW_mCEMZDGQBmodlCqFreugz946Y8GxAJg?e=8PRvuZ"><span style="font-size: 14pt">Testu: </span><em><strong><span style="font-size: 14pt">La casería o quintana asturiana</span></strong></em></a></li>
</ul>
<ul>
<li><a href="https://poniendoescuela.wordpress.com/2014/09/19/identificamos-los-animales-de-la-caseria/">Identificamos los animales de la casería nesti enllaz</a></li>
</ul>
<hr />
<p><a href="https://www.spanishlearninglab.com/wp-content/uploads/2017/08/Farm-animals-in-Spanish.png"><img loading="lazy" decoding="async" class="alignnone" src="https://www.spanishlearninglab.com/wp-content/uploads/2017/08/Farm-animals-in-Spanish.png" alt="" width="730" height="456" /></a></p>
<p style="text-align: center">
<!-- iframe plugin v.6.0 wordpress.org/plugins/iframe/ -->
<iframe loading="lazy" width="100%" height="523" src="https://www.youtube.com/embed/O5aibKRLz0o" 0="/iframe" scrolling="yes" class="iframe-class" frameborder="0"></iframe>
</p>
<hr />
<p style="text-align: center"><a href="https://www.lavanguardia.com/files/og_thumbnail/uploads/2018/09/04/5e998255d6f68.jpeg"><img loading="lazy" decoding="async" class="alignnone" src="https://www.lavanguardia.com/files/og_thumbnail/uploads/2018/09/04/5e998255d6f68.jpeg" alt="" width="491" height="276" /></a></p>
<p style="text-align: center"><strong><em>Para motivanos, un divertidu cuentu n&#8217;asturianu:<br />
<a href="https://www.youtube.com/watch?v=wXr8BWITHxY">EL DRAGÓN CHEF </a> (<a href="https://educastur-my.sharepoint.com/:b:/g/personal/isabellh_educastur_org/EY13RrfnZMNOt2W7wYmJI20BmvfgDlUkDpvi8-cDDDuE8g?e=gSUe6r">ver pictogramas en pdf</a>)</em></strong></p>
<p style="text-align: center">
<!-- iframe plugin v.6.0 wordpress.org/plugins/iframe/ -->
<iframe loading="lazy" width="100%" height="456" src="https://www.youtube.com/embed/wXr8BWITHxY" 0="/iframe" scrolling="yes" class="iframe-class" frameborder="0"></iframe>
</p>
<ul>
<li><span style="font-size: 14pt"><em><strong><a href="https://educastur-my.sharepoint.com/:u:/g/personal/isabellh_educastur_org/EVB5oKmZ1tNOtZXYjN2mWWgBpNmHrkY12t2NXDvpd05uAw?e=XFGXZx">Audio: El maíz</a></strong></em></span></li>
<li><a href="https://www.google.com/search?q=el+maiz&amp;client=firefox-b-d&amp;sxsrf=AOaemvKNU0XXUT8veZsooK1a08J9irXA2A:1633972738162&amp;source=lnms&amp;tbm=isch&amp;sa=X&amp;ved=2ahUKEwi_tYXl7sLzAhVJzoUKHTK2DtgQ_AUoAXoECAEQAw&amp;biw=1536&amp;bih=739&amp;dpr=1.25">Semeyes</a> /</li>
<li>Poema de Berta Piñán</li>
</ul>
<p>El maíz, también conocido como maíz, es un cereal que los pueblos indígenas domesticaron por primera vez en el sur de México hace unos 10.000 años.</p>
<p><a href="https://upload.wikimedia.org/wikipedia/commons/c/c6/Zea_mays_Blanco2.279.png"><img loading="lazy" decoding="async" class="alignnone" src="https://upload.wikimedia.org/wikipedia/commons/c/c6/Zea_mays_Blanco2.279.png" alt="" width="225" height="326" /></a> /<a href="https://i.blogs.es/5d12d4/maiz-infografia/450_1000.jpg"><img loading="lazy" decoding="async" class="alignnone" src="https://i.blogs.es/5d12d4/maiz-infografia/450_1000.jpg" alt="" width="249" height="522" /></a></p>
<p style="text-align: center">
<!-- iframe plugin v.6.0 wordpress.org/plugins/iframe/ -->
<iframe loading="lazy" width="100%" height="456" src="https://www.youtube.com/embed/XqwKIs0lYRk" 0="/iframe" scrolling="yes" class="iframe-class" frameborder="0"></iframe>
</p>
<p style="text-align: center"><span style="font-size: 14pt;color: #008080"><strong><em>Beneficios:</em></strong></span></p>
<p><a href="https://pbs.twimg.com/media/Dn3iWrwW0AAsi7I.jpg"><img loading="lazy" decoding="async" class="alignnone" src="https://pbs.twimg.com/media/Dn3iWrwW0AAsi7I.jpg" alt="" width="1200" height="927" /></a></p>
<p><a href="https://i.pinimg.com/originals/17/ee/03/17ee039f87a97f21f60442c6b7f921d1.png"><img loading="lazy" decoding="async" class="aligncenter" src="https://i.pinimg.com/originals/17/ee/03/17ee039f87a97f21f60442c6b7f921d1.png" alt="" width="503" height="503" /></a></p>
<ul>
<li><a href="https://www.mundoprimaria.com/lecturas-para-ninos-primaria/curiosidades-sobre-el-maiz">Curiosodades sobre el maiz</a> / <strong><em><span style="font-size: 14pt"><a href="https://www.mundoprimaria.com/lecturas-para-ninos-primaria/juego-curiosidades-maiz">Xuegu</a></span></em></strong></li>
</ul>
<p>¿Sabes que el maíz es uno de los alimentos más antiguos de la Humanidad?</p>
<p>Los investigadores creen que <span style="color: #008080"><strong>México fue el primer lugar del mundo donde el ser humano probó el maíz</strong> </span>Hace unos años se encontraron en este país restos de mazorcas que llevaban miles de años enterradas.</p>
<p>Cuando <span style="color: #008080">Cristóbal Colón descubrió América en 1492</span> se encontró con que había muchos campos hermosos y fértiles donde los indígenas cultivaban alimentos hasta entonces desconocidos en Europa. Uno de los que más despertó su curiosidad fue el maíz.</p>
<p>Tras varios meses de exploración, cogió una buena cantidad de semillas y unas cuantas  mazorcas de la isla de Cuba, y las metió en el barco de vuelta. <span style="color: #008080">Su objetivo era darlo a conocer en España y lo consiguió, porque los campesinos comenzaron a sembrarlo.</span> El maíz se convirtió en un alimento cada vez más habitual entre los españoles y finalmente traspasó las fronteras, haciéndose igualmente popular en el resto del continente europeo.</p>
<p><strong>El maíz se puede comer de muchas maneras distintas.</strong> Cocido como ingrediente de ensaladas y  guisos está riquísimo, pero la mazorca entera, asada con un poco de sal y mantequilla, también es una delicia. El maíz también se puede tostar para obtener los famosos copos de desayuno que se venden en cajas en el supermercado. En cambio, si el grano se seca y después se muele, da como resultado una harina finísima, ideal para preparar tortitas, panes… Tampoco podemos olvidar que una gran parte del maíz que se cultiva se destina a fabricar aceites, margarinas y piensos para animales.</p>
<p>Y por último PALOMITAS CASERAS: Echa un poco de aceite en una sartén y ponla a fuego medio. Añade un puñado de granitos de  maíz palomero, un maíz especial porque es el único que estalla. Después espolvoréalos con una pizca de sal y pon una tapa para que no salten por toda la cocina.</p>
<p style="text-align: center">
<!-- iframe plugin v.6.0 wordpress.org/plugins/iframe/ -->
<iframe loading="lazy" width="100%" height="456" src="https://www.youtube.com/embed/Rhtw5LW2gfQ" 0="/iframe" scrolling="yes" class="iframe-class" frameborder="0"></iframe>
</p>
<hr />
<p>&nbsp;</p>

<p>La casería   d&#8217;Enol Audio: La casería d&#8217; Enol Testu: La casería o quintana asturiana Identificamos los animales de la casería nesti enllaz Para motivanos, un divertidu cuentu n&#8217;asturianu: EL DRAGÓN CHEF  (ver pictogramas en pdf) Audio: El maíz Semeyes / Poema de Berta Piñán El maíz, también conocido como maíz, es un cereal que los [&hellip;]</p>
