{"id":2730,"date":"2021-09-23T19:23:23","date_gmt":"2021-09-23T17:23:23","guid":{"rendered":"https:\/\/edublog.educastur.es\/ixuxullingua\/?page_id=2730"},"modified":"2021-09-26T18:59:29","modified_gmt":"2021-09-26T16:59:29","slug":"01-el-colexu","status":"publish","type":"page","link":"https:\/\/edublog.educastur.es\/ixuxullingua\/2-segundu\/segundu-21-22\/05-primer-trimestre\/01-el-colexu\/","title":{"rendered":"01 El colexu"},"content":{"rendered":"<p style=\"text-align: center\">\n<!-- iframe plugin v.6.0 wordpress.org\/plugins\/iframe\/ -->\n<iframe loading=\"lazy\" width=\"100%\" height=\"345\" src=\"https:\/\/www.youtube.com\/embed\/K19qJvp76Dg\" 0=\"\/iframe\" scrolling=\"yes\" class=\"iframe-class\" frameborder=\"0\"><\/iframe>\n<\/p>\n<ul>\n<li style=\"text-align: center\"><a href=\"http:\/\/1.bp.blogspot.com\/-DG3zLXX2KmY\/UZtRN69fF9I\/AAAAAAAAB2A\/qVwDHWHYWGg\/s1600\/coche-viejo-con-el-sobrecalentamiento-del-radiador.jpg\"><img loading=\"lazy\" decoding=\"async\" class=\"aligncenter\" src=\"http:\/\/1.bp.blogspot.com\/-DG3zLXX2KmY\/UZtRN69fF9I\/AAAAAAAAB2A\/qVwDHWHYWGg\/s400\/coche-viejo-con-el-sobrecalentamiento-del-radiador.jpg\" width=\"300\" height=\"400\" border=\"0\" \/><\/a><strong><span style=\"font-size: 14pt\"><a href=\"https:\/\/educastur-my.sharepoint.com\/:u:\/g\/personal\/isabellh_educastur_org\/EVT9vjCxqttOswa-P8ccPPoBNOoO_tv7wpZEFCn4HvpT0g?e=GPSHLd\">Enllaz AUDIO desde OneDrive<\/a><\/span><\/strong><\/li>\n<\/ul>\n<div style=\"text-align: center\"><span style=\"color: #800080;font-size: 18pt\"><em><b>El coche&#8217;l maestru.<\/b><\/em><\/span><\/div>\n<p style=\"text-align: center\"><em><span style=\"font-size: 14pt;color: #008080\"><b>Va tiempu que nun se ve<\/b><\/span><\/em><br \/>\n<em><span style=\"font-size: 14pt;color: #008080\"><b>en pueblu cacharru tal.<\/b><\/span><\/em><br \/>\n<em><span style=\"font-size: 14pt;color: #008080\"><b>Pol ru\u00edu paez un avi\u00f3n<\/b><\/span><\/em><br \/>\n<em><span style=\"font-size: 14pt;color: #008080\"><b>y pol fumu un calamar.<\/b><\/span><\/em><br \/>\n<em><span style=\"font-size: 14pt;color: #008080\"><b><br \/>\n<\/b> <b>El coche\u2019l maestru tien m\u00e1s a\u00f1os y\u00e1<\/b><\/span><\/em><br \/>\n<em><span style=\"font-size: 14pt;color: #008080\"><b>que la campanona de la catedral.<\/b><\/span><\/em><br \/>\n<em><span style=\"font-size: 14pt;color: #008080\"><b>Nin frena, nin pita, nin tien marcha atr\u00e1s,<\/b><\/span><\/em><br \/>\n<em><span style=\"font-size: 14pt;color: #008080\"><b>y el gatu ye un gatu miagar.<\/b><\/span><\/em><br \/>\n<em><span style=\"font-size: 14pt;color: #008080\"><b><br \/>\n<\/b> <b>Nun tien un torniellu bien,<\/b><\/span><\/em><br \/>\n<em><span style=\"font-size: 14pt;color: #008080\"><b>falta-y una puerta atr\u00e1s,<\/b><\/span><\/em><br \/>\n<em><span style=\"font-size: 14pt;color: #008080\"><b>Y milagrosu paez<\/b><\/span><\/em><br \/>\n<em><span style=\"font-size: 14pt;color: #008080\"><b>qu&#8217;esi trastu puea andar.<\/b><\/span><\/em><br \/>\n<em><span style=\"font-size: 14pt;color: #008080\"><b><br \/>\n<\/b> <b>El coche&#8217;l maestru tien m\u00e1s a\u00f1os y\u00e1<\/b><\/span><\/em><br \/>\n<em><span style=\"font-size: 14pt;color: #008080\"><b>que la campanona de la catedral.<\/b><\/span><\/em><br \/>\n<em><span style=\"font-size: 14pt;color: #008080\"><b>Nin frena, nin pita, nin tien marcha atr\u00e1s,<\/b><\/span><\/em><br \/>\n<em><span style=\"font-size: 14pt;color: #008080\"><b>y el gatu ye un gatu miagar.<\/b><\/span><\/em><\/p>\n<p style=\"text-align: center\"><em><span style=\"font-size: 14pt;color: #008080\"><b>Fr\u00e9nalu sacando un pie,<\/b><\/span><\/em><br \/>\n<em><span style=\"font-size: 14pt;color: #008080\"><b>tami\u00e9n-y falta un cristal;<\/b><\/span><\/em><br \/>\n<em><span style=\"font-size: 14pt;color: #008080\"><b>va tiempu que nun se ve<\/b><\/span><\/em><br \/>\n<em><span style=\"font-size: 14pt;color: #008080\"><b>en pueblu cacharru tal.<\/b><\/span><\/em><br \/>\n<em><span style=\"font-size: 14pt;color: #008080\"><b><br \/>\n<\/b> <b>El coche\u2019l maestru tien m\u00e1s a\u00f1os y\u00e1<\/b><\/span><\/em><br \/>\n<em><span style=\"font-size: 14pt;color: #008080\"><b>que la campanona de la catedral.<\/b><\/span><\/em><br \/>\n<em><span style=\"font-size: 14pt;color: #008080\"><b>Nin frena, nin pita, nin tien marcha atr\u00e1s,<\/b><\/span><\/em><br \/>\n<em><span style=\"font-size: 14pt;color: #008080\"><b>y el gatu ye un gatu miagar.<\/b><\/span><\/em><\/p>\n<hr \/>\n<p style=\"text-align: center\"><a href=\"https:\/\/westeurope1-mediap.svc.ms\/transform\/thumbnail?provider=spo&amp;inputFormat=jpg&amp;cs=fFNQTw&amp;docid=https%3A%2F%2Feducastur-my.sharepoint.com%3A443%2F_api%2Fv2.0%2Fdrives%2Fb!SwRxMhYTBEKES8OtK7mVLyi4wwOPp49HimwbtlnLo8LNJsjJvqxHSYde_C6rBW6-%2Fitems%2F01WE36N5BCOOMV5KB4MFEZW7367FCF7F5H%3Fversion%3DPublished&amp;cTag=%22c%3A%7B5E997322-3CA8-4961-9B7F-7EF9445F97A7%7D%2C1%22&amp;encodeFailures=1&amp;width=1056&amp;height=880&amp;srcWidth=3600&amp;srcHeight=3000\"><img loading=\"lazy\" decoding=\"async\" class=\"alignnone\" src=\"https:\/\/westeurope1-mediap.svc.ms\/transform\/thumbnail?provider=spo&amp;inputFormat=jpg&amp;cs=fFNQTw&amp;docid=https%3A%2F%2Feducastur-my.sharepoint.com%3A443%2F_api%2Fv2.0%2Fdrives%2Fb!SwRxMhYTBEKES8OtK7mVLyi4wwOPp49HimwbtlnLo8LNJsjJvqxHSYde_C6rBW6-%2Fitems%2F01WE36N5BCOOMV5KB4MFEZW7367FCF7F5H%3Fversion%3DPublished&amp;cTag=%22c%3A%7B5E997322-3CA8-4961-9B7F-7EF9445F97A7%7D%2C1%22&amp;encodeFailures=1&amp;width=1056&amp;height=880&amp;srcWidth=3600&amp;srcHeight=3000\" alt=\"\" width=\"1056\" height=\"880\" \/><\/a><\/p>\n<p style=\"text-align: center\"><a href=\"https:\/\/westeurope1-mediap.svc.ms\/transform\/thumbnail?provider=spo&amp;inputFormat=jpg&amp;cs=fFNQTw&amp;docid=https%3A%2F%2Feducastur-my.sharepoint.com%3A443%2F_api%2Fv2.0%2Fdrives%2Fb!SwRxMhYTBEKES8OtK7mVLyi4wwOPp49HimwbtlnLo8LNJsjJvqxHSYde_C6rBW6-%2Fitems%2F01WE36N5AFXK5RS24NTFHLM7LAHLR2I5LS%3Fversion%3DPublished&amp;cTag=%22c%3A%7B19BBBA05-8D6B-4E99-B67D-603AE3A47572%7D%2C1%22&amp;encodeFailures=1&amp;width=332&amp;height=880&amp;srcWidth=1448&amp;srcHeight=3848\"><img loading=\"lazy\" decoding=\"async\" class=\"alignnone\" src=\"https:\/\/westeurope1-mediap.svc.ms\/transform\/thumbnail?provider=spo&amp;inputFormat=jpg&amp;cs=fFNQTw&amp;docid=https%3A%2F%2Feducastur-my.sharepoint.com%3A443%2F_api%2Fv2.0%2Fdrives%2Fb!SwRxMhYTBEKES8OtK7mVLyi4wwOPp49HimwbtlnLo8LNJsjJvqxHSYde_C6rBW6-%2Fitems%2F01WE36N5AFXK5RS24NTFHLM7LAHLR2I5LS%3Fversion%3DPublished&amp;cTag=%22c%3A%7B19BBBA05-8D6B-4E99-B67D-603AE3A47572%7D%2C1%22&amp;encodeFailures=1&amp;width=332&amp;height=880&amp;srcWidth=1448&amp;srcHeight=3848\" alt=\"\" width=\"331\" height=\"880\" \/><\/a><\/p>\n<ul>\n<li style=\"text-align: center\"><a href=\"https:\/\/educastur-my.sharepoint.com\/:b:\/g\/personal\/isabellh_educastur_org\/EcznLDzm8lFBtc7y-bPbyUYBo_zAfUTWtCYraee-58mAmA?e=HTUTKQ\"><span style=\"color: #008080\"><strong><em><span style=\"font-size: 18pt\">Vocabulariu NA ESCUELA<\/span><\/em><\/strong><\/span><\/a><\/li>\n<\/ul>\n<p>&nbsp;<\/p>\n<p style=\"text-align: center\"><a href=\"https:\/\/westeurope1-mediap.svc.ms\/transform\/thumbnail?provider=spo&amp;inputFormat=jpg&amp;cs=fFNQTw&amp;docid=https%3A%2F%2Feducastur-my.sharepoint.com%3A443%2F_api%2Fv2.0%2Fdrives%2Fb!SwRxMhYTBEKES8OtK7mVLyi4wwOPp49HimwbtlnLo8LNJsjJvqxHSYde_C6rBW6-%2Fitems%2F01WE36N5C7OVALZI4RLNDJA45HPLOKIF4D%3Fversion%3DPublished&amp;cTag=%22c%3A%7BBC40755F-91A3-465B-9073-A77ADCA41783%7D%2C1%22&amp;encodeFailures=1&amp;width=744&amp;height=880&amp;srcWidth=2886&amp;srcHeight=3417\"><img loading=\"lazy\" decoding=\"async\" class=\"alignnone\" src=\"https:\/\/westeurope1-mediap.svc.ms\/transform\/thumbnail?provider=spo&amp;inputFormat=jpg&amp;cs=fFNQTw&amp;docid=https%3A%2F%2Feducastur-my.sharepoint.com%3A443%2F_api%2Fv2.0%2Fdrives%2Fb!SwRxMhYTBEKES8OtK7mVLyi4wwOPp49HimwbtlnLo8LNJsjJvqxHSYde_C6rBW6-%2Fitems%2F01WE36N5C7OVALZI4RLNDJA45HPLOKIF4D%3Fversion%3DPublished&amp;cTag=%22c%3A%7BBC40755F-91A3-465B-9073-A77ADCA41783%7D%2C1%22&amp;encodeFailures=1&amp;width=744&amp;height=880&amp;srcWidth=2886&amp;srcHeight=3417\" alt=\"\" width=\"743\" height=\"880\" \/><\/a><\/p>\n<p>&nbsp;<\/p>\n<hr \/>\n<p style=\"text-align: center\"><a href=\"https:\/\/westeurope1-mediap.svc.ms\/transform\/thumbnail?provider=spo&amp;inputFormat=jpg&amp;cs=fFNQTw&amp;docid=https%3A%2F%2Feducastur-my.sharepoint.com%3A443%2F_api%2Fv2.0%2Fdrives%2Fb!SwRxMhYTBEKES8OtK7mVLyi4wwOPp49HimwbtlnLo8LNJsjJvqxHSYde_C6rBW6-%2Fitems%2F01WE36N5DM2UVN7VTY7BGKSJB52LI5MKPY%3Fversion%3DPublished&amp;cTag=%22c%3A%7BDF2AD56C-78D6-4CF8-A924-3DD2D1D629F8%7D%2C1%22&amp;encodeFailures=1&amp;width=630&amp;height=880&amp;srcWidth=2809&amp;srcHeight=3928\"><img loading=\"lazy\" decoding=\"async\" class=\"alignnone\" src=\"https:\/\/westeurope1-mediap.svc.ms\/transform\/thumbnail?provider=spo&amp;inputFormat=jpg&amp;cs=fFNQTw&amp;docid=https%3A%2F%2Feducastur-my.sharepoint.com%3A443%2F_api%2Fv2.0%2Fdrives%2Fb!SwRxMhYTBEKES8OtK7mVLyi4wwOPp49HimwbtlnLo8LNJsjJvqxHSYde_C6rBW6-%2Fitems%2F01WE36N5DM2UVN7VTY7BGKSJB52LI5MKPY%3Fversion%3DPublished&amp;cTag=%22c%3A%7BDF2AD56C-78D6-4CF8-A924-3DD2D1D629F8%7D%2C1%22&amp;encodeFailures=1&amp;width=630&amp;height=880&amp;srcWidth=2809&amp;srcHeight=3928\" alt=\"\" width=\"629\" height=\"880\" \/><\/a><\/p>\n<p><a href=\"https:\/\/westeurope1-mediap.svc.ms\/transform\/thumbnail?provider=spo&amp;inputFormat=jpg&amp;cs=fFNQTw&amp;docid=https%3A%2F%2Feducastur-my.sharepoint.com%3A443%2F_api%2Fv2.0%2Fdrives%2Fb!SwRxMhYTBEKES8OtK7mVLyi4wwOPp49HimwbtlnLo8LNJsjJvqxHSYde_C6rBW6-%2Fitems%2F01WE36N5FC3QNPZUNLOJFKVDKE2DCKB5GT%3Fversion%3DPublished&amp;cTag=%22c%3A%7BFC1ADCA2-ABD1-4A72-AA8D-44D0C4A0F4D3%7D%2C1%22&amp;encodeFailures=1&amp;width=613&amp;height=880&amp;srcWidth=2728&amp;srcHeight=3920\"><img loading=\"lazy\" decoding=\"async\" class=\"aligncenter\" src=\"https:\/\/westeurope1-mediap.svc.ms\/transform\/thumbnail?provider=spo&amp;inputFormat=jpg&amp;cs=fFNQTw&amp;docid=https%3A%2F%2Feducastur-my.sharepoint.com%3A443%2F_api%2Fv2.0%2Fdrives%2Fb!SwRxMhYTBEKES8OtK7mVLyi4wwOPp49HimwbtlnLo8LNJsjJvqxHSYde_C6rBW6-%2Fitems%2F01WE36N5FC3QNPZUNLOJFKVDKE2DCKB5GT%3Fversion%3DPublished&amp;cTag=%22c%3A%7BFC1ADCA2-ABD1-4A72-AA8D-44D0C4A0F4D3%7D%2C1%22&amp;encodeFailures=1&amp;width=613&amp;height=880&amp;srcWidth=2728&amp;srcHeight=3920\" alt=\"\" width=\"612\" height=\"880\" \/><\/a><\/p>\n<p style=\"text-align: center\"><a href=\"https:\/\/westeurope1-mediap.svc.ms\/transform\/thumbnail?provider=spo&amp;inputFormat=jpg&amp;cs=fFNQTw&amp;docid=https%3A%2F%2Feducastur-my.sharepoint.com%3A443%2F_api%2Fv2.0%2Fdrives%2Fb!SwRxMhYTBEKES8OtK7mVLyi4wwOPp49HimwbtlnLo8LNJsjJvqxHSYde_C6rBW6-%2Fitems%2F01WE36N5BENR2VZ6B3B5FY72EAOFDVB2Q3%3Fversion%3DPublished&amp;cTag=%22c%3A%7B5C756C24-3BF8-4B0F-8FE8-80714750EA1B%7D%2C1%22&amp;encodeFailures=1&amp;width=670&amp;height=880&amp;srcWidth=2845&amp;srcHeight=3741\"><img loading=\"lazy\" decoding=\"async\" class=\"alignnone\" src=\"https:\/\/westeurope1-mediap.svc.ms\/transform\/thumbnail?provider=spo&amp;inputFormat=jpg&amp;cs=fFNQTw&amp;docid=https%3A%2F%2Feducastur-my.sharepoint.com%3A443%2F_api%2Fv2.0%2Fdrives%2Fb!SwRxMhYTBEKES8OtK7mVLyi4wwOPp49HimwbtlnLo8LNJsjJvqxHSYde_C6rBW6-%2Fitems%2F01WE36N5BENR2VZ6B3B5FY72EAOFDVB2Q3%3Fversion%3DPublished&amp;cTag=%22c%3A%7B5C756C24-3BF8-4B0F-8FE8-80714750EA1B%7D%2C1%22&amp;encodeFailures=1&amp;width=670&amp;height=880&amp;srcWidth=2845&amp;srcHeight=3741\" alt=\"\" width=\"669\" height=\"880\" \/><\/a><\/p>\n","protected":false},"excerpt":{"rendered":"<p>Enllaz AUDIO desde OneDrive El coche&#8217;l maestru. Va tiempu que nun se ve en pueblu cacharru tal. Pol ru\u00edu paez un avi\u00f3n y pol fumu un calamar. El coche\u2019l maestru tien m\u00e1s a\u00f1os y\u00e1 que la campanona de la catedral. Nin frena, nin pita, nin tien marcha atr\u00e1s, y el gatu ye un gatu miagar. [&hellip;]<\/p>\n","protected":false},"author":117,"featured_media":0,"parent":271,"menu_order":0,"comment_status":"closed","ping_status":"closed","template":"","meta":{"footnotes":""},"class_list":["post-2730","page","type-page","status-publish","hentry","post-preview"],"_links":{"self":[{"href":"https:\/\/edublog.educastur.es\/ixuxullingua\/wp-json\/wp\/v2\/pages\/2730","targetHints":{"allow":["GET"]}}],"collection":[{"href":"https:\/\/edublog.educastur.es\/ixuxullingua\/wp-json\/wp\/v2\/pages"}],"about":[{"href":"https:\/\/edublog.educastur.es\/ixuxullingua\/wp-json\/wp\/v2\/types\/page"}],"author":[{"embeddable":true,"href":"https:\/\/edublog.educastur.es\/ixuxullingua\/wp-json\/wp\/v2\/users\/117"}],"replies":[{"embeddable":true,"href":"https:\/\/edublog.educastur.es\/ixuxullingua\/wp-json\/wp\/v2\/comments?post=2730"}],"version-history":[{"count":10,"href":"https:\/\/edublog.educastur.es\/ixuxullingua\/wp-json\/wp\/v2\/pages\/2730\/revisions"}],"predecessor-version":[{"id":2858,"href":"https:\/\/edublog.educastur.es\/ixuxullingua\/wp-json\/wp\/v2\/pages\/2730\/revisions\/2858"}],"up":[{"embeddable":true,"href":"https:\/\/edublog.educastur.es\/ixuxullingua\/wp-json\/wp\/v2\/pages\/271"}],"wp:attachment":[{"href":"https:\/\/edublog.educastur.es\/ixuxullingua\/wp-json\/wp\/v2\/media?parent=2730"}],"curies":[{"name":"wp","href":"https:\/\/api.w.org\/{rel}","templated":true}]}}