{"id":2765,"date":"2021-09-26T12:29:28","date_gmt":"2021-09-26T10:29:28","guid":{"rendered":"https:\/\/edublog.educastur.es\/ixuxullingua\/?page_id=2765"},"modified":"2021-09-26T12:36:02","modified_gmt":"2021-09-26T10:36:02","slug":"segundu-20-21","status":"publish","type":"page","link":"https:\/\/edublog.educastur.es\/ixuxullingua\/2-segundu\/segundu-20-21\/","title":{"rendered":"Segundu 20-21"},"content":{"rendered":"<p>&nbsp;<\/p>\n<ul>\n<li><a href=\"https:\/\/educastur.sharepoint.com\/:f:\/r\/sites\/C.P.CARMENRUIZ-TILVE-ESPECIALISTA_LLINGUAASTURIANA\/Documentos%20compartidos\/ESPECIALISTA_LLINGUA%20ASTURIANA\/Llingua_2%C2%BAD?csf=1&amp;web=1&amp;e=af5RwS\">Accesu a TAREA de Clas 2\u00baD de Llingua d\u00b4Isa<\/a><\/li>\n<\/ul>\n<hr \/>\n<p><em><span style=\"font-size: 24pt\"><a href=\"https:\/\/edublog.educastur.es\/ixuxullingua\/2-segundu\/\"><strong>2. SEGUNDU<\/strong><\/a><\/span><\/em><\/p>\n<ul class=\"children\">\n<li class=\"page_item page-item-110\"><em><span style=\"font-size: 24pt\"><a href=\"https:\/\/edublog.educastur.es\/ixuxullingua\/2-segundu\/1-2020-primavera\/\">01) 2020 Primavera<\/a><\/span><\/em><\/li>\n<li class=\"page_item page-item-212 page_item_has_children\"><em><span style=\"font-size: 24pt\"><a href=\"https:\/\/edublog.educastur.es\/ixuxullingua\/2-segundu\/2020-setiembre\/\"><strong>02) 2020_21 Primer trimestre<\/strong><\/a><\/span><\/em><\/li>\n<li class=\"page_item page-item-1152\"><em><span style=\"font-size: 24pt\"><a href=\"https:\/\/edublog.educastur.es\/ixuxullingua\/2-segundu\/2020-setiembre\/sesion-01\/\">Sesi\u00f3n 01<\/a><\/span><\/em><\/li>\n<li class=\"page_item page-item-1154\"><em><span style=\"font-size: 24pt\"><a href=\"https:\/\/edublog.educastur.es\/ixuxullingua\/2-segundu\/2020-setiembre\/sesion-02\/\">Sesi\u00f3n 02<\/a><\/span><\/em><\/li>\n<li class=\"page_item page-item-1203\"><em><span style=\"font-size: 24pt\"><a href=\"https:\/\/edublog.educastur.es\/ixuxullingua\/2-segundu\/2020-setiembre\/sesion-03\/\">Sesi\u00f3n 03<\/a><\/span><\/em><\/li>\n<li class=\"page_item page-item-1205\"><em><span style=\"font-size: 24pt\"><a href=\"https:\/\/edublog.educastur.es\/ixuxullingua\/2-segundu\/2020-setiembre\/sesion-04\/\">Sesi\u00f3n 04<\/a><\/span><\/em><\/li>\n<li class=\"page_item page-item-1207\"><em><span style=\"font-size: 24pt\"><a href=\"https:\/\/edublog.educastur.es\/ixuxullingua\/2-segundu\/2020-setiembre\/sesion-05\/\">Sesi\u00f3n 05<\/a><\/span><\/em><\/li>\n<li class=\"page_item page-item-1201\"><em><span style=\"font-size: 24pt\"><a href=\"https:\/\/edublog.educastur.es\/ixuxullingua\/2-segundu\/2020-setiembre\/sesion-06\/\">Sesi\u00f3n 06<\/a><\/span><\/em><\/li>\n<li class=\"page_item page-item-1309\"><em><span style=\"font-size: 24pt\"><a href=\"https:\/\/edublog.educastur.es\/ixuxullingua\/2-segundu\/2020-setiembre\/sesion-07\/\">Sesi\u00f3n 07<\/a><\/span><\/em><\/li>\n<li class=\"page_item page-item-1481\"><em><span style=\"font-size: 24pt\"><a href=\"https:\/\/edublog.educastur.es\/ixuxullingua\/2-segundu\/2020-setiembre\/sesion-08\/\">Sesi\u00f3n 08<\/a><\/span><\/em><\/li>\n<li class=\"page_item page-item-1485\"><a href=\"https:\/\/edublog.educastur.es\/ixuxullingua\/2-segundu\/2020-setiembre\/sesion-09\/\"><em><span style=\"font-size: 24pt\">Sesi\u00f3n 09<\/span><\/em><\/a><\/li>\n<\/ul>\n<ul class=\"children\">\n<li class=\"page_item page-item-227\"><em><span style=\"font-size: 24pt\"><a href=\"https:\/\/edublog.educastur.es\/ixuxullingua\/2-segundu\/03-ochobre\/\">03) 2020_21 Segundu trimestre<\/a><\/span><\/em><\/li>\n<li class=\"page_item page-item-259\"><em><span style=\"font-size: 24pt\"><a href=\"https:\/\/edublog.educastur.es\/ixuxullingua\/2-segundu\/04-2020-payares\/\">04) 2020_21 Tercer trimestre<\/a><\/span><\/em><\/li>\n<\/ul>\n<hr \/>\n<p><a href=\"https:\/\/educastur-my.sharepoint.com\/:b:\/g\/personal\/isabellh_educastur_org\/EUPbWckU9OhAiNYlYSQrRPABq_a34NaojSZen9KXslp5TQ?e=SA37dS\"><em><strong>Segundu<\/strong><\/em><\/a><br \/>\n\n<!-- iframe plugin v.6.0 wordpress.org\/plugins\/iframe\/ -->\n<iframe loading=\"lazy\" src=\"https:\/\/drive.google.com\/file\/d\/1zj4p165XWVQahLlLOhFAeMacPFMekGZD\/preview\" width=\"704\" height=\"980\" 0=\"\/iframe\" scrolling=\"yes\" class=\"iframe-class\" frameborder=\"0\"><\/iframe>\n<\/p>\n","protected":false},"excerpt":{"rendered":"<p>&nbsp; Accesu a TAREA de Clas 2\u00baD de Llingua d\u00b4Isa 2. SEGUNDU 01) 2020 Primavera 02) 2020_21 Primer trimestre Sesi\u00f3n 01 Sesi\u00f3n 02 Sesi\u00f3n 03 Sesi\u00f3n 04 Sesi\u00f3n 05 Sesi\u00f3n 06 Sesi\u00f3n 07 Sesi\u00f3n 08 Sesi\u00f3n 09 03) 2020_21 Segundu trimestre 04) 2020_21 Tercer trimestre Segundu<\/p>\n","protected":false},"author":117,"featured_media":0,"parent":18,"menu_order":0,"comment_status":"closed","ping_status":"closed","template":"","meta":{"footnotes":""},"class_list":["post-2765","page","type-page","status-publish","hentry","post-preview"],"_links":{"self":[{"href":"https:\/\/edublog.educastur.es\/ixuxullingua\/wp-json\/wp\/v2\/pages\/2765","targetHints":{"allow":["GET"]}}],"collection":[{"href":"https:\/\/edublog.educastur.es\/ixuxullingua\/wp-json\/wp\/v2\/pages"}],"about":[{"href":"https:\/\/edublog.educastur.es\/ixuxullingua\/wp-json\/wp\/v2\/types\/page"}],"author":[{"embeddable":true,"href":"https:\/\/edublog.educastur.es\/ixuxullingua\/wp-json\/wp\/v2\/users\/117"}],"replies":[{"embeddable":true,"href":"https:\/\/edublog.educastur.es\/ixuxullingua\/wp-json\/wp\/v2\/comments?post=2765"}],"version-history":[{"count":3,"href":"https:\/\/edublog.educastur.es\/ixuxullingua\/wp-json\/wp\/v2\/pages\/2765\/revisions"}],"predecessor-version":[{"id":2777,"href":"https:\/\/edublog.educastur.es\/ixuxullingua\/wp-json\/wp\/v2\/pages\/2765\/revisions\/2777"}],"up":[{"embeddable":true,"href":"https:\/\/edublog.educastur.es\/ixuxullingua\/wp-json\/wp\/v2\/pages\/18"}],"wp:attachment":[{"href":"https:\/\/edublog.educastur.es\/ixuxullingua\/wp-json\/wp\/v2\/media?parent=2765"}],"curies":[{"name":"wp","href":"https:\/\/api.w.org\/{rel}","templated":true}]}}