{"id":2863,"date":"2021-09-29T23:17:50","date_gmt":"2021-09-29T21:17:50","guid":{"rendered":"https:\/\/edublog.educastur.es\/ixuxullingua\/?page_id=2863"},"modified":"2021-10-14T12:06:47","modified_gmt":"2021-10-14T10:06:47","slug":"indumentaria-2021","status":"publish","type":"page","link":"https:\/\/edublog.educastur.es\/ixuxullingua\/5-quintu\/quintu-21-22\/05-primer-trimestre\/indumentaria-2021\/","title":{"rendered":"Indumentaria 2021"},"content":{"rendered":"<ul>\n<li><strong>Actividaes Cultura A.\u00a0<\/strong> <a href=\"https:\/\/educastur-my.sharepoint.com\/:w:\/g\/personal\/isabellh_educastur_org\/EVbR8ml_C5pIlbhudN3LEEcB6HHhYsnRIux29eRDxXJ_DA?e=f7h2Vf\">Hoja 1<\/a> \/ <a href=\"https:\/\/educastur-my.sharepoint.com\/:w:\/g\/personal\/isabellh_educastur_org\/EUWjCQKTHFtMud145KtQMLYBVyJPv7ta_mBSYwdjlesv8w?e=usE6oW\">Hoja 2<\/a> \/<\/li>\n<li><a href=\"https:\/\/educastur-my.sharepoint.com\/:f:\/g\/personal\/isabellh_educastur_org\/Ek4xHPMKc-9Cu_N1nBFZRRsBA1zRsb7a0spN5F_uxIeM7w?e=U5aKOW\"><em>CARPETA PROFES con documentaci\u00f3n<\/em><\/a><\/li>\n<li><a href=\"https:\/\/edublog.educastur.es\/corredoria3\/5o-pri\/cultura-asturiana\/primer-trimestre\/sesion-01\/\">Enlace a Sesi\u00f3n de Indumentaria 2020<\/a><\/li>\n<li><span style=\"color: #800080\"><strong>Domingu 26 Setiembre 2021<\/strong><\/span><\/li>\n<li><strong>Indumentaria. D\u00eda del Traxe<\/strong>: <a href=\"https:\/\/indumentaria.com.es\/?fbclid=IwAR09xK1UP5Qh0ReqdHd_PQBuaMpYHv1k3YgDFQs3hrNUCuKvY7TP4QhR-9A\">Web<\/a> \/ <a href=\"https:\/\/www.facebook.com\/concursuindumentaria\">Facebook<\/a><\/li>\n<li>Fotos: <a href=\"https:\/\/www.elcomercio.es\/centro\/grado-celebra-dial-traxel-pais-20210926164927-ga.html?vca=dgtk-rrss-ecm&amp;vso=fb&amp;vmc=social&amp;vli=ecm&amp;_tcode=bHc3cWQx&amp;fbclid=IwAR1JteOWI3Ux27OFphrEwBk-ptizcV6tyYmC9YM1SJGZkmgep_ohJiHV1fI\">El Comercio<\/a> \/ <a href=\"https:\/\/educastur-my.sharepoint.com\/:f:\/g\/personal\/isabellh_educastur_org\/EiFAyTzCkjdDqzahNkBUvwUBB3MKONd8KOgXxhlSgwfd6g?e=uSjZce\"><em>VER FOTOS 2021<\/em><\/a><\/li>\n<li><strong>Art\u00edculos: <a href=\"https:\/\/www.nortes.me\/2021\/09\/26\/grau-pon-el-paxellu-y-presume-dasturiania\/?fbclid=IwAR256uojUVxUNngDpjWgBAG7KvMEmTpFqFwuROCOyx7deDL1bIUtRsjl8AQ\">Nortes.me<\/a> \/<a href=\"https:\/\/lavozdeltrubia.es\/2021\/09\/27\/marcos-luengo-hay-que-apostar-por-el-dial-traxe-para-que-llegue-a-ser-muy-grande\/?fbclid=IwAR0WYUbbxUNPzn78nLHNYcHnwiiAp10Cr8btyS7w6zae3rpxG31L-zUdcGY\"> La Voz del Trubia<\/a> \/<\/strong><\/li>\n<li>Art\u00edculo: <a href=\"https:\/\/www.lne.es\/centro\/2021\/09\/19\/grado-apego-ropa-asturiana-57442515.html\">Grado, apego por ropa asturiana<\/a> \/<\/li>\n<\/ul>\n<p>El domingu 26 de setiembre, na Plaza los Dolores de Grau, a les once hores, va entamar <strong>Indumentaria 2021, el Quintu Concursu de Traxes Tradicionales Asturianos<\/strong>. Van poder participar, inscribi\u00e9ndose nesta web del 1 al 20 de setiembre, homes y muyeres pa llucir el traxe\u2019l pa\u00eds de gala o de diario.<\/p>\n<p><a href=\"https:\/\/www.nortes.me\/wp-content\/uploads\/2021\/09\/IGF_3553-1068x712.jpg\"><img loading=\"lazy\" decoding=\"async\" class=\"alignnone\" src=\"https:\/\/www.nortes.me\/wp-content\/uploads\/2021\/09\/IGF_3553-1068x712.jpg\" alt=\"\" width=\"1068\" height=\"712\" \/><\/a><\/p>\n<p><em>Ganadores de la edici\u00f3n 2021. <a href=\"https:\/\/www.nortes.me\/2021\/09\/26\/grau-pon-el-paxellu-y-presume-dasturiania\/?fbclid=IwAR256uojUVxUNngDpjWgBAG7KvMEmTpFqFwuROCOyx7deDL1bIUtRsjl8AQ\"><strong>VER M\u00c1S FOTOS EN ESTE ENLACE<\/strong><\/a><\/em><\/p>\n<p>Tou ali\u00f3se ayeri por que&#8217;l <strong>D\u00eda\u2019l traxe<\/strong>\u2019 fuera una fiesta, y una celebraci\u00f3n de la cultura y l&#8217;identid\u00e1 asturianes. Munchos d&#8217;ellos anim\u00e1ronse a llucir \u00abtraxe\u00bb, ente los que se cunt\u00f3 al dise\u00f1ador mosc\u00f3n <a href=\"https:\/\/www.marcosluengo.com\/\"><strong>Marcos Luengo<\/strong><\/a>, un referente de la moda espa\u00f1ola qu&#8217;alleg\u00f3 al singular desfile acompa\u00f1\u00e1u pola so f\u00eda.<\/p>\n<p><em>\u00abVini tolos a\u00f1os a esti eventu, pero ye la primer vegada que visto, toi encant\u00e1u, ye una iniciativa bien interesante pa Grao, una iniciativa culta, fecha con bon gustu, y creo que si se -y sacara provechu, de forma que xenerara talleres, o un pequenu mus\u00e9u onde pudieren esponese los traxes premiaos, ser\u00eda un gran aliciente pal pueblu qu&#8217;enllazar\u00eda perfectamente col Cam\u00edn de Santiago. Creo que tenemos que sofitar esta iniciativa y faer qu&#8217;esto apuerte a bien grande\u00bb.<\/em><\/p>\n<p><a href=\"https:\/\/lavozdeltrubia.es\/wp-content\/uploads\/2021\/09\/Marcos-Luengo.jpeg\"><img loading=\"lazy\" decoding=\"async\" class=\"alignnone\" src=\"https:\/\/lavozdeltrubia.es\/wp-content\/uploads\/2021\/09\/Marcos-Luengo.jpeg\" alt=\"\" width=\"1024\" height=\"823\" \/><\/a><\/p>\n<p><span class=\"d2edcug0 hpfvmrgz qv66sw1b c1et5uql lr9zc1uh a8c37x1j keod5gw0 nxhoafnm aigsh9s9 d3f4x2em fe6kdd0r mau55g9w c8b282yb iv3no6db jq4qci2q a3bd9o3v b1v8xokw oo9gr5id hzawbc8m\" dir=\"auto\">N&#8217;Indumentaria 2021 ense\u00f1\u00e1ronse dos pieces aut\u00e9ntiques del sieglu XIX. Un camis\u00f3n de llinu que se guarda nel pueblu d&#8217;Anzu, y que dieron con \u00e9l Amb\u00e1s y Rams\u00e9s, y que la familia propietaria cedi\u00f3 pa que lu ense\u00f1\u00e1remos y un xustillu de Sama Grau de la colecci\u00f3n de Cos Mendendez.<\/span><\/p>\n<p>La V Edici\u00f3n de\u2019l D\u00eda\u2019l traxe\u2019l pa\u00eds volvi\u00f3 al conceyu mosc\u00f3n depu\u00e9s de tar un a\u00f1u parada pola pandemia.<a href=\"https:\/\/www.nortes.me\/2021\/09\/26\/grau-pon-el-paxellu-y-presume-dasturiania\/?fbclid=IwAR256uojUVxUNngDpjWgBAG7KvMEmTpFqFwuROCOyx7deDL1bIUtRsjl8AQ\"><strong> Equ\u00ed puedes ver una galer\u00eda coles meyores im\u00e1xenes del desfile.<\/strong><\/a><\/p>\n<hr \/>\n<p style=\"text-align: center\">\n<!-- iframe plugin v.6.0 wordpress.org\/plugins\/iframe\/ -->\n<iframe loading=\"lazy\" src=\"https:\/\/drive.google.com\/file\/d\/11ru8H356COBaviwO_MIPK_s7H8i7SamO\/preview\" width=\"640\" height=\"480\" allow=\"autoplay\" 0=\"\/iframe\" scrolling=\"yes\" class=\"iframe-class\" frameborder=\"0\"><\/iframe>\n<\/p>\n<p style=\"text-align: center\">\n<!-- iframe plugin v.6.0 wordpress.org\/plugins\/iframe\/ -->\n<iframe loading=\"lazy\" src=\"https:\/\/drive.google.com\/file\/d\/1lvvyGLRBwgkMxKmROe1Q4Hm1CNE1U8cg\/preview\" width=\"640\" height=\"480\" allow=\"autoplay\" 0=\"\/iframe\" scrolling=\"yes\" class=\"iframe-class\" frameborder=\"0\"><\/iframe>\n<\/p>\n<p style=\"text-align: center\">\n<!-- iframe plugin v.6.0 wordpress.org\/plugins\/iframe\/ -->\n<iframe loading=\"lazy\" src=\"https:\/\/drive.google.com\/file\/d\/1Idmy51eit5bH9aKVhK8etpBUaiplzfzm\/preview\" width=\"640\" height=\"480\" allow=\"autoplay\" 0=\"\/iframe\" scrolling=\"yes\" class=\"iframe-class\" frameborder=\"0\"><\/iframe>\n<\/p>\n<hr \/>\n<p>&nbsp;<\/p>\n<p>ANEXO: <a href=\"https:\/\/drive.google.com\/file\/d\/1Lg26N4opViD-WHP0F-8AQJ37i6L1haTi\"><em>libro escaneado donde se puede ver algo del Traxe del pa\u00eds<\/em><\/a><\/p>\n<p style=\"text-align: center\">\n<!-- iframe plugin v.6.0 wordpress.org\/plugins\/iframe\/ -->\n<iframe loading=\"lazy\" src=\"https:\/\/drive.google.com\/file\/d\/1Lg26N4opViD-WHP0F-8AQJ37i6L1haTi\/preview\" width=\"640\" height=\"640\" allow=\"autoplay\" 0=\"\/iframe\" scrolling=\"yes\" class=\"iframe-class\" frameborder=\"0\"><\/iframe>\n<\/p>\n<p>&nbsp;<\/p>\n","protected":false},"excerpt":{"rendered":"<p>Actividaes Cultura A.\u00a0 Hoja 1 \/ Hoja 2 \/ CARPETA PROFES con documentaci\u00f3n Enlace a Sesi\u00f3n de Indumentaria 2020 Domingu 26 Setiembre 2021 Indumentaria. D\u00eda del Traxe: Web \/ Facebook Fotos: El Comercio \/ VER FOTOS 2021 Art\u00edculos: Nortes.me \/ La Voz del Trubia \/ Art\u00edculo: Grado, apego por ropa asturiana \/ El domingu 26 [&hellip;]<\/p>\n","protected":false},"author":117,"featured_media":0,"parent":277,"menu_order":0,"comment_status":"closed","ping_status":"closed","template":"","meta":{"footnotes":""},"class_list":["post-2863","page","type-page","status-publish","hentry","post-preview"],"_links":{"self":[{"href":"https:\/\/edublog.educastur.es\/ixuxullingua\/wp-json\/wp\/v2\/pages\/2863","targetHints":{"allow":["GET"]}}],"collection":[{"href":"https:\/\/edublog.educastur.es\/ixuxullingua\/wp-json\/wp\/v2\/pages"}],"about":[{"href":"https:\/\/edublog.educastur.es\/ixuxullingua\/wp-json\/wp\/v2\/types\/page"}],"author":[{"embeddable":true,"href":"https:\/\/edublog.educastur.es\/ixuxullingua\/wp-json\/wp\/v2\/users\/117"}],"replies":[{"embeddable":true,"href":"https:\/\/edublog.educastur.es\/ixuxullingua\/wp-json\/wp\/v2\/comments?post=2863"}],"version-history":[{"count":4,"href":"https:\/\/edublog.educastur.es\/ixuxullingua\/wp-json\/wp\/v2\/pages\/2863\/revisions"}],"predecessor-version":[{"id":2992,"href":"https:\/\/edublog.educastur.es\/ixuxullingua\/wp-json\/wp\/v2\/pages\/2863\/revisions\/2992"}],"up":[{"embeddable":true,"href":"https:\/\/edublog.educastur.es\/ixuxullingua\/wp-json\/wp\/v2\/pages\/277"}],"wp:attachment":[{"href":"https:\/\/edublog.educastur.es\/ixuxullingua\/wp-json\/wp\/v2\/media?parent=2863"}],"curies":[{"name":"wp","href":"https:\/\/api.w.org\/{rel}","templated":true}]}}

<ul>
<li><strong>Actividaes Cultura A. </strong> <a href="https://educastur-my.sharepoint.com/:w:/g/personal/isabellh_educastur_org/EVbR8ml_C5pIlbhudN3LEEcB6HHhYsnRIux29eRDxXJ_DA?e=f7h2Vf">Hoja 1</a> / <a href="https://educastur-my.sharepoint.com/:w:/g/personal/isabellh_educastur_org/EUWjCQKTHFtMud145KtQMLYBVyJPv7ta_mBSYwdjlesv8w?e=usE6oW">Hoja 2</a> /</li>
<li><a href="https://educastur-my.sharepoint.com/:f:/g/personal/isabellh_educastur_org/Ek4xHPMKc-9Cu_N1nBFZRRsBA1zRsb7a0spN5F_uxIeM7w?e=U5aKOW"><em>CARPETA PROFES con documentación</em></a></li>
<li><a href="https://edublog.educastur.es/corredoria3/5o-pri/cultura-asturiana/primer-trimestre/sesion-01/">Enlace a Sesión de Indumentaria 2020</a></li>
<li><span style="color: #800080"><strong>Domingu 26 Setiembre 2021</strong></span></li>
<li><strong>Indumentaria. Día del Traxe</strong>: <a href="https://indumentaria.com.es/?fbclid=IwAR09xK1UP5Qh0ReqdHd_PQBuaMpYHv1k3YgDFQs3hrNUCuKvY7TP4QhR-9A">Web</a> / <a href="https://www.facebook.com/concursuindumentaria">Facebook</a></li>
<li>Fotos: <a href="https://www.elcomercio.es/centro/grado-celebra-dial-traxel-pais-20210926164927-ga.html?vca=dgtk-rrss-ecm&amp;vso=fb&amp;vmc=social&amp;vli=ecm&amp;_tcode=bHc3cWQx&amp;fbclid=IwAR1JteOWI3Ux27OFphrEwBk-ptizcV6tyYmC9YM1SJGZkmgep_ohJiHV1fI">El Comercio</a> / <a href="https://educastur-my.sharepoint.com/:f:/g/personal/isabellh_educastur_org/EiFAyTzCkjdDqzahNkBUvwUBB3MKONd8KOgXxhlSgwfd6g?e=uSjZce"><em>VER FOTOS 2021</em></a></li>
<li><strong>Artículos: <a href="https://www.nortes.me/2021/09/26/grau-pon-el-paxellu-y-presume-dasturiania/?fbclid=IwAR256uojUVxUNngDpjWgBAG7KvMEmTpFqFwuROCOyx7deDL1bIUtRsjl8AQ">Nortes.me</a> /<a href="https://lavozdeltrubia.es/2021/09/27/marcos-luengo-hay-que-apostar-por-el-dial-traxe-para-que-llegue-a-ser-muy-grande/?fbclid=IwAR0WYUbbxUNPzn78nLHNYcHnwiiAp10Cr8btyS7w6zae3rpxG31L-zUdcGY"> La Voz del Trubia</a> /</strong></li>
<li>Artículo: <a href="https://www.lne.es/centro/2021/09/19/grado-apego-ropa-asturiana-57442515.html">Grado, apego por ropa asturiana</a> /</li>
</ul>
<p>El domingu 26 de setiembre, na Plaza los Dolores de Grau, a les once hores, va entamar <strong>Indumentaria 2021, el Quintu Concursu de Traxes Tradicionales Asturianos</strong>. Van poder participar, inscribiéndose nesta web del 1 al 20 de setiembre, homes y muyeres pa llucir el traxe’l país de gala o de diario.</p>
<p><a href="https://www.nortes.me/wp-content/uploads/2021/09/IGF_3553-1068x712.jpg"><img loading="lazy" decoding="async" class="alignnone" src="https://www.nortes.me/wp-content/uploads/2021/09/IGF_3553-1068x712.jpg" alt="" width="1068" height="712" /></a></p>
<p><em>Ganadores de la edición 2021. <a href="https://www.nortes.me/2021/09/26/grau-pon-el-paxellu-y-presume-dasturiania/?fbclid=IwAR256uojUVxUNngDpjWgBAG7KvMEmTpFqFwuROCOyx7deDL1bIUtRsjl8AQ"><strong>VER MÁS FOTOS EN ESTE ENLACE</strong></a></em></p>
<p>Tou alióse ayeri por que&#8217;l <strong>Día’l traxe</strong>’ fuera una fiesta, y una celebración de la cultura y l&#8217;identidá asturianes. Munchos d&#8217;ellos animáronse a llucir «traxe», ente los que se cuntó al diseñador moscón <a href="https://www.marcosluengo.com/"><strong>Marcos Luengo</strong></a>, un referente de la moda española qu&#8217;allegó al singular desfile acompañáu pola so fía.</p>
<p><em>«Vini tolos años a esti eventu, pero ye la primer vegada que visto, toi encantáu, ye una iniciativa bien interesante pa Grao, una iniciativa culta, fecha con bon gustu, y creo que si se -y sacara provechu, de forma que xenerara talleres, o un pequenu muséu onde pudieren esponese los traxes premiaos, sería un gran aliciente pal pueblu qu&#8217;enllazaría perfectamente col Camín de Santiago. Creo que tenemos que sofitar esta iniciativa y faer qu&#8217;esto apuerte a bien grande».</em></p>
<p><a href="https://lavozdeltrubia.es/wp-content/uploads/2021/09/Marcos-Luengo.jpeg"><img loading="lazy" decoding="async" class="alignnone" src="https://lavozdeltrubia.es/wp-content/uploads/2021/09/Marcos-Luengo.jpeg" alt="" width="1024" height="823" /></a></p>
<p><span class="d2edcug0 hpfvmrgz qv66sw1b c1et5uql lr9zc1uh a8c37x1j keod5gw0 nxhoafnm aigsh9s9 d3f4x2em fe6kdd0r mau55g9w c8b282yb iv3no6db jq4qci2q a3bd9o3v b1v8xokw oo9gr5id hzawbc8m" dir="auto">N&#8217;Indumentaria 2021 enseñáronse dos pieces auténtiques del sieglu XIX. Un camisón de llinu que se guarda nel pueblu d&#8217;Anzu, y que dieron con él Ambás y Ramsés, y que la familia propietaria cedió pa que lu enseñáremos y un xustillu de Sama Grau de la colección de Cos Mendendez.</span></p>
<p>La V Edición de’l Día’l traxe’l país volvió al conceyu moscón depués de tar un añu parada pola pandemia.<a href="https://www.nortes.me/2021/09/26/grau-pon-el-paxellu-y-presume-dasturiania/?fbclid=IwAR256uojUVxUNngDpjWgBAG7KvMEmTpFqFwuROCOyx7deDL1bIUtRsjl8AQ"><strong> Equí puedes ver una galería coles meyores imáxenes del desfile.</strong></a></p>
<hr />
<p style="text-align: center">
<!-- iframe plugin v.6.0 wordpress.org/plugins/iframe/ -->
<iframe loading="lazy" src="https://drive.google.com/file/d/11ru8H356COBaviwO_MIPK_s7H8i7SamO/preview" width="640" height="480" allow="autoplay" 0="/iframe" scrolling="yes" class="iframe-class" frameborder="0"></iframe>
</p>
<p style="text-align: center">
<!-- iframe plugin v.6.0 wordpress.org/plugins/iframe/ -->
<iframe loading="lazy" src="https://drive.google.com/file/d/1lvvyGLRBwgkMxKmROe1Q4Hm1CNE1U8cg/preview" width="640" height="480" allow="autoplay" 0="/iframe" scrolling="yes" class="iframe-class" frameborder="0"></iframe>
</p>
<p style="text-align: center">
<!-- iframe plugin v.6.0 wordpress.org/plugins/iframe/ -->
<iframe loading="lazy" src="https://drive.google.com/file/d/1Idmy51eit5bH9aKVhK8etpBUaiplzfzm/preview" width="640" height="480" allow="autoplay" 0="/iframe" scrolling="yes" class="iframe-class" frameborder="0"></iframe>
</p>
<hr />
<p>&nbsp;</p>
<p>ANEXO: <a href="https://drive.google.com/file/d/1Lg26N4opViD-WHP0F-8AQJ37i6L1haTi"><em>libro escaneado donde se puede ver algo del Traxe del país</em></a></p>
<p style="text-align: center">
<!-- iframe plugin v.6.0 wordpress.org/plugins/iframe/ -->
<iframe loading="lazy" src="https://drive.google.com/file/d/1Lg26N4opViD-WHP0F-8AQJ37i6L1haTi/preview" width="640" height="640" allow="autoplay" 0="/iframe" scrolling="yes" class="iframe-class" frameborder="0"></iframe>
</p>
<p>&nbsp;</p>

<p>Actividaes Cultura A.  Hoja 1 / Hoja 2 / CARPETA PROFES con documentación Enlace a Sesión de Indumentaria 2020 Domingu 26 Setiembre 2021 Indumentaria. Día del Traxe: Web / Facebook Fotos: El Comercio / VER FOTOS 2021 Artículos: Nortes.me / La Voz del Trubia / Artículo: Grado, apego por ropa asturiana / El domingu 26 [&hellip;]</p>
