{"id":3066,"date":"2021-11-14T13:35:45","date_gmt":"2021-11-14T11:35:45","guid":{"rendered":"https:\/\/edublog.educastur.es\/ixuxullingua\/?page_id=3066"},"modified":"2021-12-11T19:16:47","modified_gmt":"2021-12-11T17:16:47","slug":"estaciones-y-tiempu","status":"publish","type":"page","link":"https:\/\/edublog.educastur.es\/ixuxullingua\/2-segundu\/segundu-21-22\/05-primer-trimestre\/estaciones-y-tiempu\/","title":{"rendered":"Estaciones y Tiempu"},"content":{"rendered":"<p><a href=\"https:\/\/tinypix.top\/images\/2021\/10\/03\/vIhxi.jpg\"><img loading=\"lazy\" decoding=\"async\" class=\"aligncenter\" src=\"https:\/\/tinypix.top\/images\/2021\/10\/03\/vIhxi.jpg\" alt=\"\" width=\"229\" height=\"266\" \/><\/a><\/p>\n<ul>\n<li><strong><span style=\"color: #800000\">Lleer el Tiempu pa g\u00fcei nestes p\u00e1xines web:<\/span><\/strong><\/li>\n<li><a href=\"https:\/\/www.facebook.com\/eltiempuenasturies\/\"><strong>El Tiempu n&#8217;Asturies<\/strong> Facebook<\/a> \/\u00a0 <a href=\"https:\/\/www.facebook.com\/tiempoyradarEspana\">Tiempo y radar Espa\u00f1a Facebook<\/a> \/ <a href=\"https:\/\/www.tiempoyradar.es\/radar-meteorologico?center=42.9,-6.16&amp;zoom=8&amp;layer=wr&amp;period=periodCurrentLowRes\"><strong>MAPA d&#8217;ESPA\u00d1A<\/strong><\/a> \/ <a href=\"https:\/\/www.eltiempodejavimo.es\/?fbclid=IwAR15JHWIm45Fm4do__ahnMYM5v26tardg8CaOi-qnx6MH_vIz6iAj5UrK2o\">Tiempo de Javimo<\/a> \/<\/li>\n<li><\/li>\n<li><strong><em><span style=\"font-size: 14pt\"><a href=\"https:\/\/es.liveworksheets.com\/zj1529564zb\">Xuegu interactivu n&#8217;internet VER \u00bfQu\u00e9 tiempu fai?<\/a><\/span><\/em><\/strong><\/li>\n<li><em><strong><a href=\"https:\/\/es.liveworksheets.com\/zj1529564zb\">CALCA NESTI ENLLAZ PA XUGAR = https:\/\/es.liveworksheets.com\/zj1529564zb<\/a><\/strong><\/em><\/li>\n<\/ul>\n<p>&nbsp;<\/p>\n<p style=\"text-align: center\"><a href=\"http:\/\/1.bp.blogspot.com\/-ORDefyiPhPM\/VOX-86PDYOI\/AAAAAAAAFLU\/-gj6WdAIrdA\/s1600\/10945584_1529779930636950_7010941748905206670_n.jpg\"><img loading=\"lazy\" decoding=\"async\" class=\"alignnone\" src=\"http:\/\/1.bp.blogspot.com\/-ORDefyiPhPM\/VOX-86PDYOI\/AAAAAAAAFLU\/-gj6WdAIrdA\/s1600\/10945584_1529779930636950_7010941748905206670_n.jpg\" alt=\"\" width=\"960\" height=\"757\" \/><\/a><\/p>\n<ul>\n<li>Repasamos les estaciones del a\u00f1u <a href=\"http:\/\/1.bp.blogspot.com\/-ORDefyiPhPM\/VOX-86PDYOI\/AAAAAAAAFLU\/-gj6WdAIrdA\/s1600\/10945584_1529779930636950_7010941748905206670_n.jpg\">nesti cartelu<\/a>: <em><span style=\"font-size: 14pt\">Primavera \/ Branu \/ Seronda \/ Iviernu<\/span><\/em><\/li>\n<li>Estaciones en castell\u00e1n: <a href=\"https:\/\/www.youtube.com\/embed\/QJ97O6xDXKY\">Videu de Smile and Learning<\/a> \/ <a href=\"https:\/\/www.youtube.com\/embed\/Lczr5UC92WI\">Videu de 1,5 min d&#8217;Asturies<\/a><\/li>\n<li><a href=\"https:\/\/www.youtube.com\/embed\/est30Sk6zRE\">Pelayo y su pandilla<\/a><\/li>\n<\/ul>\n<p style=\"text-align: center\">\n<!-- iframe plugin v.6.0 wordpress.org\/plugins\/iframe\/ -->\n<iframe loading=\"lazy\" width=\"100%\" height=\"395\" src=\"https:\/\/www.youtube.com\/embed\/est30Sk6zRE\" 0=\"\/iframe\" scrolling=\"yes\" class=\"iframe-class\" frameborder=\"0\"><\/iframe>\n<\/p>\n<p><img loading=\"lazy\" decoding=\"async\" class=\"aligncenter\" src=\"https:\/\/encrypted-tbn0.gstatic.com\/images?q=tbn:ANd9GcTR28kVyfgd3qwCkn2ICP6JNBpKea-RZS3fF5sLEuFyAkmWuml3Qyn-alg-FidZmJD8Ug&amp;usqp=CAU\" width=\"272\" height=\"29\" \/><\/p>\n<ul>\n<li><span style=\"font-size: 14pt\"><strong>Tiempu atmosf\u00e9ricu<\/strong><\/span>: <a href=\"http:\/\/llinguanelaula.blogspot.com\/p\/liviernu.html\">vocabulariu Llingua nel aula<\/a> \/<\/li>\n<\/ul>\n<div><i>LA \u00d1UBE \/ LA NUBE<\/i><br \/>\n<i>EL RAYU \/ EL RELLAMPU<\/i><br \/>\n<i>EL BROTU<\/i><br \/>\n<i>EL BASTIZAU \/ EL XARABATU<\/i><br \/>\n<i>L&#8217;ORBAYU \/ L&#8217;ORP\u00cdN<\/i><\/div>\n<div><i>ABOCANAR<\/i><\/div>\n<div><i>LA BORRINA \/ LA NUBLINA \/ EL \u00d1UBLU<\/i><br \/>\n<i>LA ENLLENA \/ EL FONT\u00c1N<\/i><br \/>\n<i>LA FLOR<\/i><br \/>\n<i>LA ROSADA<\/i><br \/>\n<i>EL PARAG\u00dcES<\/i><br \/>\n<i>LA FILOMENA<\/i><\/div>\n<ul>\n<li>Dan mal tiempu: <strong><span style=\"color: #008080\">P\u00e1xina 19 a 22<\/span> <\/strong>\/<a href=\"https:\/\/educastur-my.sharepoint.com\/:b:\/g\/personal\/isabellh_educastur_org\/EaClymp4B1xDkF9P6y2tkSoBivQg-x9duDnGASYt7lbpGw?e=dqdhxC\"> Resume 13 p\u00e1xines<\/a><\/li>\n<\/ul>\n<p><a href=\"https:\/\/tinypix.top\/images\/2021\/11\/14\/vx94U.jpg\"><img loading=\"lazy\" decoding=\"async\" class=\"alignnone\" src=\"https:\/\/tinypix.top\/images\/2021\/11\/14\/vx94U.jpg\" alt=\"\" width=\"196\" height=\"306\" \/><\/a> \/\u00a0 <a href=\"https:\/\/tinypix.top\/images\/2021\/11\/14\/vxybV.jpg\"><img loading=\"lazy\" decoding=\"async\" class=\"alignnone\" src=\"https:\/\/tinypix.top\/images\/2021\/11\/14\/vxybV.jpg\" alt=\"\" width=\"230\" height=\"277\" \/><\/a> \/<\/p>\n<p>\/ <a href=\"https:\/\/tinypix.top\/images\/2021\/11\/14\/vxjDI.jpg\"><img loading=\"lazy\" decoding=\"async\" class=\"alignnone\" src=\"https:\/\/tinypix.top\/images\/2021\/11\/14\/vxjDI.jpg\" alt=\"\" width=\"307\" height=\"433\" \/><\/a> \/ <a href=\"https:\/\/tinypix.top\/images\/2021\/11\/14\/vxjDI.jpg\">Sopa lletres<\/a><\/p>\n<p>&nbsp;<\/p>\n<p>&nbsp;<\/p>\n<p>&nbsp;<\/p>\n<p><a href=\"https:\/\/tinypix.top\/images\/2021\/12\/11\/SOl3S.jpg\"><img loading=\"lazy\" decoding=\"async\" class=\"aligncenter\" src=\"https:\/\/tinypix.top\/images\/2021\/12\/11\/SOl3S.jpg\" alt=\"\" width=\"534\" height=\"971\" \/><\/a><\/p>\n<p>Lleer xuntos y<span style=\"text-decoration: underline;color: #000000\"> sorayar de mariello<\/span> les pallabres<strong> en negrina<\/strong> que falen del tiempu atmosf\u00e9ricu.<\/p>\n<p style=\"text-align: center\"><a href=\"https:\/\/tinypix.top\/images\/2021\/11\/14\/vxsFZ.jpg\"><img loading=\"lazy\" decoding=\"async\" class=\"alignnone\" src=\"https:\/\/tinypix.top\/images\/2021\/11\/14\/vxsFZ.jpg\" alt=\"\" width=\"1039\" height=\"464\" \/><\/a><\/p>\n<ul>\n<li>Dempu\u00e9s de ver esti parte metereol\u00f3xicu,<a href=\"https:\/\/www.facebook.com\/eltiempuenasturies\"> lleemos el Parte que dan pa g\u00fcei nesta p\u00e1xina de facebook <span style=\"color: #008080\"><strong>Tiempu n&#8217;asturies.<\/strong><\/span><\/a><\/li>\n<\/ul>\n<p style=\"text-align: center\">\n<!-- iframe plugin v.6.0 wordpress.org\/plugins\/iframe\/ -->\n<iframe loading=\"lazy\" src=\"https:\/\/drive.google.com\/file\/d\/1w_hnF9_3ujkFJS4Ew9PWBmGYPHIkS6lb\/preview\" width=\"640\" height=\"860\" allow=\"autoplay\" 0=\"\/iframe\" scrolling=\"yes\" class=\"iframe-class\" frameborder=\"0\"><\/iframe>\n<\/p>\n<p style=\"text-align: center\"><span style=\"color: #008080;font-size: 14pt\"><em><strong>Exemplu de temperatures<\/strong> de mediaos de payares,<br \/>\nonde se ve valores m\u00e1s suaves na costa y m\u00e1s fr\u00edos nel Cordal Cant\u00e1bricu<\/em><\/span><\/p>\n<p style=\"text-align: center\"><img loading=\"lazy\" decoding=\"async\" class=\"alignnone size-medium\" src=\"https:\/\/tinypix.top\/images\/2021\/11\/20\/vdl5T.jpg\" width=\"1132\" height=\"592\" \/><\/p>\n<hr \/>\n<p style=\"text-align: center\"><a href=\"https:\/\/view.genial.ly\/5ec7cca17607860d83c5096b\/interactive-image-el-tiempo-atmosferico\"><em><span style=\"font-size: 18pt\"><strong>Genial.ly<\/strong><\/span><\/em><\/a><\/p>\n<p style=\"text-align: center\">\n<!-- iframe plugin v.6.0 wordpress.org\/plugins\/iframe\/ -->\n<iframe loading=\"lazy\" frameborder=\"0\" width=\"586px\" height=\"294px\" src=\"https:\/\/view.genial.ly\/5ec7cca17607860d83c5096b\" 0=\"\/iframe\" scrolling=\"yes\" class=\"iframe-class\"><\/iframe>\n<\/p>\n<p><a href=\"https:\/\/cmapspublic2.ihmc.us\/rid=1MRGDLSBG-NKQ589-1WGR\/EL?rid=1MRGDLSBG-NKQ589-1WGR&amp;partName=htmljpeg\"><img loading=\"lazy\" decoding=\"async\" class=\"alignnone\" src=\"https:\/\/cmapspublic2.ihmc.us\/rid=1MRGDLSBG-NKQ589-1WGR\/EL?rid=1MRGDLSBG-NKQ589-1WGR&amp;partName=htmljpeg\" alt=\"\" width=\"1127\" height=\"532\" \/><\/a><\/p>\n<hr \/>\n<p style=\"text-align: center\"><a href=\"https:\/\/i.pinimg.com\/originals\/a8\/04\/70\/a80470e0b7191de7f293ae8aad77b5b2.jpg\"><img loading=\"lazy\" decoding=\"async\" class=\"alignnone\" src=\"https:\/\/i.pinimg.com\/originals\/a8\/04\/70\/a80470e0b7191de7f293ae8aad77b5b2.jpg\" alt=\"\" width=\"895\" height=\"489\" \/><\/a><\/p>\n<hr \/>\n<p style=\"text-align: center\"><a href=\"http:\/\/slideplayer.es\/slide\/10963460\/39\/images\/1\/%C2%BFQu%C3%A9+tiempo+hace+Hace+Est%C3%A1+Hay+nubes+calor+nublado+una+tormenta+sol.jpg\"><img loading=\"lazy\" decoding=\"async\" class=\"alignnone\" src=\"http:\/\/slideplayer.es\/slide\/10963460\/39\/images\/1\/%C2%BFQu%C3%A9+tiempo+hace+Hace+Est%C3%A1+Hay+nubes+calor+nublado+una+tormenta+sol.jpg\" alt=\"\" width=\"960\" height=\"720\" \/><\/a><\/p>\n<hr \/>\n<p style=\"text-align: center\"><a href=\"https:\/\/img.genial.ly\/5e7dfa5d4e751e0fc38e5419\/b7b7ea53-1f94-48c9-a57c-7088f40fa002.jpeg\"><img loading=\"lazy\" decoding=\"async\" class=\"alignnone\" src=\"https:\/\/img.genial.ly\/5e7dfa5d4e751e0fc38e5419\/b7b7ea53-1f94-48c9-a57c-7088f40fa002.jpeg\" alt=\"\" width=\"2000\" height=\"1125\" \/><\/a><\/p>\n<hr \/>\n<p><a href=\"https:\/\/d-maps.com\/m\/europa\/spain\/asturies\/asturies03.gif\"><img loading=\"lazy\" decoding=\"async\" class=\"alignnone\" src=\"https:\/\/d-maps.com\/m\/europa\/spain\/asturies\/asturies03.gif\" alt=\"\" width=\"1040\" height=\"471\" \/><\/a><\/p>\n<p style=\"text-align: center\"><a href=\"https:\/\/d-maps.com\/m\/europa\/spain\/asturies\/asturies45.gif\"><img loading=\"lazy\" decoding=\"async\" class=\"alignnone\" src=\"https:\/\/d-maps.com\/m\/europa\/spain\/asturies\/asturies45.gif\" alt=\"\" width=\"1040\" height=\"471\" \/><\/a><\/p>\n<p style=\"text-align: center\"><a href=\"https:\/\/upload.wikimedia.org\/wikipedia\/commons\/thumb\/1\/1d\/Asturias-loc.svg\/512px-Asturias-loc.svg.png\"><img loading=\"lazy\" decoding=\"async\" class=\"alignnone\" src=\"https:\/\/upload.wikimedia.org\/wikipedia\/commons\/thumb\/1\/1d\/Asturias-loc.svg\/512px-Asturias-loc.svg.png\" alt=\"\" width=\"512\" height=\"378\" \/><\/a><\/p>\n<hr \/>\n<p style=\"text-align: center\"><a href=\"https:\/\/d-maps.com\/m\/europa\/spain\/asturies\/asturies04.gif\"><img loading=\"lazy\" decoding=\"async\" class=\"alignnone\" src=\"https:\/\/d-maps.com\/m\/europa\/spain\/asturies\/asturies04.gif\" alt=\"\" width=\"1040\" height=\"471\" \/><\/a><\/p>\n<p>&nbsp;<\/p>\n","protected":false},"excerpt":{"rendered":"<p>Lleer el Tiempu pa g\u00fcei nestes p\u00e1xines web: El Tiempu n&#8217;Asturies Facebook \/\u00a0 Tiempo y radar Espa\u00f1a Facebook \/ MAPA d&#8217;ESPA\u00d1A \/ Tiempo de Javimo \/ Xuegu interactivu n&#8217;internet VER \u00bfQu\u00e9 tiempu fai? CALCA NESTI ENLLAZ PA XUGAR = https:\/\/es.liveworksheets.com\/zj1529564zb &nbsp; Repasamos les estaciones del a\u00f1u nesti cartelu: Primavera \/ Branu \/ Seronda \/ Iviernu [&hellip;]<\/p>\n","protected":false},"author":117,"featured_media":0,"parent":271,"menu_order":0,"comment_status":"closed","ping_status":"closed","template":"","meta":{"footnotes":""},"class_list":["post-3066","page","type-page","status-publish","hentry","post-preview"],"_links":{"self":[{"href":"https:\/\/edublog.educastur.es\/ixuxullingua\/wp-json\/wp\/v2\/pages\/3066","targetHints":{"allow":["GET"]}}],"collection":[{"href":"https:\/\/edublog.educastur.es\/ixuxullingua\/wp-json\/wp\/v2\/pages"}],"about":[{"href":"https:\/\/edublog.educastur.es\/ixuxullingua\/wp-json\/wp\/v2\/types\/page"}],"author":[{"embeddable":true,"href":"https:\/\/edublog.educastur.es\/ixuxullingua\/wp-json\/wp\/v2\/users\/117"}],"replies":[{"embeddable":true,"href":"https:\/\/edublog.educastur.es\/ixuxullingua\/wp-json\/wp\/v2\/comments?post=3066"}],"version-history":[{"count":27,"href":"https:\/\/edublog.educastur.es\/ixuxullingua\/wp-json\/wp\/v2\/pages\/3066\/revisions"}],"predecessor-version":[{"id":3169,"href":"https:\/\/edublog.educastur.es\/ixuxullingua\/wp-json\/wp\/v2\/pages\/3066\/revisions\/3169"}],"up":[{"embeddable":true,"href":"https:\/\/edublog.educastur.es\/ixuxullingua\/wp-json\/wp\/v2\/pages\/271"}],"wp:attachment":[{"href":"https:\/\/edublog.educastur.es\/ixuxullingua\/wp-json\/wp\/v2\/media?parent=3066"}],"curies":[{"name":"wp","href":"https:\/\/api.w.org\/{rel}","templated":true}]}}

<p><a href="https://tinypix.top/images/2021/10/03/vIhxi.jpg"><img loading="lazy" decoding="async" class="aligncenter" src="https://tinypix.top/images/2021/10/03/vIhxi.jpg" alt="" width="229" height="266" /></a></p>
<ul>
<li><strong><span style="color: #800000">Lleer el Tiempu pa güei nestes páxines web:</span></strong></li>
<li><a href="https://www.facebook.com/eltiempuenasturies/"><strong>El Tiempu n&#8217;Asturies</strong> Facebook</a> /  <a href="https://www.facebook.com/tiempoyradarEspana">Tiempo y radar España Facebook</a> / <a href="https://www.tiempoyradar.es/radar-meteorologico?center=42.9,-6.16&amp;zoom=8&amp;layer=wr&amp;period=periodCurrentLowRes"><strong>MAPA d&#8217;ESPAÑA</strong></a> / <a href="https://www.eltiempodejavimo.es/?fbclid=IwAR15JHWIm45Fm4do__ahnMYM5v26tardg8CaOi-qnx6MH_vIz6iAj5UrK2o">Tiempo de Javimo</a> /</li>
<li></li>
<li><strong><em><span style="font-size: 14pt"><a href="https://es.liveworksheets.com/zj1529564zb">Xuegu interactivu n&#8217;internet VER ¿Qué tiempu fai?</a></span></em></strong></li>
<li><em><strong><a href="https://es.liveworksheets.com/zj1529564zb">CALCA NESTI ENLLAZ PA XUGAR = https://es.liveworksheets.com/zj1529564zb</a></strong></em></li>
</ul>
<p>&nbsp;</p>
<p style="text-align: center"><a href="http://1.bp.blogspot.com/-ORDefyiPhPM/VOX-86PDYOI/AAAAAAAAFLU/-gj6WdAIrdA/s1600/10945584_1529779930636950_7010941748905206670_n.jpg"><img loading="lazy" decoding="async" class="alignnone" src="http://1.bp.blogspot.com/-ORDefyiPhPM/VOX-86PDYOI/AAAAAAAAFLU/-gj6WdAIrdA/s1600/10945584_1529779930636950_7010941748905206670_n.jpg" alt="" width="960" height="757" /></a></p>
<ul>
<li>Repasamos les estaciones del añu <a href="http://1.bp.blogspot.com/-ORDefyiPhPM/VOX-86PDYOI/AAAAAAAAFLU/-gj6WdAIrdA/s1600/10945584_1529779930636950_7010941748905206670_n.jpg">nesti cartelu</a>: <em><span style="font-size: 14pt">Primavera / Branu / Seronda / Iviernu</span></em></li>
<li>Estaciones en castellán: <a href="https://www.youtube.com/embed/QJ97O6xDXKY">Videu de Smile and Learning</a> / <a href="https://www.youtube.com/embed/Lczr5UC92WI">Videu de 1,5 min d&#8217;Asturies</a></li>
<li><a href="https://www.youtube.com/embed/est30Sk6zRE">Pelayo y su pandilla</a></li>
</ul>
<p style="text-align: center">
<!-- iframe plugin v.6.0 wordpress.org/plugins/iframe/ -->
<iframe loading="lazy" width="100%" height="395" src="https://www.youtube.com/embed/est30Sk6zRE" 0="/iframe" scrolling="yes" class="iframe-class" frameborder="0"></iframe>
</p>
<p><img loading="lazy" decoding="async" class="aligncenter" src="https://encrypted-tbn0.gstatic.com/images?q=tbn:ANd9GcTR28kVyfgd3qwCkn2ICP6JNBpKea-RZS3fF5sLEuFyAkmWuml3Qyn-alg-FidZmJD8Ug&amp;usqp=CAU" width="272" height="29" /></p>
<ul>
<li><span style="font-size: 14pt"><strong>Tiempu atmosféricu</strong></span>: <a href="http://llinguanelaula.blogspot.com/p/liviernu.html">vocabulariu Llingua nel aula</a> /</li>
</ul>
<div><i>LA ÑUBE / LA NUBE</i><br />
<i>EL RAYU / EL RELLAMPU</i><br />
<i>EL BROTU</i><br />
<i>EL BASTIZAU / EL XARABATU</i><br />
<i>L&#8217;ORBAYU / L&#8217;ORPÍN</i></div>
<div><i>ABOCANAR</i></div>
<div><i>LA BORRINA / LA NUBLINA / EL ÑUBLU</i><br />
<i>LA ENLLENA / EL FONTÁN</i><br />
<i>LA FLOR</i><br />
<i>LA ROSADA</i><br />
<i>EL PARAGÜES</i><br />
<i>LA FILOMENA</i></div>
<ul>
<li>Dan mal tiempu: <strong><span style="color: #008080">Páxina 19 a 22</span> </strong>/<a href="https://educastur-my.sharepoint.com/:b:/g/personal/isabellh_educastur_org/EaClymp4B1xDkF9P6y2tkSoBivQg-x9duDnGASYt7lbpGw?e=dqdhxC"> Resume 13 páxines</a></li>
</ul>
<p><a href="https://tinypix.top/images/2021/11/14/vx94U.jpg"><img loading="lazy" decoding="async" class="alignnone" src="https://tinypix.top/images/2021/11/14/vx94U.jpg" alt="" width="196" height="306" /></a> /  <a href="https://tinypix.top/images/2021/11/14/vxybV.jpg"><img loading="lazy" decoding="async" class="alignnone" src="https://tinypix.top/images/2021/11/14/vxybV.jpg" alt="" width="230" height="277" /></a> /</p>
<p>/ <a href="https://tinypix.top/images/2021/11/14/vxjDI.jpg"><img loading="lazy" decoding="async" class="alignnone" src="https://tinypix.top/images/2021/11/14/vxjDI.jpg" alt="" width="307" height="433" /></a> / <a href="https://tinypix.top/images/2021/11/14/vxjDI.jpg">Sopa lletres</a></p>
<p>&nbsp;</p>
<p>&nbsp;</p>
<p>&nbsp;</p>
<p><a href="https://tinypix.top/images/2021/12/11/SOl3S.jpg"><img loading="lazy" decoding="async" class="aligncenter" src="https://tinypix.top/images/2021/12/11/SOl3S.jpg" alt="" width="534" height="971" /></a></p>
<p>Lleer xuntos y<span style="text-decoration: underline;color: #000000"> sorayar de mariello</span> les pallabres<strong> en negrina</strong> que falen del tiempu atmosféricu.</p>
<p style="text-align: center"><a href="https://tinypix.top/images/2021/11/14/vxsFZ.jpg"><img loading="lazy" decoding="async" class="alignnone" src="https://tinypix.top/images/2021/11/14/vxsFZ.jpg" alt="" width="1039" height="464" /></a></p>
<ul>
<li>Dempués de ver esti parte metereolóxicu,<a href="https://www.facebook.com/eltiempuenasturies"> lleemos el Parte que dan pa güei nesta páxina de facebook <span style="color: #008080"><strong>Tiempu n&#8217;asturies.</strong></span></a></li>
</ul>
<p style="text-align: center">
<!-- iframe plugin v.6.0 wordpress.org/plugins/iframe/ -->
<iframe loading="lazy" src="https://drive.google.com/file/d/1w_hnF9_3ujkFJS4Ew9PWBmGYPHIkS6lb/preview" width="640" height="860" allow="autoplay" 0="/iframe" scrolling="yes" class="iframe-class" frameborder="0"></iframe>
</p>
<p style="text-align: center"><span style="color: #008080;font-size: 14pt"><em><strong>Exemplu de temperatures</strong> de mediaos de payares,<br />
onde se ve valores más suaves na costa y más fríos nel Cordal Cantábricu</em></span></p>
<p style="text-align: center"><img loading="lazy" decoding="async" class="alignnone size-medium" src="https://tinypix.top/images/2021/11/20/vdl5T.jpg" width="1132" height="592" /></p>
<hr />
<p style="text-align: center"><a href="https://view.genial.ly/5ec7cca17607860d83c5096b/interactive-image-el-tiempo-atmosferico"><em><span style="font-size: 18pt"><strong>Genial.ly</strong></span></em></a></p>
<p style="text-align: center">
<!-- iframe plugin v.6.0 wordpress.org/plugins/iframe/ -->
<iframe loading="lazy" frameborder="0" width="586px" height="294px" src="https://view.genial.ly/5ec7cca17607860d83c5096b" 0="/iframe" scrolling="yes" class="iframe-class"></iframe>
</p>
<p><a href="https://cmapspublic2.ihmc.us/rid=1MRGDLSBG-NKQ589-1WGR/EL?rid=1MRGDLSBG-NKQ589-1WGR&amp;partName=htmljpeg"><img loading="lazy" decoding="async" class="alignnone" src="https://cmapspublic2.ihmc.us/rid=1MRGDLSBG-NKQ589-1WGR/EL?rid=1MRGDLSBG-NKQ589-1WGR&amp;partName=htmljpeg" alt="" width="1127" height="532" /></a></p>
<hr />
<p style="text-align: center"><a href="https://i.pinimg.com/originals/a8/04/70/a80470e0b7191de7f293ae8aad77b5b2.jpg"><img loading="lazy" decoding="async" class="alignnone" src="https://i.pinimg.com/originals/a8/04/70/a80470e0b7191de7f293ae8aad77b5b2.jpg" alt="" width="895" height="489" /></a></p>
<hr />
<p style="text-align: center"><a href="http://slideplayer.es/slide/10963460/39/images/1/%C2%BFQu%C3%A9+tiempo+hace+Hace+Est%C3%A1+Hay+nubes+calor+nublado+una+tormenta+sol.jpg"><img loading="lazy" decoding="async" class="alignnone" src="http://slideplayer.es/slide/10963460/39/images/1/%C2%BFQu%C3%A9+tiempo+hace+Hace+Est%C3%A1+Hay+nubes+calor+nublado+una+tormenta+sol.jpg" alt="" width="960" height="720" /></a></p>
<hr />
<p style="text-align: center"><a href="https://img.genial.ly/5e7dfa5d4e751e0fc38e5419/b7b7ea53-1f94-48c9-a57c-7088f40fa002.jpeg"><img loading="lazy" decoding="async" class="alignnone" src="https://img.genial.ly/5e7dfa5d4e751e0fc38e5419/b7b7ea53-1f94-48c9-a57c-7088f40fa002.jpeg" alt="" width="2000" height="1125" /></a></p>
<hr />
<p><a href="https://d-maps.com/m/europa/spain/asturies/asturies03.gif"><img loading="lazy" decoding="async" class="alignnone" src="https://d-maps.com/m/europa/spain/asturies/asturies03.gif" alt="" width="1040" height="471" /></a></p>
<p style="text-align: center"><a href="https://d-maps.com/m/europa/spain/asturies/asturies45.gif"><img loading="lazy" decoding="async" class="alignnone" src="https://d-maps.com/m/europa/spain/asturies/asturies45.gif" alt="" width="1040" height="471" /></a></p>
<p style="text-align: center"><a href="https://upload.wikimedia.org/wikipedia/commons/thumb/1/1d/Asturias-loc.svg/512px-Asturias-loc.svg.png"><img loading="lazy" decoding="async" class="alignnone" src="https://upload.wikimedia.org/wikipedia/commons/thumb/1/1d/Asturias-loc.svg/512px-Asturias-loc.svg.png" alt="" width="512" height="378" /></a></p>
<hr />
<p style="text-align: center"><a href="https://d-maps.com/m/europa/spain/asturies/asturies04.gif"><img loading="lazy" decoding="async" class="alignnone" src="https://d-maps.com/m/europa/spain/asturies/asturies04.gif" alt="" width="1040" height="471" /></a></p>
<p>&nbsp;</p>

<p>Lleer el Tiempu pa güei nestes páxines web: El Tiempu n&#8217;Asturies Facebook /  Tiempo y radar España Facebook / MAPA d&#8217;ESPAÑA / Tiempo de Javimo / Xuegu interactivu n&#8217;internet VER ¿Qué tiempu fai? CALCA NESTI ENLLAZ PA XUGAR = https://es.liveworksheets.com/zj1529564zb &nbsp; Repasamos les estaciones del añu nesti cartelu: Primavera / Branu / Seronda / Iviernu [&hellip;]</p>
