{"id":3132,"date":"2021-11-26T12:41:08","date_gmt":"2021-11-26T10:41:08","guid":{"rendered":"https:\/\/edublog.educastur.es\/ixuxullingua\/?page_id=3132"},"modified":"2021-11-26T13:22:23","modified_gmt":"2021-11-26T11:22:23","slug":"02b_cachuchu","status":"publish","type":"page","link":"https:\/\/edublog.educastur.es\/ixuxullingua\/4-cuartu\/cuartu-21-22\/05-primer-trimestre\/02b_cachuchu\/","title":{"rendered":"02b_Cachuchu"},"content":{"rendered":"<p style=\"text-align: center\"><span style=\"color: #008080;font-size: 24pt\"><strong><em>El\u00a0 Cachuchu. <span style=\"font-size: 12pt\"><a href=\"https:\/\/educastur-my.sharepoint.com\/:f:\/g\/personal\/isabellh_educastur_org\/EuF0WPRHPxlDmHBoj5ZdayYBT0rBnD41I2nm5steLrh68w?e=uW4Ssu\">Carpeta ISA<\/a><\/span><br \/>\n<\/em><\/strong><\/span><\/p>\n<p style=\"text-align: center\"><img loading=\"lazy\" decoding=\"async\" class=\"alignnone size-medium\" src=\"https:\/\/tse1.mm.bing.net\/th?id=OIP.KPvKMVF6WH_thUAQJbssLQHaEK&amp;pid=Api&amp;P=0&amp;w=337&amp;h=190\" width=\"337\" height=\"190\" \/><\/p>\n<p><strong><em>Asturies tien la primer zona protexida d&#8217;estes caracter\u00edstiques d&#8217;Espa\u00f1a. El Ministeriu de Mediu Ambiente presenta al Conseyu Asesor de Mediu Ambiente (CAMA) la propuesta de creaci\u00f3n de la primer \u00c1rea Marina Protex\u00eda d&#8217;Espa\u00f1a<\/em><\/strong><\/p>\n<h2 style=\"text-align: center\"><span style=\"text-decoration: underline\"><em><span style=\"font-size: 18pt\">\u00c1rea Marina Protegida y Zona Especial <\/span><\/em><\/span><br \/>\n<span style=\"text-decoration: underline\"><em><span style=\"font-size: 18pt\">de Conservaci\u00f3n en la Demarcaci\u00f3n Marina Noratl\u00e1ntica<\/span><\/em><\/span><\/h2>\n<p><b>El Cachucho<\/b>\u00a0es un\u00a0<a title=\"Monte submarino\" href=\"https:\/\/es.wikipedia.org\/wiki\/Monte_submarino\">monte submarino<\/a>\u00a0situado en el\u00a0<a title=\"Mar Cant\u00e1brico\" href=\"https:\/\/es.wikipedia.org\/wiki\/Mar_Cant%C3%A1brico\">mar Cant\u00e1brico<\/a>, frente a las costas de\u00a0<a title=\"Asturias\" href=\"https:\/\/es.wikipedia.org\/wiki\/Asturias\">Asturias<\/a>. Emerge desde las profundidades del\u00a0<a title=\"Golfo de Vizcaya\" href=\"https:\/\/es.wikipedia.org\/wiki\/Golfo_de_Vizcaya\">golfo de Vizcaya<\/a>, a 4500 metros de profundidad hasta unos 500 metros de profundidad. Tiene unos 57 km de longitud por 17 km de anchura,<sup id=\"cite_ref-1\" class=\"reference separada\"><a href=\"https:\/\/es.wikipedia.org\/wiki\/El_Cachucho#cite_note-1\">1<\/a><\/sup>\u200b y tiene una gran riqueza faun\u00edstica y biol\u00f3gica. Por este motivo ha sido protegido con el establecimiento de la primera reserva exclusivamente marina de\u00a0<a title=\"Espa\u00f1a\" href=\"https:\/\/es.wikipedia.org\/wiki\/Espa%C3%B1a\">Espa\u00f1a<\/a>, pues hasta entonces solo parques como\u00a0<a class=\"mw-redirect\" title=\"Do\u00f1ana\" href=\"https:\/\/es.wikipedia.org\/wiki\/Do%C3%B1ana\">Do\u00f1ana<\/a>,\u00a0<a title=\"Parque nacional mar\u00edtimo-terrestre del Archipi\u00e9lago de Cabrera\" href=\"https:\/\/es.wikipedia.org\/wiki\/Parque_nacional_mar%C3%ADtimo-terrestre_del_Archipi%C3%A9lago_de_Cabrera\">Cabrera<\/a>\u00a0o las\u00a0<a class=\"mw-redirect\" title=\"Parque Nacional de las Islas Atl\u00e1nticas de Galicia\" href=\"https:\/\/es.wikipedia.org\/wiki\/Parque_Nacional_de_las_Islas_Atl%C3%A1nticas_de_Galicia\">islas atl\u00e1nticas de Galicia<\/a>\u00a0proteg\u00edan en parte territorio marino.<sup id=\"cite_ref-2\" class=\"reference separada\"><\/sup><\/p>\n<ol class=\"references\">\n<li id=\"cite_note-1\">\u00a0<span class=\"reference-text\"><a class=\"external text\" href=\"http:\/\/www.elmundo.es\/elmundo\/2008\/03\/14\/ciencia\/1205520429.html\" rel=\"nofollow\"><i>El Cachucho se convierte en la primera \u00c1rea Marina Protegida en aguas espa\u00f1olas<\/i><\/a>, El Mundo, 17 de marzo de 2008.<\/span><\/li>\n<li id=\"cite_note-2\"><span class=\"mw-cite-backlink\"><a title=\"Volver arriba\" href=\"https:\/\/es.wikipedia.org\/wiki\/El_Cachucho#cite_ref-2\" aria-label=\"Volver arriba\">\u2191<\/a><\/span>\u00a0<span class=\"reference-text\"><span class=\"citation noticia\"><a class=\"external text\" href=\"http:\/\/www.europapress.es\/cantabria\/noticia-gobierno-declara-cachucho-primera-area-marina-protegida-espana-20111111163655.html\" rel=\"nofollow\">\u00abEl Gobierno declara El Cachucho la primera \u00c1rea Marina Protegida de Espa\u00f1a\u00bb<\/a>. Europa Press. 11 de noviembre de 2011.<\/span><\/span><\/li>\n<\/ol>\n<ul>\n<li><a href=\"https:\/\/www.miteco.gob.es\/es\/biodiversidad\/temas\/biodiversidad-marina\/espacios-marinos-protegidos\/red-natura-2000-ambito-marino\/zec-el-cachucho.aspx\">web informativa Gobiernu<\/a> \/<\/li>\n<li>Art\u00edculos:<a href=\"https:\/\/www.lne.es\/asturias\/n-asturianu\/2021\/08\/09\/area-protexida-cachuchu-frente-ribeseya-56038756.html\"> LNE<\/a> \/<a href=\"https:\/\/gredos.usal.es\/bitstream\/handle\/10366\/139804\/TG_P%C3%A9rezNogueiraN_ElCachucho.pdf?sequence=1&amp;isAllowed=y\"> PDF<\/a> \/<\/li>\n<li>Info: <a href=\"https:\/\/es.wikipedia.org\/wiki\/El_Cachucho\">WIKI<\/a> \/<\/li>\n<\/ul>\n<p style=\"text-align: center\">\n<!-- iframe plugin v.6.0 wordpress.org\/plugins\/iframe\/ -->\n<iframe loading=\"lazy\" width=\"640\" height=\"360\" src=\"https:\/\/www.youtube.com\/embed\/-wih6Esaazk\" 0=\"\/iframe\" scrolling=\"yes\" class=\"iframe-class\" frameborder=\"0\"><\/iframe>\n<\/p>\n<div class=\"col-md-9\">\n<div class=\"imgUp\">\n<div class=\"anclas-enlaces\">\n<div class=\"panel\">\n<div class=\"panel-body\">\n<div class=\"panel-imagen-izq centrada \"><a href=\"https:\/\/www.miteco.gob.es\/es\/biodiversidad\/temas\/biodiversidad-marina\/imagen_tcm30-521127.bmp\"><img loading=\"lazy\" decoding=\"async\" class=\"img-responsive aligncenter\" title=\"El Cachucho\" src=\"https:\/\/www.miteco.gob.es\/es\/biodiversidad\/temas\/biodiversidad-marina\/imagen_tcm30-521127.bmp\" alt=\"El Cachucho\" width=\"239\" height=\"363\" \/><\/a><\/div>\n<div class=\"panel-info\">\n<div>\n<p>El <strong><a title=\"Real Decreto 1629\/2011, de 14 de noviembre\" href=\"https:\/\/www.boe.es\/buscar\/act.php?id=BOE-A-2011-19246\" target=\"_blank\" rel=\"noopener ventananueva\">Real Decreto 1629\/2011<\/a>, de 14 de noviembre, por el que se declara como \u00c1rea Marina Protegida y como Zona Especial de Conservaci\u00f3n el espacio marino de El Cachucho, y se aprueban las correspondientes medidas de conservaci\u00f3n<\/strong>, culmina un largo camino para hacer efectiva la declaraci\u00f3n de El Cachucho como la primera \u00c1rea Marina Protegida (AMP) de Espa\u00f1a \u2013de acuerdo con lo establecido en el art\u00edculo 32 de la <a title=\"Ley 42\/2007, de 13 de diciembre, del Patrimonio Natural y de la Biodiversidad\" href=\"https:\/\/www.boe.es\/buscar\/act.php?id=BOE-A-2007-21490\" target=\"_blank\" rel=\"noopener ventananueva\">Ley 42\/2007, de 13 de diciembre, del Patrimonio Natural y de la Biodiversidad<\/a> y en el art\u00edculo 27.1 de la <a title=\"Ley 41\/2010, de 29 de diciembre, de protecci\u00f3n del medio marino\" href=\"https:\/\/www.boe.es\/buscar\/act.php?id=BOE-A-2010-20050\" target=\"_blank\" rel=\"noopener ventananueva\">Ley 41\/2010, de 29 de diciembre, de protecci\u00f3n del medio marino<\/a>\u2013.<\/p>\n<p>La declaraci\u00f3n d&#8217;El Cachuchu como AMP: \u00c1rea Marina protexida, supunxo un finxu para&#8217;l caltenimientu del patrimoniu natural mar\u00edn espa\u00f1ol. Esp\u00e9rase qu&#8217;esti espaciu protex\u00edu s\u00eda&#8217;l primeru de toa una serie que constituya un sistema coherente, bien xestion\u00e1u y acorde cola nuesa rica biodiversid\u00e1 marina y colos compromisos internacionales adquir\u00edos per Espa\u00f1a que garantice&#8217;l so leg\u00e1u a les xeneraciones futures.<\/p>\n<p><em><span style=\"font-size: 14pt;color: #008080\">At\u00f3pase asiti\u00e1u<strong> al norte de la pen\u00ednsula Ib\u00e9rica, nel mar Cant\u00e1bricu, frente a la localid\u00e1 asturiana de Ribesella y a una distancia de 65 km de la mari\u00f1a<\/strong> nel llargor 5\u00baW. La superficie total del espaciu ye de 234.950,16 hect\u00e1rees.<\/span><\/em><\/p>\n<\/div>\n<\/div>\n<\/div>\n<\/div>\n<div class=\"panel\">\n<div class=\"panel-body\">\n<div class=\"panel-info\">\n<ul class=\"custom-bullet\">\n<li class=\"quita-bullets\"><span style=\"font-size: 14pt\"><i class=\"fa ico-pdf\"><\/i> <a class=\"\" href=\"https:\/\/www.miteco.gob.es\/es\/biodiversidad\/temas\/biodiversidad-marina\/Ficha_ZEC_El_Cachucho_tcm30-521072.pdf\" target=\"_blank\" rel=\"noopener\">Ficha<\/a><\/span><\/li>\n<li class=\"quita-bullets\"><span style=\"font-size: 14pt\"><i class=\"fa ico-pdf\"><\/i> <a class=\"\" href=\"https:\/\/www.miteco.gob.es\/es\/biodiversidad\/temas\/biodiversidad-marina\/LIGERO_ZECES90ATL01_MAR_2014_tcm30-521075.pdf\" target=\"_blank\" rel=\"noopener\">Tr\u00edptico<\/a><\/span><\/li>\n<li class=\"quita-bullets\"><span style=\"font-size: 14pt\"><i class=\"fa ico-pdf\"><\/i> <a class=\"\" href=\"https:\/\/www.miteco.gob.es\/es\/biodiversidad\/temas\/biodiversidad-marina\/25-PANEL-El-Cachucho-ES90ATL01_tcm30-521073.pdf\" target=\"_blank\" rel=\"noopener\">Panel<\/a><\/span><\/li>\n<li class=\"quita-bullets\"><i class=\"fa ico-pdf\"><\/i> <a class=\"\" href=\"https:\/\/www.miteco.gob.es\/es\/biodiversidad\/temas\/biodiversidad-marina\/25-El-Cachucho-ES90ATL01_NOV_2013_tcm30-521074.pdf\" target=\"_blank\" rel=\"noopener\"><span style=\"font-size: 14pt\">P\u00f3ster<\/span><\/a><\/li>\n<\/ul>\n<p>&nbsp;<\/p>\n<\/div>\n<\/div>\n<\/div>\n<\/div>\n<\/div>\n<\/div>\n","protected":false},"excerpt":{"rendered":"<p>El\u00a0 Cachuchu. Carpeta ISA Asturies tien la primer zona protexida d&#8217;estes caracter\u00edstiques d&#8217;Espa\u00f1a. El Ministeriu de Mediu Ambiente presenta al Conseyu Asesor de Mediu Ambiente (CAMA) la propuesta de creaci\u00f3n de la primer \u00c1rea Marina Protex\u00eda d&#8217;Espa\u00f1a \u00c1rea Marina Protegida y Zona Especial de Conservaci\u00f3n en la Demarcaci\u00f3n Marina Noratl\u00e1ntica El Cachucho\u00a0es un\u00a0monte submarino\u00a0situado en [&hellip;]<\/p>\n","protected":false},"author":117,"featured_media":0,"parent":275,"menu_order":0,"comment_status":"closed","ping_status":"closed","template":"","meta":{"footnotes":""},"class_list":["post-3132","page","type-page","status-publish","hentry","post-preview"],"_links":{"self":[{"href":"https:\/\/edublog.educastur.es\/ixuxullingua\/wp-json\/wp\/v2\/pages\/3132","targetHints":{"allow":["GET"]}}],"collection":[{"href":"https:\/\/edublog.educastur.es\/ixuxullingua\/wp-json\/wp\/v2\/pages"}],"about":[{"href":"https:\/\/edublog.educastur.es\/ixuxullingua\/wp-json\/wp\/v2\/types\/page"}],"author":[{"embeddable":true,"href":"https:\/\/edublog.educastur.es\/ixuxullingua\/wp-json\/wp\/v2\/users\/117"}],"replies":[{"embeddable":true,"href":"https:\/\/edublog.educastur.es\/ixuxullingua\/wp-json\/wp\/v2\/comments?post=3132"}],"version-history":[{"count":9,"href":"https:\/\/edublog.educastur.es\/ixuxullingua\/wp-json\/wp\/v2\/pages\/3132\/revisions"}],"predecessor-version":[{"id":3143,"href":"https:\/\/edublog.educastur.es\/ixuxullingua\/wp-json\/wp\/v2\/pages\/3132\/revisions\/3143"}],"up":[{"embeddable":true,"href":"https:\/\/edublog.educastur.es\/ixuxullingua\/wp-json\/wp\/v2\/pages\/275"}],"wp:attachment":[{"href":"https:\/\/edublog.educastur.es\/ixuxullingua\/wp-json\/wp\/v2\/media?parent=3132"}],"curies":[{"name":"wp","href":"https:\/\/api.w.org\/{rel}","templated":true}]}}

<p style="text-align: center"><span style="color: #008080;font-size: 24pt"><strong><em>El  Cachuchu. <span style="font-size: 12pt"><a href="https://educastur-my.sharepoint.com/:f:/g/personal/isabellh_educastur_org/EuF0WPRHPxlDmHBoj5ZdayYBT0rBnD41I2nm5steLrh68w?e=uW4Ssu">Carpeta ISA</a></span><br />
</em></strong></span></p>
<p style="text-align: center"><img loading="lazy" decoding="async" class="alignnone size-medium" src="https://tse1.mm.bing.net/th?id=OIP.KPvKMVF6WH_thUAQJbssLQHaEK&amp;pid=Api&amp;P=0&amp;w=337&amp;h=190" width="337" height="190" /></p>
<p><strong><em>Asturies tien la primer zona protexida d&#8217;estes característiques d&#8217;España. El Ministeriu de Mediu Ambiente presenta al Conseyu Asesor de Mediu Ambiente (CAMA) la propuesta de creación de la primer Área Marina Protexía d&#8217;España</em></strong></p>
<h2 style="text-align: center"><span style="text-decoration: underline"><em><span style="font-size: 18pt">Área Marina Protegida y Zona Especial </span></em></span><br />
<span style="text-decoration: underline"><em><span style="font-size: 18pt">de Conservación en la Demarcación Marina Noratlántica</span></em></span></h2>
<p><b>El Cachucho</b> es un <a title="Monte submarino" href="https://es.wikipedia.org/wiki/Monte_submarino">monte submarino</a> situado en el <a title="Mar Cantábrico" href="https://es.wikipedia.org/wiki/Mar_Cant%C3%A1brico">mar Cantábrico</a>, frente a las costas de <a title="Asturias" href="https://es.wikipedia.org/wiki/Asturias">Asturias</a>. Emerge desde las profundidades del <a title="Golfo de Vizcaya" href="https://es.wikipedia.org/wiki/Golfo_de_Vizcaya">golfo de Vizcaya</a>, a 4500 metros de profundidad hasta unos 500 metros de profundidad. Tiene unos 57 km de longitud por 17 km de anchura,<sup id="cite_ref-1" class="reference separada"><a href="https://es.wikipedia.org/wiki/El_Cachucho#cite_note-1">1</a></sup>​ y tiene una gran riqueza faunística y biológica. Por este motivo ha sido protegido con el establecimiento de la primera reserva exclusivamente marina de <a title="España" href="https://es.wikipedia.org/wiki/Espa%C3%B1a">España</a>, pues hasta entonces solo parques como <a class="mw-redirect" title="Doñana" href="https://es.wikipedia.org/wiki/Do%C3%B1ana">Doñana</a>, <a title="Parque nacional marítimo-terrestre del Archipiélago de Cabrera" href="https://es.wikipedia.org/wiki/Parque_nacional_mar%C3%ADtimo-terrestre_del_Archipi%C3%A9lago_de_Cabrera">Cabrera</a> o las <a class="mw-redirect" title="Parque Nacional de las Islas Atlánticas de Galicia" href="https://es.wikipedia.org/wiki/Parque_Nacional_de_las_Islas_Atl%C3%A1nticas_de_Galicia">islas atlánticas de Galicia</a> protegían en parte territorio marino.<sup id="cite_ref-2" class="reference separada"></sup></p>
<ol class="references">
<li id="cite_note-1"> <span class="reference-text"><a class="external text" href="http://www.elmundo.es/elmundo/2008/03/14/ciencia/1205520429.html" rel="nofollow"><i>El Cachucho se convierte en la primera Área Marina Protegida en aguas españolas</i></a>, El Mundo, 17 de marzo de 2008.</span></li>
<li id="cite_note-2"><span class="mw-cite-backlink"><a title="Volver arriba" href="https://es.wikipedia.org/wiki/El_Cachucho#cite_ref-2" aria-label="Volver arriba">↑</a></span> <span class="reference-text"><span class="citation noticia"><a class="external text" href="http://www.europapress.es/cantabria/noticia-gobierno-declara-cachucho-primera-area-marina-protegida-espana-20111111163655.html" rel="nofollow">«El Gobierno declara El Cachucho la primera Área Marina Protegida de España»</a>. Europa Press. 11 de noviembre de 2011.</span></span></li>
</ol>
<ul>
<li><a href="https://www.miteco.gob.es/es/biodiversidad/temas/biodiversidad-marina/espacios-marinos-protegidos/red-natura-2000-ambito-marino/zec-el-cachucho.aspx">web informativa Gobiernu</a> /</li>
<li>Artículos:<a href="https://www.lne.es/asturias/n-asturianu/2021/08/09/area-protexida-cachuchu-frente-ribeseya-56038756.html"> LNE</a> /<a href="https://gredos.usal.es/bitstream/handle/10366/139804/TG_P%C3%A9rezNogueiraN_ElCachucho.pdf?sequence=1&amp;isAllowed=y"> PDF</a> /</li>
<li>Info: <a href="https://es.wikipedia.org/wiki/El_Cachucho">WIKI</a> /</li>
</ul>
<p style="text-align: center">
<!-- iframe plugin v.6.0 wordpress.org/plugins/iframe/ -->
<iframe loading="lazy" width="640" height="360" src="https://www.youtube.com/embed/-wih6Esaazk" 0="/iframe" scrolling="yes" class="iframe-class" frameborder="0"></iframe>
</p>
<div class="col-md-9">
<div class="imgUp">
<div class="anclas-enlaces">
<div class="panel">
<div class="panel-body">
<div class="panel-imagen-izq centrada "><a href="https://www.miteco.gob.es/es/biodiversidad/temas/biodiversidad-marina/imagen_tcm30-521127.bmp"><img loading="lazy" decoding="async" class="img-responsive aligncenter" title="El Cachucho" src="https://www.miteco.gob.es/es/biodiversidad/temas/biodiversidad-marina/imagen_tcm30-521127.bmp" alt="El Cachucho" width="239" height="363" /></a></div>
<div class="panel-info">
<div>
<p>El <strong><a title="Real Decreto 1629/2011, de 14 de noviembre" href="https://www.boe.es/buscar/act.php?id=BOE-A-2011-19246" target="_blank" rel="noopener ventananueva">Real Decreto 1629/2011</a>, de 14 de noviembre, por el que se declara como Área Marina Protegida y como Zona Especial de Conservación el espacio marino de El Cachucho, y se aprueban las correspondientes medidas de conservación</strong>, culmina un largo camino para hacer efectiva la declaración de El Cachucho como la primera Área Marina Protegida (AMP) de España –de acuerdo con lo establecido en el artículo 32 de la <a title="Ley 42/2007, de 13 de diciembre, del Patrimonio Natural y de la Biodiversidad" href="https://www.boe.es/buscar/act.php?id=BOE-A-2007-21490" target="_blank" rel="noopener ventananueva">Ley 42/2007, de 13 de diciembre, del Patrimonio Natural y de la Biodiversidad</a> y en el artículo 27.1 de la <a title="Ley 41/2010, de 29 de diciembre, de protección del medio marino" href="https://www.boe.es/buscar/act.php?id=BOE-A-2010-20050" target="_blank" rel="noopener ventananueva">Ley 41/2010, de 29 de diciembre, de protección del medio marino</a>–.</p>
<p>La declaración d&#8217;El Cachuchu como AMP: Área Marina protexida, supunxo un finxu para&#8217;l caltenimientu del patrimoniu natural marín español. Espérase qu&#8217;esti espaciu protexíu sía&#8217;l primeru de toa una serie que constituya un sistema coherente, bien xestionáu y acorde cola nuesa rica biodiversidá marina y colos compromisos internacionales adquiríos per España que garantice&#8217;l so legáu a les xeneraciones futures.</p>
<p><em><span style="font-size: 14pt;color: #008080">Atópase asitiáu<strong> al norte de la península Ibérica, nel mar Cantábricu, frente a la localidá asturiana de Ribesella y a una distancia de 65 km de la mariña</strong> nel llargor 5ºW. La superficie total del espaciu ye de 234.950,16 hectárees.</span></em></p>
</div>
</div>
</div>
</div>
<div class="panel">
<div class="panel-body">
<div class="panel-info">
<ul class="custom-bullet">
<li class="quita-bullets"><span style="font-size: 14pt"><i class="fa ico-pdf"></i> <a class="" href="https://www.miteco.gob.es/es/biodiversidad/temas/biodiversidad-marina/Ficha_ZEC_El_Cachucho_tcm30-521072.pdf" target="_blank" rel="noopener">Ficha</a></span></li>
<li class="quita-bullets"><span style="font-size: 14pt"><i class="fa ico-pdf"></i> <a class="" href="https://www.miteco.gob.es/es/biodiversidad/temas/biodiversidad-marina/LIGERO_ZECES90ATL01_MAR_2014_tcm30-521075.pdf" target="_blank" rel="noopener">Tríptico</a></span></li>
<li class="quita-bullets"><span style="font-size: 14pt"><i class="fa ico-pdf"></i> <a class="" href="https://www.miteco.gob.es/es/biodiversidad/temas/biodiversidad-marina/25-PANEL-El-Cachucho-ES90ATL01_tcm30-521073.pdf" target="_blank" rel="noopener">Panel</a></span></li>
<li class="quita-bullets"><i class="fa ico-pdf"></i> <a class="" href="https://www.miteco.gob.es/es/biodiversidad/temas/biodiversidad-marina/25-El-Cachucho-ES90ATL01_NOV_2013_tcm30-521074.pdf" target="_blank" rel="noopener"><span style="font-size: 14pt">Póster</span></a></li>
</ul>
<p>&nbsp;</p>
</div>
</div>
</div>
</div>
</div>
</div>

<p>El  Cachuchu. Carpeta ISA Asturies tien la primer zona protexida d&#8217;estes característiques d&#8217;España. El Ministeriu de Mediu Ambiente presenta al Conseyu Asesor de Mediu Ambiente (CAMA) la propuesta de creación de la primer Área Marina Protexía d&#8217;España Área Marina Protegida y Zona Especial de Conservación en la Demarcación Marina Noratlántica El Cachucho es un monte submarino situado en [&hellip;]</p>
