{"id":470,"date":"2020-08-10T10:32:35","date_gmt":"2020-08-10T10:32:35","guid":{"rendered":"https:\/\/edublog.educastur.es\/ixuxullingua\/?page_id=470"},"modified":"2020-11-06T00:40:33","modified_gmt":"2020-11-05T22:40:33","slug":"cuentos-de-trazu-sueltu","status":"publish","type":"page","link":"https:\/\/edublog.educastur.es\/ixuxullingua\/cuentos\/cuentos-de-trazu-sueltu\/","title":{"rendered":"Cuentos de trazu sueltu"},"content":{"rendered":"<div id=\"post-289\" class=\"post\">\n<h2><span style=\"color: #800080\">PlayPresta\u00a0 @PlayPresta<\/span><\/h2>\n<div class=\"entry\">\n<ul>\n<li><em><span style=\"font-size: 14pt\"><span class=\"style-scope yt-formatted-string\" dir=\"auto\">\u23e9 Facebook: <\/span><a class=\"yt-simple-endpoint style-scope yt-formatted-string\" href=\"https:\/\/www.youtube.com\/redirect?q=https%3A%2F%2Fwww.facebook.com%2FPlayPresta%2F&amp;event=video_description&amp;redir_token=QUFFLUhqa3hqT2c4VXdZWkYxMFJaRkZIMk5kSXR6SXg3d3xBQ3Jtc0tudGdZRkZ1cERpSDEzbmNwUjQ0N2t1aVJQYTRRenNwOTNNU3lsZjdHMDZNM3huejktOFUtWW13eG15b0lldFU1NHBURGktUzMyaHl5ZVR2dkJ2QU9DakdlWE0zZ0tvWWZUZ2l6YzBacm5VTDZjd0NpYw%3D%3D&amp;v=lChGVKJemp4\" target=\"_blank\" rel=\"nofollow noopener noreferrer\">https:\/\/www.facebook.com\/PlayPresta\/<\/a> <\/span><\/em><\/li>\n<li><em><span style=\"font-size: 14pt\"><span class=\"style-scope yt-formatted-string\" dir=\"auto\">\u23e9 Twitter: <\/span><a class=\"yt-simple-endpoint style-scope yt-formatted-string\" href=\"https:\/\/www.youtube.com\/redirect?q=https%3A%2F%2Fwww.twitter.com%2FPlayPresta%2F&amp;event=video_description&amp;redir_token=QUFFLUhqbWMtaFZjS21zSnQySWFjbnFWV3VvSnA1MWlfd3xBQ3Jtc0ttR2hWWDZQMEwySjBZck5TanFEY0VBaFVuZktTZzZjNDZoV2NZc1ZNRXZuUmpmZzVVcHd3MzV3aW9SanQyQmFieWdreXp4T01OSGRSOTlZWlU5TURHTFBva3lxZEsyN2gwQkVSMWNKbEcxbElHanh3TQ%3D%3D&amp;v=lChGVKJemp4\" target=\"_blank\" rel=\"nofollow noopener noreferrer\">https:\/\/www.twitter.com\/PlayPresta\/<\/a> <\/span><\/em><\/li>\n<li><em><span style=\"font-size: 14pt\"><span class=\"style-scope yt-formatted-string\" dir=\"auto\">\u23e9 Web: <\/span><a class=\"yt-simple-endpoint style-scope yt-formatted-string\" href=\"https:\/\/www.youtube.com\/redirect?q=http%3A%2F%2Fwww.playpresta.com&amp;event=video_description&amp;redir_token=QUFFLUhqa3ZWYTRHcE5RaDltZElOd2ltdENVNFBTQi1TQXxBQ3Jtc0trell6RnVrUEdJQnlqRGo3U2VjV1p4dGhBUGFPb2JQcmJUQlpZcVRPbFNuRW9aUFJkazAyb2stTV9SNllUa0tXb08yeVU5UGhLc05wNWY4c0dObldqejM1MWc4akVBLUtmWEcwRGt5ekVuVmZ1Q0VPQQ%3D%3D&amp;v=lChGVKJemp4\" target=\"_blank\" rel=\"nofollow noopener noreferrer\">http:\/\/www.playpresta.com<\/a> <\/span><\/em><\/li>\n<li><em><span class=\"style-scope yt-formatted-string\" dir=\"auto\" style=\"font-size: 14pt\">\u23e9 Instagram: <\/span><\/em><a class=\"yt-simple-endpoint style-scope yt-formatted-string\" href=\"https:\/\/www.youtube.com\/redirect?q=https%3A%2F%2Fwww.instagram.com%2FPlayPresta%2F&amp;event=video_description&amp;redir_token=QUFFLUhqbi1Vb1NIVURWM1l5Q1FJNDA1ZzNJdTBPV0NCZ3xBQ3Jtc0trYnVuMDVfTlI1ZjQxOXNObVdTNjdGLVdiMzZOYXVXSVJJdTBHOFc0VG1nZC1mT3VJZGZ1YWFKeUhoZG5BRFRFa1JHTlFudGZpV0NXa1dCTjRYQ0ZOeDFoS0w2MEJHTjFMblZzTWZBY0tZTm1MSVJjaw%3D%3D&amp;v=lChGVKJemp4\" target=\"_blank\" rel=\"nofollow noopener noreferrer\"><em><span style=\"font-size: 14pt\">https:\/\/www.instagram.com\/PlayPresta\/<\/span><\/em><\/a><\/li>\n<li><a href=\"http:\/\/www.asturtoons.es\/\" target=\"_blank\" rel=\"noopener noreferrer\"><img loading=\"lazy\" decoding=\"async\" class=\"\" src=\"http:\/\/4.bp.blogspot.com\/_JlTSGvvixPk\/TQeFAkmwh4I\/AAAAAAAAAR8\/bhHPcHRyE-E\/S340\/asturtoons.png\" width=\"498\" height=\"107\" \/><\/a><\/li>\n<li><span style=\"font-size: 14pt\"><a href=\"http:\/\/www.asturtoons.es\/\" target=\"_blank\" rel=\"noopener noreferrer\">http:\/\/www.asturtoons.es\/<\/a><\/span><\/li>\n<li><a href=\"https:\/\/youtu.be\/qlzegLHn3JI\" target=\"_blank\" rel=\"noopener noreferrer\"><span style=\"font-size: 14pt\">Coleici\u00f3n<\/span><strong><em><span style=\"font-size: 14pt\"> \u201cLlingua de trasgu\u201d<\/span><\/em><\/strong><\/a><\/li>\n<\/ul>\n<p>&nbsp;<\/p>\n<p><span style=\"font-size: 14pt\">L\u00b4escritor pilo\u00f1\u00e9s Enrique Carballeira present\u00f3 g\u00fcei nel cole L\u2019Ablanu d\u00b4Infiestu <strong><em>la lleeenda de L\u2019Ablanera<\/em><\/strong>, el nuevu personaxe navide\u00f1u de Pilo\u00f1a.<\/span><\/p>\n<p><img loading=\"lazy\" decoding=\"async\" class=\"\" src=\"https:\/\/alojaweb.educastur.es\/documents\/1933793\/5103187\/Ablanera+foto.png\/09abd3bc-d7a1-444f-87ad-7683a9b588cd?t=1576067273162\" width=\"463\" height=\"261\" \/><\/p>\n<ul>\n<li>Cuentu:<a href=\"https:\/\/drive.google.com\/file\/d\/1zodIKyaBiZhlI83RgrYcMlcMwNtSZXRL\/view\" target=\"_blank\" rel=\"noopener noreferrer\"><strong><em>La lleenda de L\u00b4Ablanera<\/em><\/strong><em>\u00a0 (pdf)<\/em><\/a><\/li>\n<li><em><a href=\"https:\/\/youtu.be\/Dh5dYGGkWXw\" target=\"_blank\" rel=\"noopener noreferrer\">Videu<\/a><\/em><\/li>\n<\/ul>\n\n<!-- iframe plugin v.6.0 wordpress.org\/plugins\/iframe\/ -->\n<iframe loading=\"lazy\" width=\"560\" height=\"315\" src=\"https:\/\/www.youtube.com\/embed\/Dh5dYGGkWXw\" scrolling=\"yes\" class=\"iframe-class\" frameborder=\"0\"><\/iframe>\n\n<p><em><span style=\"font-size: 14pt\">Como complementu a les actividaes facilit\u00e1mosvos la carta que los ne\u00f1os pueden escribir a L\u2019Ablanera, na que van poder faer los sos pidimientos pa la Nuechebona. Puedes <a href=\"https:\/\/drive.google.com\/file\/d\/1y1aiCOCjH0okil-nUZdeFGR7KBaNfVi8\/view\" target=\"_blank\" rel=\"noopener noreferrer\"><u>descargar la carta <\/u><\/a>pulsiando <a href=\"https:\/\/alojaweb.educastur.es\/documents\/1933793\/0\/Carta++la+Ablanera\/bd3dd56b-d0bc-4430-8e32-55ab020ae5f2\" target=\"_blank\" rel=\"noopener noreferrer\">EQU\u00cd.<\/a> Mientres la charra, proxect\u00f3se un curtiu sobro dicha lleenda y darr\u00e9u, l\u2019autor present\u00f3 un nuevu llibru de narraciones curties titul\u00e1u \u201c<span style=\"color: #ff6600\"><u>Cuentos de Trazu Sueltu<\/u><\/span>\u201d pal alumn\u00e1u de Llingua Asturiana.<\/span><\/em><\/p>\n<p><img loading=\"lazy\" decoding=\"async\" src=\"https:\/\/1.bp.blogspot.com\/-CIhJKNYPq2I\/XfqSNmsXoVI\/AAAAAAAAUgs\/C4wM3UpE8ssEstxWKlg48Fj6rySwqnzvQCLcBGAsYHQ\/s1600\/PORTADA%2BTRAZU%2BSUELTU.JPG\" width=\"202\" height=\"204\" \/><\/p>\n<hr \/>\n<ul>\n<li>Cuentu: <a href=\"https:\/\/youtu.be\/9g8SF5xV9gY\" target=\"_blank\" rel=\"noopener noreferrer\"><strong><em>La primavera zarrada<\/em><\/strong><\/a><\/li>\n<\/ul>\n\n<!-- iframe plugin v.6.0 wordpress.org\/plugins\/iframe\/ -->\n<iframe loading=\"lazy\" width=\"560\" height=\"315\" src=\"https:\/\/www.youtube.com\/embed\/9g8SF5xV9gY\" scrolling=\"yes\" class=\"iframe-class\" frameborder=\"0\"><\/iframe>\n\n<p>&nbsp;<\/p>\n<hr \/>\n<ul>\n<li>Cuentu: <a href=\"https:\/\/youtu.be\/cg0IiD1_SDk\" target=\"_blank\" rel=\"noopener noreferrer\"><strong><em>El nuberu<br \/>\n<\/em><\/strong><\/a><\/li>\n<\/ul>\n\n<!-- iframe plugin v.6.0 wordpress.org\/plugins\/iframe\/ -->\n<iframe loading=\"lazy\" width=\"560\" height=\"315\" src=\"https:\/\/www.youtube.com\/embed\/cg0IiD1_SDk\" scrolling=\"yes\" class=\"iframe-class\" frameborder=\"0\"><\/iframe>\n\n<p>&nbsp;<\/p>\n<hr \/>\n<ul>\n<li>Cuentu: <a href=\"https:\/\/www.youtube.com\/watch?v=P-CBOl3OfHY\" target=\"_blank\" rel=\"noopener noreferrer\"><em><strong>\u201cUn gat\u00edn en cubil\u201d<\/strong><\/em><\/a><\/li>\n<\/ul>\n\n<!-- iframe plugin v.6.0 wordpress.org\/plugins\/iframe\/ -->\n<iframe loading=\"lazy\" width=\"560\" height=\"315\" src=\"https:\/\/www.youtube.com\/embed\/P-CBOl3OfHY\" scrolling=\"yes\" class=\"iframe-class\" frameborder=\"0\"><\/iframe>\n\n<p>&nbsp;<\/p>\n<hr \/>\n<ul>\n<li>Cuentu: <a href=\"https:\/\/youtu.be\/zSP6GDvkOts\" target=\"_blank\" rel=\"noopener noreferrer\"><strong><em>El apuru de Nuberu<br \/>\n<\/em><\/strong><\/a><\/li>\n<\/ul>\n\n<!-- iframe plugin v.6.0 wordpress.org\/plugins\/iframe\/ -->\n<iframe loading=\"lazy\" width=\"560\" height=\"315\" src=\"https:\/\/www.youtube.com\/embed\/zSP6GDvkOts\" scrolling=\"yes\" class=\"iframe-class\" frameborder=\"0\"><\/iframe>\n\n<p>&nbsp;<\/p>\n<hr \/>\n<ul>\n<li>\u00a0Cuentu: <a href=\"https:\/\/youtu.be\/lChGVKJemp4?list=PLhtoo519UiZZaEraRH2CNazEByctAj0ar\" target=\"_blank\" rel=\"noopener noreferrer\"><em><strong>El trasgu Tomas\u00edn<\/strong><\/em><\/a><\/li>\n<\/ul>\n\n<!-- iframe plugin v.6.0 wordpress.org\/plugins\/iframe\/ -->\n<iframe loading=\"lazy\" width=\"560\" height=\"315\" src=\"https:\/\/www.youtube.com\/embed\/lChGVKJemp4\" scrolling=\"yes\" class=\"iframe-class\" frameborder=\"0\"><\/iframe>\n\n<p>&nbsp;<\/p>\n<hr \/>\n<ul>\n<li>\u00a0Cuentu:<a href=\"https:\/\/youtu.be\/RhmUOfBXhXs\" target=\"_blank\" rel=\"noopener noreferrer\"><strong><em> Una vaca perllista<\/em><\/strong><\/a><\/li>\n<\/ul>\n\n<!-- iframe plugin v.6.0 wordpress.org\/plugins\/iframe\/ -->\n<iframe loading=\"lazy\" width=\"560\" height=\"315\" src=\"https:\/\/www.youtube.com\/embed\/RhmUOfBXhXs\" scrolling=\"yes\" class=\"iframe-class\" frameborder=\"0\"><\/iframe>\n\n<p>&nbsp;<\/p>\n<hr \/>\n<ul>\n<li>\u00a0Cuentu: <a href=\"https:\/\/www.youtube.com\/watch?v=Rb6gZHfqTdk\"><em><span style=\"font-size: 12pt\"><strong>Marcos el loru pirata<\/strong><\/span><\/em><\/a><\/li>\n<\/ul>\n\n<!-- iframe plugin v.6.0 wordpress.org\/plugins\/iframe\/ -->\n<iframe loading=\"lazy\" width=\"560\" height=\"315\" src=\"https:\/\/www.youtube.com\/embed\/Rb6gZHfqTdk\" scrolling=\"yes\" class=\"iframe-class\" frameborder=\"0\"><\/iframe>\n\n<p>&nbsp;<\/p>\n<hr \/>\n<ul>\n<li>Cuentu: <a href=\"https:\/\/youtu.be\/IJve-1ng9uA\" target=\"_blank\" rel=\"noopener noreferrer\"><strong><em>Peque\u00f1es cat\u00e1strofes<\/em><\/strong><\/a><\/li>\n<\/ul>\n\n<!-- iframe plugin v.6.0 wordpress.org\/plugins\/iframe\/ -->\n<iframe loading=\"lazy\" width=\"560\" height=\"315\" src=\"https:\/\/www.youtube.com\/embed\/IJve-1ng9uA\" scrolling=\"yes\" class=\"iframe-class\" frameborder=\"0\"><\/iframe>\n\n<p>&nbsp;<\/p>\n<\/div>\n<hr \/>\n<ul>\n<li>Cuentu: <a href=\"https:\/\/www.youtube.com\/watch?v=CKB4-S8Q1Po\"><strong><em>Sema gal\u00e1ctica<\/em><\/strong><\/a><\/li>\n<\/ul>\n\n<!-- iframe plugin v.6.0 wordpress.org\/plugins\/iframe\/ -->\n<iframe loading=\"lazy\" width=\"560\" height=\"315\" src=\"https:\/\/www.youtube.com\/embed\/CKB4-S8Q1Po\" scrolling=\"yes\" class=\"iframe-class\" frameborder=\"0\"><\/iframe>\n\n<p>&nbsp;<\/p>\n<\/div>\n<hr \/>\n<div id=\"post-289\" class=\"post\">\n<ul>\n<li>Cuentu: <a href=\"https:\/\/www.youtube.com\/watch?v=qMxxBts5JCA\"><strong><em>L elefante Delmiru<\/em><\/strong><\/a><\/li>\n<\/ul>\n\n<!-- iframe plugin v.6.0 wordpress.org\/plugins\/iframe\/ -->\n<iframe loading=\"lazy\" width=\"560\" height=\"315\" src=\"https:\/\/www.youtube.com\/embed\/qMxxBts5JCA\" scrolling=\"yes\" class=\"iframe-class\" frameborder=\"0\"><\/iframe>\n\n<\/div>\n<p>&nbsp;<\/p>\n<hr \/>\n<div id=\"post-289\" class=\"post\">\n<ul>\n<li>Cuentu: <a href=\"https:\/\/www.youtube.com\/watch?v=YY9ZL7lk-7w&amp;list=PLhtoo519UiZZaEraRH2CNazEByctAj0ar&amp;index=6\"><strong><em>Los recuerdos d\u00b4 Olson<\/em><\/strong><\/a><\/li>\n<\/ul>\n\n<!-- iframe plugin v.6.0 wordpress.org\/plugins\/iframe\/ -->\n<iframe loading=\"lazy\" width=\"560\" height=\"315\" src=\"https:\/\/www.youtube.com\/embed\/YY9ZL7lk-7w\" scrolling=\"yes\" class=\"iframe-class\" frameborder=\"0\"><\/iframe>\n\n<p>&nbsp;<\/p>\n<\/div>\n<hr \/>\n<div id=\"post-289\" class=\"post\">\n<ul>\n<li>Cuentu: <a href=\"https:\/\/www.youtube.com\/watch?v=RhmUOfBXhXs&amp;list=PLhtoo519UiZZaEraRH2CNazEByctAj0ar&amp;index=7\"><strong><em>Una vaca perllista<\/em><\/strong><\/a><\/li>\n<\/ul>\n\n<!-- iframe plugin v.6.0 wordpress.org\/plugins\/iframe\/ -->\n<iframe loading=\"lazy\" width=\"560\" height=\"315\" src=\"https:\/\/www.youtube.com\/embed\/RhmUOfBXhXs\" scrolling=\"yes\" class=\"iframe-class\" frameborder=\"0\"><\/iframe>\n\n<\/div>\n<hr \/>\n<ul>\n<li>Cuentu: <span style=\"color: #008080\"><strong><em><a style=\"color: #008080\" href=\"https:\/\/www.youtube.com\/watch?v=VUV94aQ6pmI\">El maestru chifl\u00f3<\/a><\/em><\/strong><\/span><\/li>\n<\/ul>\n\n<!-- iframe plugin v.6.0 wordpress.org\/plugins\/iframe\/ -->\n<iframe loading=\"lazy\" width=\"560\" height=\"315\" src=\"https:\/\/www.youtube.com\/embed\/VUV94aQ6pmI\" scrolling=\"yes\" class=\"iframe-class\" frameborder=\"0\"><\/iframe>\n\n<hr \/>\n<ul>\n<li>\n<h1 class=\"title style-scope ytd-video-primary-info-renderer\"><span style=\"color: #008080\"><em>El nataliegu | NAVIDIEGOS<\/em> <\/span><\/h1>\n<\/li>\n<li>\n<h1 class=\"title style-scope ytd-video-primary-info-renderer\"><a href=\"https:\/\/www.youtube.com\/watch?v=Q0IzT0kXLrs\"><span style=\"font-size: 14pt\">\u00a0Cap\u00edtulu 1 &#8211; Temporada 1<\/span><\/a><\/h1>\n<\/li>\n<\/ul>\n\n<!-- iframe plugin v.6.0 wordpress.org\/plugins\/iframe\/ -->\n<iframe loading=\"lazy\" width=\"560\" height=\"315\" src=\"https:\/\/www.youtube.com\/embed\/Q0IzT0kXLrs\" scrolling=\"yes\" class=\"iframe-class\" frameborder=\"0\"><\/iframe>\n\n<ul>\n<li><span style=\"font-size: 14pt\"><em><span class=\"d2edcug0 hpfvmrgz qv66sw1b c1et5uql rrkovp55 a8c37x1j keod5gw0 nxhoafnm aigsh9s9 d3f4x2em fe6kdd0r mau55g9w c8b282yb iv3no6db jq4qci2q a3bd9o3v knj5qynh oo9gr5id hzawbc8m\" dir=\"auto\"><a href=\"https:\/\/www.youtube.com\/watch?v=deS64VBEmwk\">El Nataliegu<\/a><br \/>\n<\/span><\/em><\/span><\/li>\n<\/ul>\n\n<!-- iframe plugin v.6.0 wordpress.org\/plugins\/iframe\/ -->\n<iframe loading=\"lazy\" width=\"560\" height=\"315\" src=\"https:\/\/www.youtube.com\/embed\/deS64VBEmwk\" scrolling=\"yes\" class=\"iframe-class\" frameborder=\"0\"><\/iframe>\n\n<p><a class=\"yt-simple-endpoint inline-block style-scope ytd-thumbnail\" href=\"https:\/\/www.youtube.com\/watch?v=-6XclB7wYV0\" rel=\"null\" aria-hidden=\"true\"> <img decoding=\"async\" id=\"img\" class=\"style-scope yt-img-shadow\" src=\"https:\/\/i.ytimg.com\/vi\/-6XclB7wYV0\/hq720.jpg?sqp=-oaymwEZCOgCEMoBSFXyq4qpAwsIARUAAIhCGAFwAQ==&amp;rs=AOn4CLA0nou5-piHbmdch5H_YXhuxwO_aA\" alt=\"\" width=\"360\" \/><\/a><\/p>\n<div id=\"overlays\" class=\"style-scope ytd-thumbnail\"><span class=\"style-scope ytd-thumbnail-overlay-time-status-renderer\" aria-label=\"2 minutos y 56 segundos\"> 2:56 <\/span><span class=\"style-scope ytd-thumbnail-overlay-now-playing-renderer\">Reproduciendo<\/span><\/div>\n<div id=\"hover-overlays\" class=\"style-scope ytd-thumbnail\"><\/div>\n<div class=\"text-wrapper style-scope ytd-video-renderer\">\n<div id=\"meta\" class=\"style-scope ytd-video-renderer\">\n<div id=\"title-wrapper\" class=\"style-scope ytd-video-renderer\">\n<ul>\n<li class=\"title-and-badge style-scope ytd-video-renderer\"><a id=\"video-title\" class=\"yt-simple-endpoint style-scope ytd-video-renderer\" title=\"VILLANCICU'L NATALIEGU - VERSI\u00d3N FOLK GRUPU \u00bfA\u00da?\" href=\"https:\/\/www.youtube.com\/watch?v=-6XclB7wYV0\" aria-label=\"VILLANCICU'L NATALIEGU - VERSI\u00d3N FOLK GRUPU \u00bfA\u00da? de V\u00edctor Ra\u00fal Pintado Rey hace 1 a\u00f1o 2 minutos y 56 segundos 1692 visualizaciones\"><em> VILLANCICU&#8217;L NATALIEGU<\/em> &#8211; VERSI\u00d3N FOLK GRUPU \u00bfA\u00da? <\/a><\/li>\n<\/ul>\n\n<!-- iframe plugin v.6.0 wordpress.org\/plugins\/iframe\/ -->\n<iframe loading=\"lazy\" width=\"560\" height=\"315\" src=\"https:\/\/www.youtube.com\/embed\/-6XclB7wYV0\" scrolling=\"yes\" class=\"iframe-class\" frameborder=\"0\"><\/iframe>\n\n<ul>\n<li><a href=\"https:\/\/www.youtube.com\/watch?v=x0JrO8egDv8\"><span style=\"font-size: 14pt\"><em>Villancicu\u00b4l Nataliegu<\/em><\/span><\/a><\/li>\n<\/ul>\n\n<!-- iframe plugin v.6.0 wordpress.org\/plugins\/iframe\/ -->\n<iframe loading=\"lazy\" width=\"560\" height=\"315\" src=\"https:\/\/www.youtube.com\/embed\/x0JrO8egDv8\" scrolling=\"yes\" class=\"iframe-class\" frameborder=\"0\"><\/iframe>\n\n<h1 class=\"title style-scope ytd-video-primary-info-renderer\"><\/h1>\n<\/div>\n<\/div>\n<\/div>\n","protected":false},"excerpt":{"rendered":"<p>PlayPresta\u00a0 @PlayPresta \u23e9 Facebook: https:\/\/www.facebook.com\/PlayPresta\/ \u23e9 Twitter: https:\/\/www.twitter.com\/PlayPresta\/ \u23e9 Web: http:\/\/www.playpresta.com \u23e9 Instagram: https:\/\/www.instagram.com\/PlayPresta\/ http:\/\/www.asturtoons.es\/ Coleici\u00f3n \u201cLlingua de trasgu\u201d &nbsp; L\u00b4escritor pilo\u00f1\u00e9s Enrique Carballeira present\u00f3 g\u00fcei nel cole L\u2019Ablanu d\u00b4Infiestu la lleeenda de L\u2019Ablanera, el nuevu personaxe navide\u00f1u de Pilo\u00f1a. Cuentu:La lleenda de L\u00b4Ablanera\u00a0 (pdf) Videu Como complementu a les actividaes facilit\u00e1mosvos la carta que [&hellip;]<\/p>\n","protected":false},"author":117,"featured_media":473,"parent":468,"menu_order":0,"comment_status":"closed","ping_status":"closed","template":"","meta":{"footnotes":""},"class_list":["post-470","page","type-page","status-publish","has-post-thumbnail","hentry","post-preview"],"_links":{"self":[{"href":"https:\/\/edublog.educastur.es\/ixuxullingua\/wp-json\/wp\/v2\/pages\/470","targetHints":{"allow":["GET"]}}],"collection":[{"href":"https:\/\/edublog.educastur.es\/ixuxullingua\/wp-json\/wp\/v2\/pages"}],"about":[{"href":"https:\/\/edublog.educastur.es\/ixuxullingua\/wp-json\/wp\/v2\/types\/page"}],"author":[{"embeddable":true,"href":"https:\/\/edublog.educastur.es\/ixuxullingua\/wp-json\/wp\/v2\/users\/117"}],"replies":[{"embeddable":true,"href":"https:\/\/edublog.educastur.es\/ixuxullingua\/wp-json\/wp\/v2\/comments?post=470"}],"version-history":[{"count":13,"href":"https:\/\/edublog.educastur.es\/ixuxullingua\/wp-json\/wp\/v2\/pages\/470\/revisions"}],"predecessor-version":[{"id":1080,"href":"https:\/\/edublog.educastur.es\/ixuxullingua\/wp-json\/wp\/v2\/pages\/470\/revisions\/1080"}],"up":[{"embeddable":true,"href":"https:\/\/edublog.educastur.es\/ixuxullingua\/wp-json\/wp\/v2\/pages\/468"}],"wp:featuredmedia":[{"embeddable":true,"href":"https:\/\/edublog.educastur.es\/ixuxullingua\/wp-json\/wp\/v2\/media\/473"}],"wp:attachment":[{"href":"https:\/\/edublog.educastur.es\/ixuxullingua\/wp-json\/wp\/v2\/media?parent=470"}],"curies":[{"name":"wp","href":"https:\/\/api.w.org\/{rel}","templated":true}]}}