{"id":522,"date":"2020-08-10T14:56:15","date_gmt":"2020-08-10T14:56:15","guid":{"rendered":"https:\/\/edublog.educastur.es\/ixuxullingua\/?page_id=522"},"modified":"2020-08-10T15:08:33","modified_gmt":"2020-08-10T15:08:33","slug":"clas-3","status":"publish","type":"page","link":"https:\/\/edublog.educastur.es\/ixuxullingua\/tv\/lasturianu-neducastur-tv\/clas-3\/","title":{"rendered":"Clas 03"},"content":{"rendered":"<ul>\n<li><a href=\"https:\/\/asturianutv.wordpress.com\/\" target=\"_blank\" rel=\"noopener noreferrer\">WEB\u00a0 L\u00b4ASTURIANU TV<\/a><\/li>\n<li><a href=\"https:\/\/asturianutv.wordpress.com\/xeres\/\" target=\"_blank\" rel=\"noopener noreferrer\">XERES<\/a><\/li>\n<\/ul>\n<p><img loading=\"lazy\" decoding=\"async\" src=\"https:\/\/asturianutv.files.wordpress.com\/2020\/04\/cropped-img_8152.png?w=1024&amp;h=225\" width=\"341\" height=\"75\" \/><\/p>\n<p>3)<i><a href=\"https:\/\/www.youtube.com\/watch?v=p-_4_1ts1Bw&amp;feature=youtu.be\" target=\"_blank\" rel=\"noopener noreferrer\">Ver en Youtube<\/a><\/i><\/p>\n<p>[youtube]p-_4_1ts1Bw[\/youtube]<\/p>\n<h3><\/h3>\n<h3><img loading=\"lazy\" decoding=\"async\" src=\"https:\/\/imgbox.es\/images\/2020\/03\/23\/separadora4a37c028d732afc.jpg\" width=\"322\" height=\"26\" \/><\/h3>\n<h3><\/h3>\n<ul>\n<li><i><a href=\"https:\/\/www.rtpa.es\/video:Aprende%20con%20TPA_551586300292.html\" target=\"_blank\" rel=\"noopener noreferrer\"><b>CLAS\u00a0 3. <\/b>Fecha: martes 7 d\u00b4abril.<br \/>\n<b>L\u00b4asturianu entama nel minutu 33:20<\/b> <\/a><\/i><i><\/i><\/li>\n<\/ul>\n<hr \/>\n<h3><a href=\"https:\/\/asturianutv.wordpress.com\/2020\/04\/07\/xeres-de-la-clas-2-07-04-2020\/\" target=\"_blank\" rel=\"noopener noreferrer\"><span style=\"color: #008000\"><b>XERES CLAS 3<\/b><\/span><\/a><\/h3>\n<p><a href=\"https:\/\/asturianutv.files.wordpress.com\/2020\/04\/variantes-asturies.png\" target=\"_blank\" rel=\"noopener noreferrer\"><img loading=\"lazy\" decoding=\"async\" src=\"https:\/\/asturianutv.files.wordpress.com\/2020\/04\/variantes-asturies.png\" width=\"424\" height=\"249\" \/><\/a><\/p>\n<p>\u00a1Mui bones! \u00bfQu\u00e9 tal too? Nel programa 3 viemos<br \/>\nlos conten\u00edos que van darr\u00e9u:<\/p>\n<ul>\n<li>Les variedaes internes del asturianu.<br \/>\nD\u00e9xovos equ\u00ed un mapa. La mio propuesta ye que<br \/>\nsi ten\u00e9is en casa a los g\u00fcelos, (y sin\u00f3n per tel\u00e9fonu)<br \/>\nfaig\u00e1is una entrevista pa conocer la varied\u00e1 del asturianu<br \/>\no gallego-asturianu de la so zona. \u00a1Apunt\u00e1is los resultaos<br \/>\ny compart\u00edi cosines en redes citando a @asturianutv!<br \/>\n\u00bfA qu\u00e9 varied\u00e1 interna pertenez la so forma de falar?<\/li>\n<\/ul>\n<p><a href=\"https:\/\/asturianutv.files.wordpress.com\/2020\/04\/variantes-dominiu.png\" target=\"_blank\" rel=\"noopener noreferrer\"><img loading=\"lazy\" decoding=\"async\" src=\"https:\/\/asturianutv.files.wordpress.com\/2020\/04\/variantes-dominiu.png\" width=\"335\" height=\"535\" \/><\/a><\/p>\n<ul>\n<li>Repasamos los posesivos n\u2019asturianu.<br \/>\nD\u00e9xovos equ\u00ed les tables coles distintes formes.<br \/>\nProp\u00fanxivos buscar el vuesu oxetu prefer\u00edu y<br \/>\ncolgalu en redes con una fras con posesivu..<\/li>\n<\/ul>\n<p><a href=\"https:\/\/asturianutv.files.wordpress.com\/2020\/04\/captura-de-pantalla-2020-04-04-a-las-19.42.42.png?w=2048\" target=\"_blank\" rel=\"noopener noreferrer\"><img loading=\"lazy\" decoding=\"async\" src=\"https:\/\/asturianutv.files.wordpress.com\/2020\/04\/captura-de-pantalla-2020-04-04-a-las-19.42.42.png?w=2048\" width=\"410\" height=\"150\" \/><\/a><br \/>\n<a href=\"https:\/\/asturianutv.files.wordpress.com\/2020\/04\/captura-de-pantalla-2020-04-04-a-las-19.42.52.png?w=2048\" target=\"_blank\" rel=\"noopener noreferrer\"><img loading=\"lazy\" decoding=\"async\" src=\"https:\/\/asturianutv.files.wordpress.com\/2020\/04\/captura-de-pantalla-2020-04-04-a-las-19.42.52.png?w=2048\" width=\"410\" height=\"146\" \/><\/a><\/p>\n<p><a href=\"https:\/\/asturianutv.files.wordpress.com\/2020\/04\/captura-de-pantalla-2020-04-04-a-las-19.43.02.png?w=2048\" target=\"_blank\" rel=\"noopener noreferrer\"><img loading=\"lazy\" decoding=\"async\" src=\"https:\/\/asturianutv.files.wordpress.com\/2020\/04\/captura-de-pantalla-2020-04-04-a-las-19.43.02.png?w=2048\" width=\"409\" height=\"147\" \/><\/a><\/p>\n<p><a href=\"https:\/\/asturianutv.files.wordpress.com\/2020\/04\/captura-de-pantalla-2020-04-04-a-las-19.43.10.png?w=2046\" target=\"_blank\" rel=\"noopener noreferrer\"><img loading=\"lazy\" decoding=\"async\" src=\"https:\/\/asturianutv.files.wordpress.com\/2020\/04\/captura-de-pantalla-2020-04-04-a-las-19.43.10.png?w=2046\" width=\"409\" height=\"106\" \/><\/a><\/p>\n<p><a href=\"https:\/\/asturianutv.files.wordpress.com\/2020\/04\/captura-de-pantalla-2020-04-04-a-las-19.43.18.png?w=2048\" target=\"_blank\" rel=\"noopener noreferrer\"><img loading=\"lazy\" decoding=\"async\" src=\"https:\/\/asturianutv.files.wordpress.com\/2020\/04\/captura-de-pantalla-2020-04-04-a-las-19.43.18.png?w=2048\" width=\"410\" height=\"97\" \/><\/a><\/p>\n<ul>\n<li>Conocimos la Wikipedia n\u2019asturianu y anim\u00e9vos<br \/>\na incluyir nueves entraes. Puedes entrar equ\u00ed a<br \/>\nconocela <a href=\"http:\/\/www.ast.wikipedia.org\" target=\"_blank\" rel=\"noreferrer noopener\">ast.wikipedia.org<\/a>.<\/li>\n<\/ul>\n<p><a href=\"https:\/\/asturianutv.files.wordpress.com\/2020\/04\/wiki-portada.png?w=2048\" target=\"_blank\" rel=\"noopener noreferrer\"><img loading=\"lazy\" decoding=\"async\" src=\"https:\/\/asturianutv.files.wordpress.com\/2020\/04\/wiki-portada.png?w=2048\" width=\"410\" height=\"239\" \/><\/a><\/p>\n<ul>\n<li>Despid\u00edmonos con <a href=\"https:\/\/youtu.be\/Hj1y4XG-p1A\" target=\"_blank\" rel=\"noopener noreferrer\">un cantar d\u2019Anabel Santiago.<\/a><br \/>\nAn\u00edmovos a buscar m\u00e1s y compartir los cantares<br \/>\nque m\u00e1s vos presten en redes.<\/li>\n<\/ul>\n<p>[youtube]Hj1y4XG-p1A[\/youtube]<\/p>\n<p>\u00a1V\u00e9monos el vienres con otra clas!<\/p>\n","protected":false},"excerpt":{"rendered":"<p>WEB\u00a0 L\u00b4ASTURIANU TV XERES 3)Ver en Youtube [youtube]p-_4_1ts1Bw[\/youtube] CLAS\u00a0 3. Fecha: martes 7 d\u00b4abril. L\u00b4asturianu entama nel minutu 33:20 XERES CLAS 3 \u00a1Mui bones! \u00bfQu\u00e9 tal too? Nel programa 3 viemos los conten\u00edos que van darr\u00e9u: Les variedaes internes del asturianu. D\u00e9xovos equ\u00ed un mapa. La mio propuesta ye que si ten\u00e9is en casa a [&hellip;]<\/p>\n","protected":false},"author":117,"featured_media":0,"parent":501,"menu_order":0,"comment_status":"closed","ping_status":"closed","template":"","meta":{"footnotes":""},"class_list":["post-522","page","type-page","status-publish","hentry","post-preview"],"_links":{"self":[{"href":"https:\/\/edublog.educastur.es\/ixuxullingua\/wp-json\/wp\/v2\/pages\/522","targetHints":{"allow":["GET"]}}],"collection":[{"href":"https:\/\/edublog.educastur.es\/ixuxullingua\/wp-json\/wp\/v2\/pages"}],"about":[{"href":"https:\/\/edublog.educastur.es\/ixuxullingua\/wp-json\/wp\/v2\/types\/page"}],"author":[{"embeddable":true,"href":"https:\/\/edublog.educastur.es\/ixuxullingua\/wp-json\/wp\/v2\/users\/117"}],"replies":[{"embeddable":true,"href":"https:\/\/edublog.educastur.es\/ixuxullingua\/wp-json\/wp\/v2\/comments?post=522"}],"version-history":[{"count":2,"href":"https:\/\/edublog.educastur.es\/ixuxullingua\/wp-json\/wp\/v2\/pages\/522\/revisions"}],"predecessor-version":[{"id":561,"href":"https:\/\/edublog.educastur.es\/ixuxullingua\/wp-json\/wp\/v2\/pages\/522\/revisions\/561"}],"up":[{"embeddable":true,"href":"https:\/\/edublog.educastur.es\/ixuxullingua\/wp-json\/wp\/v2\/pages\/501"}],"wp:attachment":[{"href":"https:\/\/edublog.educastur.es\/ixuxullingua\/wp-json\/wp\/v2\/media?parent=522"}],"curies":[{"name":"wp","href":"https:\/\/api.w.org\/{rel}","templated":true}]}}