{"id":528,"date":"2020-08-10T14:58:11","date_gmt":"2020-08-10T14:58:11","guid":{"rendered":"https:\/\/edublog.educastur.es\/ixuxullingua\/?page_id=528"},"modified":"2020-08-10T15:08:50","modified_gmt":"2020-08-10T15:08:50","slug":"clas-6","status":"publish","type":"page","link":"https:\/\/edublog.educastur.es\/ixuxullingua\/tv\/lasturianu-neducastur-tv\/clas-6\/","title":{"rendered":"Clas 06"},"content":{"rendered":"<ul>\n<li><a href=\"https:\/\/asturianutv.wordpress.com\/\" target=\"_blank\" rel=\"noopener noreferrer\">WEB\u00a0 L\u00b4ASTURIANU TV<\/a><\/li>\n<li><a href=\"https:\/\/asturianutv.wordpress.com\/xeres\/\" target=\"_blank\" rel=\"noopener noreferrer\">XERES<\/a><\/li>\n<\/ul>\n<p><img loading=\"lazy\" decoding=\"async\" src=\"https:\/\/asturianutv.files.wordpress.com\/2020\/04\/cropped-img_8152.png?w=1024&amp;h=225\" width=\"341\" height=\"75\" \/><\/p>\n<p><a href=\"https:\/\/youtu.be\/9yH0ntHsGj4\" target=\"_blank\" rel=\"noopener noreferrer\"><b><i>\u00a0Clas 6 en Youtube<\/i><\/b><\/a><\/p>\n<p>[youtube]9yH0ntHsGj4[\/youtube]<\/p>\n<ul>\n<li><b><i><a href=\"https:\/\/www.rtpa.es\/video:Aprende%20con%20TPA_551586905108.html\" target=\"_blank\" rel=\"noopener noreferrer\">CLAS 6: Fecha 14 d\u00b4abril<\/a><\/i><\/b><\/li>\n<li><a href=\"https:\/\/www.rtpa.es\/video:Aprende%20con%20TPA_551586905108.html\" target=\"_blank\" rel=\"noopener noreferrer\"><i><b>L\u00b4asturianu entama nel minutu 35:40<\/b><\/i><\/a><\/li>\n<\/ul>\n<p><i><b><a href=\"https:\/\/asturianutv.wordpress.com\/2020\/04\/19\/xeres-de-la-clas-6-17-04-2020-y-videu\/?fbclid=IwAR0hGiG-hHAY3BnLlyXNT_FUE-zz6Q_svQXmZDoaAkCpgYqfvjzrlZTVRpk\" target=\"_blank\" rel=\"noopener noreferrer\">XERES CLAS 6<\/a><\/b><\/i><\/p>\n<p>Conten\u00edos y xeres.<\/p>\n<p>-Conocimos el llabor de l\u2019Academia de la Llingua Asturiana.<br \/>\nEntra a la p\u00e1xina web de la instituci\u00f3n<br \/>\n<a href=\"http:\/\/www.academiadelallingua.com\/\">http:\/\/www.academiadelallingua.com\/<\/a> y busca\u2019l<br \/>\ndiccionariu en llinia (DALLA).<\/p>\n<p align=\"center\">.\u00a0 <a href=\"https:\/\/mas.lne.es\/diccionario\/\" target=\"_parent\" rel=\"noopener noreferrer\"><img loading=\"lazy\" decoding=\"async\" src=\"https:\/\/imgbox.es\/images\/2020\/03\/23\/dgla0dd2cf94af1e0a40.jpg\" width=\"194\" height=\"25\" align=\"left\" border=\"0\" \/><\/a><\/p>\n<p>Busca pallabres que te presten y cuelga la definici\u00f3n<br \/>\nque da\u2019l DALLA y una fras d\u2019exemplu fecha por ti..-Repasamos el vocabulariu de frutes y verdures.<br \/>\nFai una llista con tolos productos que tean en casa<br \/>\ny busca una receta pa facer con verdures. Cuelga<br \/>\nla receta n\u2019asturianu en redes, citando a @asturianuTV.<\/p>\n<p>-Conocimos el \u201cProyectu Webserie\u201d (PlayPresta).<br \/>\nEqu\u00ed puedes ver tolos cap\u00edtulos d\u2019esta serie<br \/>\nn\u2019asturianu <a href=\"http:\/\/playpresta.com\/proyectu-webserie\/\">http:\/\/playpresta.com\/proyectu-webserie\/<\/a><\/p>\n<p><img loading=\"lazy\" decoding=\"async\" src=\"http:\/\/playpresta.com\/wp-content\/uploads\/2019\/01\/playpresta-retina.png\" width=\"272\" height=\"90\" \/><br \/>\n<a href=\"http:\/\/playpresta.com\/yesyoutuber\/\" target=\"_blank\" rel=\"noopener noreferrer\"><br \/>\n<\/a><\/p>\n<ul>\n<li><a href=\"http:\/\/playpresta.com\/yesyoutuber\/\" target=\"_blank\" rel=\"noopener noreferrer\">http:\/\/playpresta.com\/yesyoutuber\/<\/a><\/li>\n<\/ul>\n<p><img loading=\"lazy\" decoding=\"async\" src=\"http:\/\/playpresta.com\/wp-content\/uploads\/2019\/01\/yesyoutuber-1015x420.png\" width=\"338\" height=\"140\" \/><\/p>\n<h4><a href=\"https:\/\/www.instagram.com\/playpresta\/\" target=\"_blank\" rel=\"noopener noreferrer\">S\u00edguinos n&#8217;instagram<\/a> <a href=\"https:\/\/www.instagram.com\/playpresta\" target=\"_blank\" rel=\"noopener noreferrer\">@playpresta<\/a><\/h4>\n<ul>\n<li>\u00a0<a href=\"https:\/\/www.instagram.com\/playpresta\/\" target=\"_blank\" rel=\"noopener noreferrer\">https:\/\/www.instagram.com\/playpresta\/<\/a><\/li>\n<\/ul>\n<p>-Sentimos un cantar de<a href=\"https:\/\/youtu.be\/6LjxCseutZ4\" target=\"_blank\" rel=\"noopener noreferrer\"> Rodrigo Cuevas. Rambal\u00edn<\/a><br \/>\n\u00bfQu\u00e9 te paez esti del so \u00faltimu discu? Comenta en redes<br \/>\nel to cantar prefer\u00edu del mesmu, citando a @asturinauTV.<\/p>\n<p>[youtube]6LjxCseutZ4[\/youtube]<\/p>\n<p>\u00a1El pr\u00f3ximu d\u00eda, m\u00e1s!. V\u00e9monos.<\/p>\n","protected":false},"excerpt":{"rendered":"<p>WEB\u00a0 L\u00b4ASTURIANU TV XERES \u00a0Clas 6 en Youtube [youtube]9yH0ntHsGj4[\/youtube] CLAS 6: Fecha 14 d\u00b4abril L\u00b4asturianu entama nel minutu 35:40 XERES CLAS 6 Conten\u00edos y xeres. -Conocimos el llabor de l\u2019Academia de la Llingua Asturiana. Entra a la p\u00e1xina web de la instituci\u00f3n http:\/\/www.academiadelallingua.com\/ y busca\u2019l diccionariu en llinia (DALLA). .\u00a0 Busca pallabres que te presten [&hellip;]<\/p>\n","protected":false},"author":117,"featured_media":0,"parent":501,"menu_order":0,"comment_status":"closed","ping_status":"closed","template":"","meta":{"footnotes":""},"class_list":["post-528","page","type-page","status-publish","hentry","post-preview"],"_links":{"self":[{"href":"https:\/\/edublog.educastur.es\/ixuxullingua\/wp-json\/wp\/v2\/pages\/528","targetHints":{"allow":["GET"]}}],"collection":[{"href":"https:\/\/edublog.educastur.es\/ixuxullingua\/wp-json\/wp\/v2\/pages"}],"about":[{"href":"https:\/\/edublog.educastur.es\/ixuxullingua\/wp-json\/wp\/v2\/types\/page"}],"author":[{"embeddable":true,"href":"https:\/\/edublog.educastur.es\/ixuxullingua\/wp-json\/wp\/v2\/users\/117"}],"replies":[{"embeddable":true,"href":"https:\/\/edublog.educastur.es\/ixuxullingua\/wp-json\/wp\/v2\/comments?post=528"}],"version-history":[{"count":2,"href":"https:\/\/edublog.educastur.es\/ixuxullingua\/wp-json\/wp\/v2\/pages\/528\/revisions"}],"predecessor-version":[{"id":564,"href":"https:\/\/edublog.educastur.es\/ixuxullingua\/wp-json\/wp\/v2\/pages\/528\/revisions\/564"}],"up":[{"embeddable":true,"href":"https:\/\/edublog.educastur.es\/ixuxullingua\/wp-json\/wp\/v2\/pages\/501"}],"wp:attachment":[{"href":"https:\/\/edublog.educastur.es\/ixuxullingua\/wp-json\/wp\/v2\/media?parent=528"}],"curies":[{"name":"wp","href":"https:\/\/api.w.org\/{rel}","templated":true}]}}

<ul>
<li><a href="https://asturianutv.wordpress.com/" target="_blank" rel="noopener noreferrer">WEB  L´ASTURIANU TV</a></li>
<li><a href="https://asturianutv.wordpress.com/xeres/" target="_blank" rel="noopener noreferrer">XERES</a></li>
</ul>
<p><img loading="lazy" decoding="async" src="https://asturianutv.files.wordpress.com/2020/04/cropped-img_8152.png?w=1024&amp;h=225" width="341" height="75" /></p>
<p><a href="https://youtu.be/9yH0ntHsGj4" target="_blank" rel="noopener noreferrer"><b><i> Clas 6 en Youtube</i></b></a></p>
<p>[youtube]9yH0ntHsGj4[/youtube]</p>
<ul>
<li><b><i><a href="https://www.rtpa.es/video:Aprende%20con%20TPA_551586905108.html" target="_blank" rel="noopener noreferrer">CLAS 6: Fecha 14 d´abril</a></i></b></li>
<li><a href="https://www.rtpa.es/video:Aprende%20con%20TPA_551586905108.html" target="_blank" rel="noopener noreferrer"><i><b>L´asturianu entama nel minutu 35:40</b></i></a></li>
</ul>
<p><i><b><a href="https://asturianutv.wordpress.com/2020/04/19/xeres-de-la-clas-6-17-04-2020-y-videu/?fbclid=IwAR0hGiG-hHAY3BnLlyXNT_FUE-zz6Q_svQXmZDoaAkCpgYqfvjzrlZTVRpk" target="_blank" rel="noopener noreferrer">XERES CLAS 6</a></b></i></p>
<p>Conteníos y xeres.</p>
<p>-Conocimos el llabor de l’Academia de la Llingua Asturiana.<br />
Entra a la páxina web de la institución<br />
<a href="http://www.academiadelallingua.com/">http://www.academiadelallingua.com/</a> y busca’l<br />
diccionariu en llinia (DALLA).</p>
<p align="center">.  <a href="https://mas.lne.es/diccionario/" target="_parent" rel="noopener noreferrer"><img loading="lazy" decoding="async" src="https://imgbox.es/images/2020/03/23/dgla0dd2cf94af1e0a40.jpg" width="194" height="25" align="left" border="0" /></a></p>
<p>Busca pallabres que te presten y cuelga la definición<br />
que da’l DALLA y una fras d’exemplu fecha por ti..-Repasamos el vocabulariu de frutes y verdures.<br />
Fai una llista con tolos productos que tean en casa<br />
y busca una receta pa facer con verdures. Cuelga<br />
la receta n’asturianu en redes, citando a @asturianuTV.</p>
<p>-Conocimos el “Proyectu Webserie” (PlayPresta).<br />
Equí puedes ver tolos capítulos d’esta serie<br />
n’asturianu <a href="http://playpresta.com/proyectu-webserie/">http://playpresta.com/proyectu-webserie/</a></p>
<p><img loading="lazy" decoding="async" src="http://playpresta.com/wp-content/uploads/2019/01/playpresta-retina.png" width="272" height="90" /><br />
<a href="http://playpresta.com/yesyoutuber/" target="_blank" rel="noopener noreferrer"><br />
</a></p>
<ul>
<li><a href="http://playpresta.com/yesyoutuber/" target="_blank" rel="noopener noreferrer">http://playpresta.com/yesyoutuber/</a></li>
</ul>
<p><img loading="lazy" decoding="async" src="http://playpresta.com/wp-content/uploads/2019/01/yesyoutuber-1015x420.png" width="338" height="140" /></p>
<h4><a href="https://www.instagram.com/playpresta/" target="_blank" rel="noopener noreferrer">Síguinos n&#8217;instagram</a> <a href="https://www.instagram.com/playpresta" target="_blank" rel="noopener noreferrer">@playpresta</a></h4>
<ul>
<li> <a href="https://www.instagram.com/playpresta/" target="_blank" rel="noopener noreferrer">https://www.instagram.com/playpresta/</a></li>
</ul>
<p>-Sentimos un cantar de<a href="https://youtu.be/6LjxCseutZ4" target="_blank" rel="noopener noreferrer"> Rodrigo Cuevas. Rambalín</a><br />
¿Qué te paez esti del so últimu discu? Comenta en redes<br />
el to cantar preferíu del mesmu, citando a @asturinauTV.</p>
<p>[youtube]6LjxCseutZ4[/youtube]</p>
<p>¡El próximu día, más!. Vémonos.</p>

<p>WEB  L´ASTURIANU TV XERES  Clas 6 en Youtube [youtube]9yH0ntHsGj4[/youtube] CLAS 6: Fecha 14 d´abril L´asturianu entama nel minutu 35:40 XERES CLAS 6 Conteníos y xeres. -Conocimos el llabor de l’Academia de la Llingua Asturiana. Entra a la páxina web de la institución http://www.academiadelallingua.com/ y busca’l diccionariu en llinia (DALLA). .  Busca pallabres que te presten [&hellip;]</p>
