{"id":530,"date":"2020-08-10T14:58:36","date_gmt":"2020-08-10T14:58:36","guid":{"rendered":"https:\/\/edublog.educastur.es\/ixuxullingua\/?page_id=530"},"modified":"2020-08-10T15:08:55","modified_gmt":"2020-08-10T15:08:55","slug":"clas-7","status":"publish","type":"page","link":"https:\/\/edublog.educastur.es\/ixuxullingua\/tv\/lasturianu-neducastur-tv\/clas-7\/","title":{"rendered":"Clas 07"},"content":{"rendered":"<ul>\n<li><a href=\"https:\/\/asturianutv.wordpress.com\/\" target=\"_blank\" rel=\"noopener noreferrer\">WEB\u00a0 L\u00b4ASTURIANU TV<\/a><\/li>\n<li><a href=\"https:\/\/asturianutv.wordpress.com\/xeres\/\" target=\"_blank\" rel=\"noopener noreferrer\">XERES<\/a><\/li>\n<\/ul>\n<p><img loading=\"lazy\" decoding=\"async\" src=\"https:\/\/asturianutv.files.wordpress.com\/2020\/04\/cropped-img_8152.png?w=1024&amp;h=225\" width=\"341\" height=\"75\" \/><\/p>\n<p><a href=\"https:\/\/youtu.be\/IApNMiosKBI\" target=\"_blank\" rel=\"noopener noreferrer\"><b><i>\u00a0Clas 7 en Youtube<\/i><\/b><\/a><\/p>\n<p>[youtube]IApNMiosKBI[\/youtube]<\/p>\n<ul>\n<li><a href=\"https:\/\/www.rtpa.es\/video:Aprende%20con%20TPA_551586991575.html\" target=\"_blank\" rel=\"noopener noreferrer\"><b><i>CLAS 7 <\/i><\/b><\/a><\/li>\n<li><a href=\"https:\/\/www.rtpa.es\/video:Aprende%20con%20TPA_551586991575.html\" target=\"_blank\" rel=\"noopener noreferrer\"><i><b>L\u00b4asturianu entama nel minutu 40:00<\/b><\/i><\/a><\/li>\n<li>Conten\u00edos y xeres:<\/li>\n<\/ul>\n<p>*Conocimos la hestoria de la llingua asturiana<br \/>\nnel sieglu XVIII al travi\u00e9s de la figura de <a href=\"https:\/\/youtu.be\/SLd0w625HIA\" target=\"_blank\" rel=\"noopener noreferrer\"><b>Xosefa<br \/>\ny Gaspar de Xovellanos<\/b>.<\/a> E<a href=\"https:\/\/youtu.be\/SLd0w625HIA\" target=\"_blank\" rel=\"noopener noreferrer\">qu\u00ed tienes un videu.<\/a><\/p>\n<p>[youtube]SLd0w625HIA[\/youtube]<\/p>\n<p>*Repasamos el<b> vocabulariu de la comida<\/b>,<br \/>\ncoles coses que tenemos na cocina. Ayuda en casa<br \/>\na facer la llista de la compra, usando esti<br \/>\nvocabulariu.<br \/>\n*Conocimos la webserie<b> <a href=\"https:\/\/youtu.be\/32PDqMQeUhg?list=PLWYSHEqesxa02F2z6w8fJtv4fIWfdYD2s\" target=\"_blank\" rel=\"noopener noreferrer\">Chatarrona<\/a><\/b><a href=\"https:\/\/youtu.be\/32PDqMQeUhg?list=PLWYSHEqesxa02F2z6w8fJtv4fIWfdYD2s\" target=\"_blank\" rel=\"noopener noreferrer\">. Equ\u00ed<br \/>\npuedes ver tolos cap\u00edtulos d\u2019esta serie n\u2019asturianu.\u00a0<\/a><\/p>\n<p>[youtube]32PDqMQeUhg?list=PLWYSHEqesxa02F2z6w8fJtv4fIWfdYD2s[\/youtube]<\/p>\n<p>*Sentimos al <a href=\"https:\/\/youtu.be\/KH3AjPV4WeI\" target=\"_blank\" rel=\"noopener noreferrer\"><b><i>grupu L-R<\/i><\/b> y sentimos un cantar<br \/>\nde so. D\u00e9xovos equ\u00ed un conciertu completu pa<br \/>\nque los conozas m\u00e1s.\u00a0<\/a><\/p>\n<p>[youtube]KH3AjPV4WeI[\/youtube]<\/p>\n","protected":false},"excerpt":{"rendered":"<p>WEB\u00a0 L\u00b4ASTURIANU TV XERES \u00a0Clas 7 en Youtube [youtube]IApNMiosKBI[\/youtube] CLAS 7 L\u00b4asturianu entama nel minutu 40:00 Conten\u00edos y xeres: *Conocimos la hestoria de la llingua asturiana nel sieglu XVIII al travi\u00e9s de la figura de Xosefa y Gaspar de Xovellanos. Equ\u00ed tienes un videu. [youtube]SLd0w625HIA[\/youtube] *Repasamos el vocabulariu de la comida, coles coses que tenemos [&hellip;]<\/p>\n","protected":false},"author":117,"featured_media":0,"parent":501,"menu_order":0,"comment_status":"closed","ping_status":"closed","template":"","meta":{"footnotes":""},"class_list":["post-530","page","type-page","status-publish","hentry","post-preview"],"_links":{"self":[{"href":"https:\/\/edublog.educastur.es\/ixuxullingua\/wp-json\/wp\/v2\/pages\/530","targetHints":{"allow":["GET"]}}],"collection":[{"href":"https:\/\/edublog.educastur.es\/ixuxullingua\/wp-json\/wp\/v2\/pages"}],"about":[{"href":"https:\/\/edublog.educastur.es\/ixuxullingua\/wp-json\/wp\/v2\/types\/page"}],"author":[{"embeddable":true,"href":"https:\/\/edublog.educastur.es\/ixuxullingua\/wp-json\/wp\/v2\/users\/117"}],"replies":[{"embeddable":true,"href":"https:\/\/edublog.educastur.es\/ixuxullingua\/wp-json\/wp\/v2\/comments?post=530"}],"version-history":[{"count":2,"href":"https:\/\/edublog.educastur.es\/ixuxullingua\/wp-json\/wp\/v2\/pages\/530\/revisions"}],"predecessor-version":[{"id":565,"href":"https:\/\/edublog.educastur.es\/ixuxullingua\/wp-json\/wp\/v2\/pages\/530\/revisions\/565"}],"up":[{"embeddable":true,"href":"https:\/\/edublog.educastur.es\/ixuxullingua\/wp-json\/wp\/v2\/pages\/501"}],"wp:attachment":[{"href":"https:\/\/edublog.educastur.es\/ixuxullingua\/wp-json\/wp\/v2\/media?parent=530"}],"curies":[{"name":"wp","href":"https:\/\/api.w.org\/{rel}","templated":true}]}}

<ul>
<li><a href="https://asturianutv.wordpress.com/" target="_blank" rel="noopener noreferrer">WEB  L´ASTURIANU TV</a></li>
<li><a href="https://asturianutv.wordpress.com/xeres/" target="_blank" rel="noopener noreferrer">XERES</a></li>
</ul>
<p><img loading="lazy" decoding="async" src="https://asturianutv.files.wordpress.com/2020/04/cropped-img_8152.png?w=1024&amp;h=225" width="341" height="75" /></p>
<p><a href="https://youtu.be/IApNMiosKBI" target="_blank" rel="noopener noreferrer"><b><i> Clas 7 en Youtube</i></b></a></p>
<p>[youtube]IApNMiosKBI[/youtube]</p>
<ul>
<li><a href="https://www.rtpa.es/video:Aprende%20con%20TPA_551586991575.html" target="_blank" rel="noopener noreferrer"><b><i>CLAS 7 </i></b></a></li>
<li><a href="https://www.rtpa.es/video:Aprende%20con%20TPA_551586991575.html" target="_blank" rel="noopener noreferrer"><i><b>L´asturianu entama nel minutu 40:00</b></i></a></li>
<li>Conteníos y xeres:</li>
</ul>
<p>*Conocimos la hestoria de la llingua asturiana<br />
nel sieglu XVIII al traviés de la figura de <a href="https://youtu.be/SLd0w625HIA" target="_blank" rel="noopener noreferrer"><b>Xosefa<br />
y Gaspar de Xovellanos</b>.</a> E<a href="https://youtu.be/SLd0w625HIA" target="_blank" rel="noopener noreferrer">quí tienes un videu.</a></p>
<p>[youtube]SLd0w625HIA[/youtube]</p>
<p>*Repasamos el<b> vocabulariu de la comida</b>,<br />
coles coses que tenemos na cocina. Ayuda en casa<br />
a facer la llista de la compra, usando esti<br />
vocabulariu.<br />
*Conocimos la webserie<b> <a href="https://youtu.be/32PDqMQeUhg?list=PLWYSHEqesxa02F2z6w8fJtv4fIWfdYD2s" target="_blank" rel="noopener noreferrer">Chatarrona</a></b><a href="https://youtu.be/32PDqMQeUhg?list=PLWYSHEqesxa02F2z6w8fJtv4fIWfdYD2s" target="_blank" rel="noopener noreferrer">. Equí<br />
puedes ver tolos capítulos d’esta serie n’asturianu. </a></p>
<p>[youtube]32PDqMQeUhg?list=PLWYSHEqesxa02F2z6w8fJtv4fIWfdYD2s[/youtube]</p>
<p>*Sentimos al <a href="https://youtu.be/KH3AjPV4WeI" target="_blank" rel="noopener noreferrer"><b><i>grupu L-R</i></b> y sentimos un cantar<br />
de so. Déxovos equí un conciertu completu pa<br />
que los conozas más. </a></p>
<p>[youtube]KH3AjPV4WeI[/youtube]</p>

<p>WEB  L´ASTURIANU TV XERES  Clas 7 en Youtube [youtube]IApNMiosKBI[/youtube] CLAS 7 L´asturianu entama nel minutu 40:00 Conteníos y xeres: *Conocimos la hestoria de la llingua asturiana nel sieglu XVIII al traviés de la figura de Xosefa y Gaspar de Xovellanos. Equí tienes un videu. [youtube]SLd0w625HIA[/youtube] *Repasamos el vocabulariu de la comida, coles coses que tenemos [&hellip;]</p>
