{"id":557,"date":"2020-08-10T15:07:24","date_gmt":"2020-08-10T15:07:24","guid":{"rendered":"https:\/\/edublog.educastur.es\/ixuxullingua\/?page_id=557"},"modified":"2020-08-10T17:00:54","modified_gmt":"2020-08-10T17:00:54","slug":"clas-0-secundaria-ast","status":"publish","type":"page","link":"https:\/\/edublog.educastur.es\/ixuxullingua\/tv\/lasturianu-neducastur-tv\/clas-0-secundaria-ast\/","title":{"rendered":"Clas 0) Secundaria AST"},"content":{"rendered":"<ul>\n<li><a title=\"Clas 0) SECUNDARIA AST\" href=\"http:\/\/blog.educastur.es\/ixuxullingua\/tarea\/l\u00b4asturianu-n\u00b4educastur-tv\/clas-0-secundaria-ast\/\">Clas 0) SECUNDARIA AST<\/a><\/li>\n<li><a href=\"https:\/\/asturianutv.wordpress.com\/\" target=\"_blank\" rel=\"noopener noreferrer\">WEB\u00a0 L\u00b4ASTURIANU TV<\/a><\/li>\n<li><a href=\"https:\/\/asturianutv.wordpress.com\/xeres\/\" target=\"_blank\" rel=\"noopener noreferrer\">XERES<\/a><\/li>\n<\/ul>\n<p><img loading=\"lazy\" decoding=\"async\" src=\"https:\/\/asturianutv.files.wordpress.com\/2020\/04\/cropped-img_8152.png?w=1024&amp;h=225\" width=\"341\" height=\"75\" \/><\/p>\n<h3>1)<a href=\"https:\/\/www.youtube.com\/watch?v=vn3DscyZcjI&amp;feature=youtu.be\" target=\"_blank\" rel=\"noopener noreferrer\"><i>Ver en Youtube<\/i><\/a><b><i><br \/>\n<\/i><\/b><\/h3>\n<h3>\n<!-- iframe plugin v.6.0 wordpress.org\/plugins\/iframe\/ -->\n<iframe loading=\"lazy\" width=\"588\" height=\"331\" src=\"https:\/\/www.youtube.com\/embed\/vn3DscyZcjI\" scrolling=\"yes\" class=\"iframe-class\" frameborder=\"0\"><\/iframe>\n<\/h3>\n<p>&nbsp;<\/p>\n<h3><img loading=\"lazy\" decoding=\"async\" src=\"https:\/\/imgbox.es\/images\/2020\/03\/23\/separadora4a37c028d732afc.jpg\" width=\"322\" height=\"26\" \/><\/h3>\n<h3><b><i><a href=\"https:\/\/www.rtpa.es\/video:Aprende%20con%20TPA_551585957797.html\" target=\"_blank\" rel=\"noopener noreferrer\">CLAS\u00a0 1.<\/a><\/i><\/b><i><a href=\"https:\/\/www.rtpa.es\/video:Aprende%20con%20TPA_551585957797.html\" target=\"_blank\" rel=\"noopener noreferrer\"> Fecha: vienres 3 d\u00b4abril<\/a><\/i><b><i><a href=\"https:\/\/www.rtpa.es\/video:Aprende%20con%20TPA_551585957797.html\" target=\"_blank\" rel=\"noopener noreferrer\"><br \/>\nL\u00b4asturianu entama nel minutu 30:30<\/a><\/i><\/b><\/h3>\n<p><img loading=\"lazy\" decoding=\"async\" src=\"https:\/\/imgbox.es\/images\/2020\/03\/23\/separadora4a37c028d732afc.jpg\" width=\"322\" height=\"26\" \/><\/p>\n<h3><b><a href=\"https:\/\/asturianutv.wordpress.com\/2020\/04\/04\/xeres-clas-1\/\" target=\"_blank\" rel=\"noopener noreferrer\">XERES CLAS 1 <\/a><\/b><\/h3>\n<p><img loading=\"lazy\" decoding=\"async\" src=\"https:\/\/asturianutv.files.wordpress.com\/2020\/03\/imaxe-recursos.jpg?w=800\" width=\"200\" height=\"154\" \/><\/p>\n<p><b><i>\u00bfQu\u00e9 tal vais perh\u00ed? Nesta primer clas, la del vienres 3 d\u2019abril, viemos delles cuestiones:<\/i><\/b><\/p>\n<ul>\n<li>Les lling\u00fces rom\u00e1niques de la Pen\u00ednsula Ib\u00e9rica.Al final d\u2019esta entrada voi ponevos un cantar en\u00a0 ca\u00fana de les lling\u00fces. \u00a1A ver si te presten!<\/li>\n<li>El vocabulariu de la cocina. Prop\u00fanxivos colgar nes redes dalg\u00fan videu curtiu<\/li>\n<li>Una esplicaci\u00f3n pa remanar esti blogue. \u00bfY\u00e1 echasti un g\u00fceyu a los recursos y ferramientes?<\/li>\n<li>Un cantar de Silvia Quesada. \u00bfQuies volver a sentilu? <a href=\"https:\/\/www.youtube.com\/watch?v=7SijprbKa1M\" target=\"_blank\" rel=\"noreferrer noopener\">Equ\u00ed<\/a>.<\/li>\n<\/ul>\n<p><b>Y equ\u00ed t\u00e1n los ocho cantares nes lling\u00fces de la pen\u00ednsula que vos promet\u00ed. <\/b><\/p>\n<ul>\n<li><a href=\"https:\/\/youtu.be\/F1e0wAcXcgw\" target=\"_blank\" rel=\"noopener noreferrer\">Gallegu<\/a><\/li>\n<li><a href=\"https:\/\/youtu.be\/rDA52HNZ_rM\" target=\"_blank\" rel=\"noopener noreferrer\">Portugu\u00e9s<\/a><\/li>\n<li><a href=\"https:\/\/youtu.be\/MKyvgCN6pgk\" target=\"_blank\" rel=\"noopener noreferrer\">Asturianu<\/a><\/li>\n<li><a href=\"https:\/\/youtu.be\/xErS7G3-tCQ\" target=\"_blank\" rel=\"noopener noreferrer\">Castell\u00e1n<\/a><\/li>\n<li><a href=\"https:\/\/youtu.be\/2wytMwXr1SY\" target=\"_blank\" rel=\"noopener noreferrer\">Vascu<\/a><\/li>\n<li><a href=\"https:\/\/youtu.be\/pqWJ2rHe6KQ\" target=\"_blank\" rel=\"noopener noreferrer\">Aragon\u00e9s<\/a><\/li>\n<li><a href=\"https:\/\/youtu.be\/cTbV4kpG4AU\" target=\"_blank\" rel=\"noopener noreferrer\">Aran\u00e9s-Occitanu<\/a><\/li>\n<li><a href=\"https:\/\/youtu.be\/foaea52y8JI\" target=\"_blank\" rel=\"noopener noreferrer\">Catal\u00e1n<\/a><\/li>\n<\/ul>\n\n<!-- iframe plugin v.6.0 wordpress.org\/plugins\/iframe\/ -->\n<iframe loading=\"lazy\" width=\"588\" height=\"331\" src=\"https:\/\/www.youtube.com\/embed\/MKyvgCN6pgk\" scrolling=\"yes\" class=\"iframe-class\" frameborder=\"0\"><\/iframe>\n\n<hr \/>\n<p>&nbsp;<\/p>\n<p><img loading=\"lazy\" decoding=\"async\" src=\"https:\/\/asturianutv.files.wordpress.com\/2020\/04\/cropped-img_8152.png?w=1024&amp;h=225\" width=\"461\" height=\"101\" \/><\/p>\n<h4><i><span style=\"color: #333399\">Sigui equ\u00ed les actividaes de l\u2019asignatura de Llingua Asturiana<br \/>\ny Lliteratura pa ESO y Bachilleratu nel espaciu EducasturTV.<\/span><\/i><\/h4>\n<p><img loading=\"lazy\" decoding=\"async\" src=\"https:\/\/3.bp.blogspot.com\/-_-ibbpnYqMc\/WUWH4JEY8gI\/AAAAAAAAWYg\/wlI4yLMFUVA7mmqqTBp55Dv3y9oCJaFjACLcBGAs\/s1600\/13700108_10209956158005787_598174614953895912_n.jpg\" width=\"150\" height=\"150\" \/><\/p>\n<ul>\n<li><a href=\"https:\/\/inaciugalan.wordpress.com\/\" target=\"_blank\" rel=\"noopener noreferrer\">Web<\/a><\/li>\n<li><a href=\"https:\/\/twitter.com\/inaciugalan\" target=\"_blank\" rel=\"noopener noreferrer\">Twitter<\/a><\/li>\n<li><a href=\"https:\/\/www.rtpa.es\/video:Mundu%20sidreru_551535926267.html\" target=\"_blank\" rel=\"noopener noreferrer\">\u00abMundu sidreru\u00bb<\/a><\/li>\n<li>Corr\u00e9u <a href=\"mailto:inaciugalan@gmail.com\" target=\"_blank\" rel=\"noopener noreferrer\">inaciugalan@gmail.com<\/a>,<\/li>\n<li><a href=\"mailto:inaciugg@educastur.org\" target=\"_blank\" rel=\"noreferrer noopener\">inaciugg@educastur.org<\/a><\/li>\n<li>Tel\u00e9fonu 615 982 816<\/li>\n<\/ul>\n<p>Soi Inaciu Gal\u00e1n, profe d\u2019asturianu dende va cuasi 15 a\u00f1os.<br \/>\nEntam\u00e9 en en cursos p\u2019adultos, presenciales y a distancia y<br \/>\ndende va cuatro cursos y tres facer el M\u00e1ster de Profesor\u00e1u,<br \/>\nen secundaria y bachilleratu.<\/p>\n<p>Am\u00e1s, soi periodista y va munchos a\u00f1os entam\u00e9 na<br \/>\ntelevisi\u00f3n faciendo precisamente una clas d\u2019asturianu<br \/>\nna televisi\u00f3n llocal de Xix\u00f3n.<\/p>\n<p>Agora enfr\u00e9ntome al retu de facer estes clases dende casa<br \/>\ny con pocos medios, pero con toles ganes, aguarando que<br \/>\npreste y enganche al alumn\u00e1u. Si quies saber m\u00e1s de min<br \/>\ny del mio trabayu, puedes enterate <a href=\"https:\/\/inaciugalan.wordpress.com\/inaciu-galan_bio\/\" target=\"_blank\" rel=\"noreferrer noopener\">equ\u00ed<\/a>.<\/p>\n<p><b><i><span style=\"color: #333399\">Mientres dure\u2019l confinamientu pol andanciu de<br \/>\ncoronavirus voi tar poniendo clases d\u2019asturianu<br \/>\nnel espaciu\u00a0 EDUCASTURTV, na TPA, dende casa.<\/span><\/i><\/b><\/p>\n<p><i> <\/i><i><span style=\"color: #333399\">Nesta p\u00e1xina voi dexavos xeres pa complementar lo visto nes clases,<br \/>\nasina como enllaces a distintos recursos pa deprender asturianu,<br \/>\npracticar les competencies lling\u00fc\u00edstiques na rede o simplemente<br \/>\npasalo bien un rat\u00edn.\u00a0<\/span><\/i><\/p>\n<p><i><span style=\"color: #333399\">Deprendiendo con v\u00f3s, faciendo por deprendevos daqu\u00e9.<br \/>\nIntentando facelo lo meyor posible.\u00a0 <\/span><\/i><\/p>\n<p><i> <\/i><i><span style=\"color: #333399\"><b>Horarios d\u2019emisi\u00f3n: <\/b> Dellos d\u00edes, de llunes a vienres<br \/>\nnel espaciu EducasturTV, na <b>TPA (A7) 10:30 a 11:30<\/b>,<br \/>\n<b>(A8) 11:30 A 12:30.<\/b> <\/span><\/i><\/p>\n<ul>\n<li><a href=\"https:\/\/asturianutv.wordpress.com\/\" target=\"_blank\" rel=\"noopener noreferrer\"><i>WEB\u00a0 <img loading=\"lazy\" decoding=\"async\" src=\"https:\/\/imgbox.es\/images\/2020\/04\/08\/astTVc656361f68aefe99.jpg\" width=\"200\" height=\"200\" \/><\/i><\/a><\/li>\n<\/ul>\n<ul>\n<li>\n<h3><a title=\"Torna a la portada\" href=\"https:\/\/asturianutv.wordpress.com\/\">Entamu<\/a><\/h3>\n<\/li>\n<li>\n<h3><a title=\"\u00bfQui\u00e9n soi?\" href=\"https:\/\/asturianutv.wordpress.com\/elprofe\/\">El profe<\/a><\/h3>\n<\/li>\n<li>\n<h3><a title=\"Busca les actividaes\" href=\"https:\/\/asturianutv.wordpress.com\/xeres\/\">Xeres<\/a><\/h3>\n<\/li>\n<li>\n<h3><a href=\"https:\/\/asturianutv.wordpress.com\/ferramientes\/\">Ferramientes<\/a><\/h3>\n<\/li>\n<li>\n<h3><a href=\"https:\/\/asturianutv.wordpress.com\/recursos\/\">Recursos<\/a><\/h3>\n<\/li>\n<li>\n<h3><a title=\"\u00bfQu\u00e9 cuentes?\" href=\"https:\/\/asturianutv.wordpress.com\/contactu\/\">Contactu<\/a><\/h3>\n<\/li>\n<li>\n<h3><a href=\"https:\/\/asturianutv.wordpress.com\/videos\/\">Videos<\/a><\/h3>\n<\/li>\n<li><a href=\"https:\/\/twitter.com\/asturianuTV\" target=\"_blank\" rel=\"noopener noreferrer\">Tweets <\/a><a href=\"https:\/\/twitter.com\/asturianuTV\" target=\"_blank\" rel=\"noopener noreferrer\">by <\/a><a title=\"\u200e@asturianuTV on Twitter\" href=\"https:\/\/twitter.com\/asturianuTV\">\u200e@asturianuTV <\/a><\/li>\n<li><a href=\"https:\/\/www.facebook.com\/asturianuTV\" target=\"_blank\" rel=\"noopener noreferrer\"><b><i>Facebook<\/i><\/b><\/a><\/li>\n<\/ul>\n","protected":false},"excerpt":{"rendered":"<p>Clas 0) SECUNDARIA AST WEB\u00a0 L\u00b4ASTURIANU TV XERES 1)Ver en Youtube &nbsp; CLAS\u00a0 1. Fecha: vienres 3 d\u00b4abril L\u00b4asturianu entama nel minutu 30:30 XERES CLAS 1 \u00bfQu\u00e9 tal vais perh\u00ed? Nesta primer clas, la del vienres 3 d\u2019abril, viemos delles cuestiones: Les lling\u00fces rom\u00e1niques de la Pen\u00ednsula Ib\u00e9rica.Al final d\u2019esta entrada voi ponevos un cantar [&hellip;]<\/p>\n","protected":false},"author":117,"featured_media":0,"parent":501,"menu_order":0,"comment_status":"closed","ping_status":"closed","template":"","meta":{"footnotes":""},"class_list":["post-557","page","type-page","status-publish","hentry","post-preview"],"_links":{"self":[{"href":"https:\/\/edublog.educastur.es\/ixuxullingua\/wp-json\/wp\/v2\/pages\/557","targetHints":{"allow":["GET"]}}],"collection":[{"href":"https:\/\/edublog.educastur.es\/ixuxullingua\/wp-json\/wp\/v2\/pages"}],"about":[{"href":"https:\/\/edublog.educastur.es\/ixuxullingua\/wp-json\/wp\/v2\/types\/page"}],"author":[{"embeddable":true,"href":"https:\/\/edublog.educastur.es\/ixuxullingua\/wp-json\/wp\/v2\/users\/117"}],"replies":[{"embeddable":true,"href":"https:\/\/edublog.educastur.es\/ixuxullingua\/wp-json\/wp\/v2\/comments?post=557"}],"version-history":[{"count":3,"href":"https:\/\/edublog.educastur.es\/ixuxullingua\/wp-json\/wp\/v2\/pages\/557\/revisions"}],"predecessor-version":[{"id":576,"href":"https:\/\/edublog.educastur.es\/ixuxullingua\/wp-json\/wp\/v2\/pages\/557\/revisions\/576"}],"up":[{"embeddable":true,"href":"https:\/\/edublog.educastur.es\/ixuxullingua\/wp-json\/wp\/v2\/pages\/501"}],"wp:attachment":[{"href":"https:\/\/edublog.educastur.es\/ixuxullingua\/wp-json\/wp\/v2\/media?parent=557"}],"curies":[{"name":"wp","href":"https:\/\/api.w.org\/{rel}","templated":true}]}}

<ul>
<li><a title="Clas 0) SECUNDARIA AST" href="http://blog.educastur.es/ixuxullingua/tarea/l´asturianu-n´educastur-tv/clas-0-secundaria-ast/">Clas 0) SECUNDARIA AST</a></li>
<li><a href="https://asturianutv.wordpress.com/" target="_blank" rel="noopener noreferrer">WEB  L´ASTURIANU TV</a></li>
<li><a href="https://asturianutv.wordpress.com/xeres/" target="_blank" rel="noopener noreferrer">XERES</a></li>
</ul>
<p><img loading="lazy" decoding="async" src="https://asturianutv.files.wordpress.com/2020/04/cropped-img_8152.png?w=1024&amp;h=225" width="341" height="75" /></p>
<h3>1)<a href="https://www.youtube.com/watch?v=vn3DscyZcjI&amp;feature=youtu.be" target="_blank" rel="noopener noreferrer"><i>Ver en Youtube</i></a><b><i><br />
</i></b></h3>
<h3>
<!-- iframe plugin v.6.0 wordpress.org/plugins/iframe/ -->
<iframe loading="lazy" width="588" height="331" src="https://www.youtube.com/embed/vn3DscyZcjI" scrolling="yes" class="iframe-class" frameborder="0"></iframe>
</h3>
<p>&nbsp;</p>
<h3><img loading="lazy" decoding="async" src="https://imgbox.es/images/2020/03/23/separadora4a37c028d732afc.jpg" width="322" height="26" /></h3>
<h3><b><i><a href="https://www.rtpa.es/video:Aprende%20con%20TPA_551585957797.html" target="_blank" rel="noopener noreferrer">CLAS  1.</a></i></b><i><a href="https://www.rtpa.es/video:Aprende%20con%20TPA_551585957797.html" target="_blank" rel="noopener noreferrer"> Fecha: vienres 3 d´abril</a></i><b><i><a href="https://www.rtpa.es/video:Aprende%20con%20TPA_551585957797.html" target="_blank" rel="noopener noreferrer"><br />
L´asturianu entama nel minutu 30:30</a></i></b></h3>
<p><img loading="lazy" decoding="async" src="https://imgbox.es/images/2020/03/23/separadora4a37c028d732afc.jpg" width="322" height="26" /></p>
<h3><b><a href="https://asturianutv.wordpress.com/2020/04/04/xeres-clas-1/" target="_blank" rel="noopener noreferrer">XERES CLAS 1 </a></b></h3>
<p><img loading="lazy" decoding="async" src="https://asturianutv.files.wordpress.com/2020/03/imaxe-recursos.jpg?w=800" width="200" height="154" /></p>
<p><b><i>¿Qué tal vais perhí? Nesta primer clas, la del vienres 3 d’abril, viemos delles cuestiones:</i></b></p>
<ul>
<li>Les llingües romániques de la Península Ibérica.Al final d’esta entrada voi ponevos un cantar en  caúna de les llingües. ¡A ver si te presten!</li>
<li>El vocabulariu de la cocina. Propúnxivos colgar nes redes dalgún videu curtiu</li>
<li>Una esplicación pa remanar esti blogue. ¿Yá echasti un güeyu a los recursos y ferramientes?</li>
<li>Un cantar de Silvia Quesada. ¿Quies volver a sentilu? <a href="https://www.youtube.com/watch?v=7SijprbKa1M" target="_blank" rel="noreferrer noopener">Equí</a>.</li>
</ul>
<p><b>Y equí tán los ocho cantares nes llingües de la península que vos prometí. </b></p>
<ul>
<li><a href="https://youtu.be/F1e0wAcXcgw" target="_blank" rel="noopener noreferrer">Gallegu</a></li>
<li><a href="https://youtu.be/rDA52HNZ_rM" target="_blank" rel="noopener noreferrer">Portugués</a></li>
<li><a href="https://youtu.be/MKyvgCN6pgk" target="_blank" rel="noopener noreferrer">Asturianu</a></li>
<li><a href="https://youtu.be/xErS7G3-tCQ" target="_blank" rel="noopener noreferrer">Castellán</a></li>
<li><a href="https://youtu.be/2wytMwXr1SY" target="_blank" rel="noopener noreferrer">Vascu</a></li>
<li><a href="https://youtu.be/pqWJ2rHe6KQ" target="_blank" rel="noopener noreferrer">Aragonés</a></li>
<li><a href="https://youtu.be/cTbV4kpG4AU" target="_blank" rel="noopener noreferrer">Aranés-Occitanu</a></li>
<li><a href="https://youtu.be/foaea52y8JI" target="_blank" rel="noopener noreferrer">Catalán</a></li>
</ul>

<!-- iframe plugin v.6.0 wordpress.org/plugins/iframe/ -->
<iframe loading="lazy" width="588" height="331" src="https://www.youtube.com/embed/MKyvgCN6pgk" scrolling="yes" class="iframe-class" frameborder="0"></iframe>

<hr />
<p>&nbsp;</p>
<p><img loading="lazy" decoding="async" src="https://asturianutv.files.wordpress.com/2020/04/cropped-img_8152.png?w=1024&amp;h=225" width="461" height="101" /></p>
<h4><i><span style="color: #333399">Sigui equí les actividaes de l’asignatura de Llingua Asturiana<br />
y Lliteratura pa ESO y Bachilleratu nel espaciu EducasturTV.</span></i></h4>
<p><img loading="lazy" decoding="async" src="https://3.bp.blogspot.com/-_-ibbpnYqMc/WUWH4JEY8gI/AAAAAAAAWYg/wlI4yLMFUVA7mmqqTBp55Dv3y9oCJaFjACLcBGAs/s1600/13700108_10209956158005787_598174614953895912_n.jpg" width="150" height="150" /></p>
<ul>
<li><a href="https://inaciugalan.wordpress.com/" target="_blank" rel="noopener noreferrer">Web</a></li>
<li><a href="https://twitter.com/inaciugalan" target="_blank" rel="noopener noreferrer">Twitter</a></li>
<li><a href="https://www.rtpa.es/video:Mundu%20sidreru_551535926267.html" target="_blank" rel="noopener noreferrer">«Mundu sidreru»</a></li>
<li>Corréu <a href="mailto:inaciugalan@gmail.com" target="_blank" rel="noopener noreferrer">inaciugalan@gmail.com</a>,</li>
<li><a href="mailto:inaciugg@educastur.org" target="_blank" rel="noreferrer noopener">inaciugg@educastur.org</a></li>
<li>Teléfonu 615 982 816</li>
</ul>
<p>Soi Inaciu Galán, profe d’asturianu dende va cuasi 15 años.<br />
Entamé en en cursos p’adultos, presenciales y a distancia y<br />
dende va cuatro cursos y tres facer el Máster de Profesoráu,<br />
en secundaria y bachilleratu.</p>
<p>Amás, soi periodista y va munchos años entamé na<br />
televisión faciendo precisamente una clas d’asturianu<br />
na televisión llocal de Xixón.</p>
<p>Agora enfréntome al retu de facer estes clases dende casa<br />
y con pocos medios, pero con toles ganes, aguarando que<br />
preste y enganche al alumnáu. Si quies saber más de min<br />
y del mio trabayu, puedes enterate <a href="https://inaciugalan.wordpress.com/inaciu-galan_bio/" target="_blank" rel="noreferrer noopener">equí</a>.</p>
<p><b><i><span style="color: #333399">Mientres dure’l confinamientu pol andanciu de<br />
coronavirus voi tar poniendo clases d’asturianu<br />
nel espaciu  EDUCASTURTV, na TPA, dende casa.</span></i></b></p>
<p><i> </i><i><span style="color: #333399">Nesta páxina voi dexavos xeres pa complementar lo visto nes clases,<br />
asina como enllaces a distintos recursos pa deprender asturianu,<br />
practicar les competencies llingüístiques na rede o simplemente<br />
pasalo bien un ratín. </span></i></p>
<p><i><span style="color: #333399">Deprendiendo con vós, faciendo por deprendevos daqué.<br />
Intentando facelo lo meyor posible.  </span></i></p>
<p><i> </i><i><span style="color: #333399"><b>Horarios d’emisión: </b> Dellos díes, de llunes a vienres<br />
nel espaciu EducasturTV, na <b>TPA (A7) 10:30 a 11:30</b>,<br />
<b>(A8) 11:30 A 12:30.</b> </span></i></p>
<ul>
<li><a href="https://asturianutv.wordpress.com/" target="_blank" rel="noopener noreferrer"><i>WEB  <img loading="lazy" decoding="async" src="https://imgbox.es/images/2020/04/08/astTVc656361f68aefe99.jpg" width="200" height="200" /></i></a></li>
</ul>
<ul>
<li>
<h3><a title="Torna a la portada" href="https://asturianutv.wordpress.com/">Entamu</a></h3>
</li>
<li>
<h3><a title="¿Quién soi?" href="https://asturianutv.wordpress.com/elprofe/">El profe</a></h3>
</li>
<li>
<h3><a title="Busca les actividaes" href="https://asturianutv.wordpress.com/xeres/">Xeres</a></h3>
</li>
<li>
<h3><a href="https://asturianutv.wordpress.com/ferramientes/">Ferramientes</a></h3>
</li>
<li>
<h3><a href="https://asturianutv.wordpress.com/recursos/">Recursos</a></h3>
</li>
<li>
<h3><a title="¿Qué cuentes?" href="https://asturianutv.wordpress.com/contactu/">Contactu</a></h3>
</li>
<li>
<h3><a href="https://asturianutv.wordpress.com/videos/">Videos</a></h3>
</li>
<li><a href="https://twitter.com/asturianuTV" target="_blank" rel="noopener noreferrer">Tweets </a><a href="https://twitter.com/asturianuTV" target="_blank" rel="noopener noreferrer">by </a><a title="‎@asturianuTV on Twitter" href="https://twitter.com/asturianuTV">‎@asturianuTV </a></li>
<li><a href="https://www.facebook.com/asturianuTV" target="_blank" rel="noopener noreferrer"><b><i>Facebook</i></b></a></li>
</ul>

<p>Clas 0) SECUNDARIA AST WEB  L´ASTURIANU TV XERES 1)Ver en Youtube &nbsp; CLAS  1. Fecha: vienres 3 d´abril L´asturianu entama nel minutu 30:30 XERES CLAS 1 ¿Qué tal vais perhí? Nesta primer clas, la del vienres 3 d’abril, viemos delles cuestiones: Les llingües romániques de la Península Ibérica.Al final d’esta entrada voi ponevos un cantar [&hellip;]</p>
