{"id":650,"date":"2020-08-16T12:50:38","date_gmt":"2020-08-16T12:50:38","guid":{"rendered":"https:\/\/edublog.educastur.es\/ixuxullingua\/?page_id=650"},"modified":"2020-08-16T12:50:38","modified_gmt":"2020-08-16T12:50:38","slug":"vive-asturias","status":"publish","type":"page","link":"https:\/\/edublog.educastur.es\/ixuxullingua\/noticies\/radio\/vive-asturias\/","title":{"rendered":"Vive Asturias"},"content":{"rendered":"<p><a href=\"https:\/\/static-2.ivoox.com\/canales\/5\/9\/9\/1\/6151594071995_MD.jpg?ts=1594072239\"><img loading=\"lazy\" decoding=\"async\" class=\"alignnone \" src=\"https:\/\/static-2.ivoox.com\/canales\/5\/9\/9\/1\/6151594071995_MD.jpg?ts=1594072239\" width=\"233\" height=\"233\" \/><\/a><\/p>\n<ul>\n<li><a href=\"https:\/\/www.ivoox.com\/vive-asturias-14-08-2020-audios-mp3_rf_55198631_1.html\">Entrevista a Inaciu Gal\u00e1n <span class=\"oi732d6d ik7dh3pa d2edcug0 qv66sw1b c1et5uql a8c37x1j muag1w35 ew0dbk1b jq4qci2q a3bd9o3v knj5qynh oo9gr5id hzawbc8m\" dir=\"auto\">sobre\u00a0 <\/span>PlayPresta. Miguel Mart\u00ednez Su\u00e1rez<span class=\"oi732d6d ik7dh3pa d2edcug0 qv66sw1b c1et5uql a8c37x1j muag1w35 ew0dbk1b jq4qci2q a3bd9o3v knj5qynh oo9gr5id hzawbc8m\" dir=\"auto\"> g\u00fcei nel programa Vive Asturias en <\/span>Radio Intereconom\u00eda Asturias<span class=\"oi732d6d ik7dh3pa d2edcug0 qv66sw1b c1et5uql a8c37x1j muag1w35 ew0dbk1b jq4qci2q a3bd9o3v knj5qynh oo9gr5id hzawbc8m\" dir=\"auto\">, a partir del minutu 41:35<\/span><\/a><\/li>\n<\/ul>\n","protected":false},"excerpt":{"rendered":"<p>Entrevista a Inaciu Gal\u00e1n sobre\u00a0 PlayPresta. Miguel Mart\u00ednez Su\u00e1rez g\u00fcei nel programa Vive Asturias en Radio Intereconom\u00eda Asturias, a partir del minutu 41:35<\/p>\n","protected":false},"author":117,"featured_media":0,"parent":648,"menu_order":0,"comment_status":"closed","ping_status":"closed","template":"","meta":{"footnotes":""},"class_list":["post-650","page","type-page","status-publish","hentry","post-preview"],"_links":{"self":[{"href":"https:\/\/edublog.educastur.es\/ixuxullingua\/wp-json\/wp\/v2\/pages\/650","targetHints":{"allow":["GET"]}}],"collection":[{"href":"https:\/\/edublog.educastur.es\/ixuxullingua\/wp-json\/wp\/v2\/pages"}],"about":[{"href":"https:\/\/edublog.educastur.es\/ixuxullingua\/wp-json\/wp\/v2\/types\/page"}],"author":[{"embeddable":true,"href":"https:\/\/edublog.educastur.es\/ixuxullingua\/wp-json\/wp\/v2\/users\/117"}],"replies":[{"embeddable":true,"href":"https:\/\/edublog.educastur.es\/ixuxullingua\/wp-json\/wp\/v2\/comments?post=650"}],"version-history":[{"count":2,"href":"https:\/\/edublog.educastur.es\/ixuxullingua\/wp-json\/wp\/v2\/pages\/650\/revisions"}],"predecessor-version":[{"id":652,"href":"https:\/\/edublog.educastur.es\/ixuxullingua\/wp-json\/wp\/v2\/pages\/650\/revisions\/652"}],"up":[{"embeddable":true,"href":"https:\/\/edublog.educastur.es\/ixuxullingua\/wp-json\/wp\/v2\/pages\/648"}],"wp:attachment":[{"href":"https:\/\/edublog.educastur.es\/ixuxullingua\/wp-json\/wp\/v2\/media?parent=650"}],"curies":[{"name":"wp","href":"https:\/\/api.w.org\/{rel}","templated":true}]}}

<p><a href="https://static-2.ivoox.com/canales/5/9/9/1/6151594071995_MD.jpg?ts=1594072239"><img loading="lazy" decoding="async" class="alignnone " src="https://static-2.ivoox.com/canales/5/9/9/1/6151594071995_MD.jpg?ts=1594072239" width="233" height="233" /></a></p>
<ul>
<li><a href="https://www.ivoox.com/vive-asturias-14-08-2020-audios-mp3_rf_55198631_1.html">Entrevista a Inaciu Galán <span class="oi732d6d ik7dh3pa d2edcug0 qv66sw1b c1et5uql a8c37x1j muag1w35 ew0dbk1b jq4qci2q a3bd9o3v knj5qynh oo9gr5id hzawbc8m" dir="auto">sobre  </span>PlayPresta. Miguel Martínez Suárez<span class="oi732d6d ik7dh3pa d2edcug0 qv66sw1b c1et5uql a8c37x1j muag1w35 ew0dbk1b jq4qci2q a3bd9o3v knj5qynh oo9gr5id hzawbc8m" dir="auto"> güei nel programa Vive Asturias en </span>Radio Intereconomía Asturias<span class="oi732d6d ik7dh3pa d2edcug0 qv66sw1b c1et5uql a8c37x1j muag1w35 ew0dbk1b jq4qci2q a3bd9o3v knj5qynh oo9gr5id hzawbc8m" dir="auto">, a partir del minutu 41:35</span></a></li>
</ul>

<p>Entrevista a Inaciu Galán sobre  PlayPresta. Miguel Martínez Suárez güei nel programa Vive Asturias en Radio Intereconomía Asturias, a partir del minutu 41:35</p>
