{"id":661,"date":"2020-08-16T13:04:20","date_gmt":"2020-08-16T13:04:20","guid":{"rendered":"https:\/\/edublog.educastur.es\/ixuxullingua\/?page_id=661"},"modified":"2021-04-10T16:19:11","modified_gmt":"2021-04-10T14:19:11","slug":"poesia","status":"publish","type":"page","link":"https:\/\/edublog.educastur.es\/ixuxullingua\/poesia\/","title":{"rendered":"Poes\u00eda"},"content":{"rendered":"<p>Como miembru del club <strong><em><a href=\"https:\/\/asturiascapitalmundialdelapoesia.com\/\" target=\"_blank\" rel=\"noopener noreferrer\">Asturies Capital Mundial de la poes\u00eda<\/a> <\/em><\/strong>aprovecho esta ventana al mundu pa promover\/esparder la poes\u00eda ell\u00ed onde llegue, al igual que faigo na mio clase de Llingua.<u><em> Espero quevos preste.<br \/>\n<\/em><\/u><\/p>\n<p><a href=\"https:\/\/imgbox.es\/images\/2020\/03\/31\/carnet_poesiaa79a4792a194d0eb.jpg\" target=\"_blank\" rel=\"noopener noreferrer\"><img loading=\"lazy\" decoding=\"async\" src=\"https:\/\/imgbox.es\/images\/2020\/03\/31\/carnet_poesiaa79a4792a194d0eb.jpg\" width=\"304\" height=\"188\" \/><\/a><\/p>\n<p><a href=\"https:\/\/imgbox.es\/images\/2020\/03\/31\/carnet_poesiaa79a4792a194d0eb.jpg\" target=\"_blank\" rel=\"noopener noreferrer\"><em>Asturies, nel mio coraz\u00f3n;<br \/>\nla mio tierra nidia, alta, brava,<br \/>\nuniversal, humilde y verde.<br \/>\nAsturies, norte y cam\u00edn.<\/em><\/a><\/p>\n<p>&nbsp;<\/p>\n<hr \/>\n<p style=\"text-align: center\">\n<!-- iframe plugin v.6.0 wordpress.org\/plugins\/iframe\/ -->\n<iframe loading=\"lazy\" src=\"https:\/\/drive.google.com\/file\/d\/1LLlul54AGBLdjRGD7jnCwmWRgyc-yuY8\/preview\" width=\"640\" height=\"860\" 0=\"\/iframe\" scrolling=\"yes\" class=\"iframe-class\" frameborder=\"0\"><\/iframe>\n<\/p>\n<p style=\"text-align: center\"><span class=\"_2LDBlAH0cF64rqMHa4viCd\"><span class=\"VHquDtYElxQkNvZKxCJct lpc-hoverTarget\" role=\"button\" aria-label=\"Abre la tarjeta de perfil de An\u00edbal Gonz\u00e1lez\" data-lpc-hover-target-id=\"react-target-v2-191\" data-is-focusable=\"true\">Fonte: An\u00edbal Gonz\u00e1lez (anibalkoln@gmail.com)<\/span><\/span><\/p>\n","protected":false},"excerpt":{"rendered":"<p>Como miembru del club Asturies Capital Mundial de la poes\u00eda aprovecho esta ventana al mundu pa promover\/esparder la poes\u00eda ell\u00ed onde llegue, al igual que faigo na mio clase de Llingua. Espero quevos preste. Asturies, nel mio coraz\u00f3n; la mio tierra nidia, alta, brava, universal, humilde y verde. Asturies, norte y cam\u00edn. &nbsp; Fonte: An\u00edbal [&hellip;]<\/p>\n","protected":false},"author":117,"featured_media":0,"parent":0,"menu_order":0,"comment_status":"closed","ping_status":"closed","template":"","meta":{"footnotes":""},"class_list":["post-661","page","type-page","status-publish","hentry","post-preview"],"_links":{"self":[{"href":"https:\/\/edublog.educastur.es\/ixuxullingua\/wp-json\/wp\/v2\/pages\/661","targetHints":{"allow":["GET"]}}],"collection":[{"href":"https:\/\/edublog.educastur.es\/ixuxullingua\/wp-json\/wp\/v2\/pages"}],"about":[{"href":"https:\/\/edublog.educastur.es\/ixuxullingua\/wp-json\/wp\/v2\/types\/page"}],"author":[{"embeddable":true,"href":"https:\/\/edublog.educastur.es\/ixuxullingua\/wp-json\/wp\/v2\/users\/117"}],"replies":[{"embeddable":true,"href":"https:\/\/edublog.educastur.es\/ixuxullingua\/wp-json\/wp\/v2\/comments?post=661"}],"version-history":[{"count":3,"href":"https:\/\/edublog.educastur.es\/ixuxullingua\/wp-json\/wp\/v2\/pages\/661\/revisions"}],"predecessor-version":[{"id":2418,"href":"https:\/\/edublog.educastur.es\/ixuxullingua\/wp-json\/wp\/v2\/pages\/661\/revisions\/2418"}],"wp:attachment":[{"href":"https:\/\/edublog.educastur.es\/ixuxullingua\/wp-json\/wp\/v2\/media?parent=661"}],"curies":[{"name":"wp","href":"https:\/\/api.w.org\/{rel}","templated":true}]}}

Poesía

<p>Como miembru del club <strong><em><a href="https://asturiascapitalmundialdelapoesia.com/" target="_blank" rel="noopener noreferrer">Asturies Capital Mundial de la poesía</a> </em></strong>aprovecho esta ventana al mundu pa promover/esparder la poesía ellí onde llegue, al igual que faigo na mio clase de Llingua.<u><em> Espero quevos preste.<br />
</em></u></p>
<p><a href="https://imgbox.es/images/2020/03/31/carnet_poesiaa79a4792a194d0eb.jpg" target="_blank" rel="noopener noreferrer"><img loading="lazy" decoding="async" src="https://imgbox.es/images/2020/03/31/carnet_poesiaa79a4792a194d0eb.jpg" width="304" height="188" /></a></p>
<p><a href="https://imgbox.es/images/2020/03/31/carnet_poesiaa79a4792a194d0eb.jpg" target="_blank" rel="noopener noreferrer"><em>Asturies, nel mio corazón;<br />
la mio tierra nidia, alta, brava,<br />
universal, humilde y verde.<br />
Asturies, norte y camín.</em></a></p>
<p>&nbsp;</p>
<hr />
<p style="text-align: center">
<!-- iframe plugin v.6.0 wordpress.org/plugins/iframe/ -->
<iframe loading="lazy" src="https://drive.google.com/file/d/1LLlul54AGBLdjRGD7jnCwmWRgyc-yuY8/preview" width="640" height="860" 0="/iframe" scrolling="yes" class="iframe-class" frameborder="0"></iframe>
</p>
<p style="text-align: center"><span class="_2LDBlAH0cF64rqMHa4viCd"><span class="VHquDtYElxQkNvZKxCJct lpc-hoverTarget" role="button" aria-label="Abre la tarjeta de perfil de Aníbal González" data-lpc-hover-target-id="react-target-v2-191" data-is-focusable="true">Fonte: Aníbal González (anibalkoln@gmail.com)</span></span></p>

<p>Como miembru del club Asturies Capital Mundial de la poesía aprovecho esta ventana al mundu pa promover/esparder la poesía ellí onde llegue, al igual que faigo na mio clase de Llingua. Espero quevos preste. Asturies, nel mio corazón; la mio tierra nidia, alta, brava, universal, humilde y verde. Asturies, norte y camín. &nbsp; Fonte: Aníbal [&hellip;]</p>
