{"id":123,"date":"2021-05-16T13:54:28","date_gmt":"2021-05-16T13:54:28","guid":{"rendered":"https:\/\/edublog.educastur.es\/juegosele\/?page_id=123"},"modified":"2021-05-16T13:54:28","modified_gmt":"2021-05-16T13:54:28","slug":"expresion-y-comunicacion","status":"publish","type":"page","link":"https:\/\/edublog.educastur.es\/juegosele\/expresion-y-comunicacion\/","title":{"rendered":"Expresi\u00f3n y comunicaci\u00f3n"},"content":{"rendered":"<p>Juegos relacionados con la expresi\u00f3n y la comunicaci\u00f3n del espa\u00f1ol. Con ellos podr\u00e9is trabajar, repasar y aprender.<\/p>\n<p><img loading=\"lazy\" decoding=\"async\" class=\"alignnone size-full wp-image-124\" src=\"http:\/\/edublog.educastur.es\/juegosele\/files\/2021\/05\/comunicacio\u0301n.jpeg\" alt=\"\" width=\"626\" height=\"396\" srcset=\"https:\/\/edublog.educastur.es\/juegosele\/files\/2021\/05\/comunicacio\u0301n.jpeg 626w, https:\/\/edublog.educastur.es\/juegosele\/files\/2021\/05\/comunicacio\u0301n-300x190.jpeg 300w\" sizes=\"auto, (max-width: 626px) 100vw, 626px\" \/><\/p>\n","protected":false},"excerpt":{"rendered":"<p>Juegos relacionados con la expresi\u00f3n y la comunicaci\u00f3n del espa\u00f1ol. Con ellos podr\u00e9is trabajar, repasar y aprender.<\/p>\n","protected":false},"author":36,"featured_media":0,"parent":0,"menu_order":0,"comment_status":"closed","ping_status":"closed","template":"","meta":{"footnotes":""},"class_list":["post-123","page","type-page","status-publish","hentry"],"_links":{"self":[{"href":"https:\/\/edublog.educastur.es\/juegosele\/wp-json\/wp\/v2\/pages\/123","targetHints":{"allow":["GET"]}}],"collection":[{"href":"https:\/\/edublog.educastur.es\/juegosele\/wp-json\/wp\/v2\/pages"}],"about":[{"href":"https:\/\/edublog.educastur.es\/juegosele\/wp-json\/wp\/v2\/types\/page"}],"author":[{"embeddable":true,"href":"https:\/\/edublog.educastur.es\/juegosele\/wp-json\/wp\/v2\/users\/36"}],"replies":[{"embeddable":true,"href":"https:\/\/edublog.educastur.es\/juegosele\/wp-json\/wp\/v2\/comments?post=123"}],"version-history":[{"count":1,"href":"https:\/\/edublog.educastur.es\/juegosele\/wp-json\/wp\/v2\/pages\/123\/revisions"}],"predecessor-version":[{"id":125,"href":"https:\/\/edublog.educastur.es\/juegosele\/wp-json\/wp\/v2\/pages\/123\/revisions\/125"}],"wp:attachment":[{"href":"https:\/\/edublog.educastur.es\/juegosele\/wp-json\/wp\/v2\/media?parent=123"}],"curies":[{"name":"wp","href":"https:\/\/api.w.org\/{rel}","templated":true}]}}