{"id":159,"date":"2022-04-26T17:04:42","date_gmt":"2022-04-26T17:04:42","guid":{"rendered":"https:\/\/edublog.educastur.es\/laluna\/?page_id=159"},"modified":"2022-04-28T10:18:26","modified_gmt":"2022-04-28T10:18:26","slug":"rrr","status":"publish","type":"page","link":"https:\/\/edublog.educastur.es\/laluna\/rrr\/","title":{"rendered":"RRR"},"content":{"rendered":"<p>Las \u00ab3R\u00bb: Reducir, Reutilizar y Reciclar promueve tres pasos b\u00e1sicos para disminuir la producci\u00f3n de residuos y contribuir con ello a la protecci\u00f3n y conservaci\u00f3n del medio ambiente.<\/p>\n<p>El concepto de la regla de las 3R pretende cambiar nuestros h\u00e1bitos de consumo, haci\u00e9ndolos responsables y sostenibles.<br \/>\nPara ello, se centra en la reducci\u00f3n de residuos, con el fin de solventar uno de los grandes problemas ecol\u00f3gicos de la sociedad actual.<\/p>\n<p>Todas las acciones desarrolladas en nuestro Centro tiene como objetivo alcanzar<br \/>\nlas 3R- Residuo 0\/ Zero Waste<\/p>\n<p>Desde diferentes asociaciones u organismos se fomentan otras formas de conseguirlo&#8230;<\/p>\n<ul>\n<li><strong>Redise\u00f1ar<\/strong><br \/>\nDise\u00f1ar o fabricar productos teniendo en cuenta las consecuencias medioambientales.<\/li>\n<\/ul>\n<p>&nbsp;<\/p>\n<ul>\n<li><strong>Reducir<\/strong><br \/>\nConsumimos mucha cantidad de bienes, productos y energ\u00eda. Es importante reducir tanto la cantidad de productos que consumimos como los residuos que generamos.<\/li>\n<\/ul>\n<p>&nbsp;<\/p>\n<ul>\n<li><strong>Reutilizar<\/strong><br \/>\nDar un nuevo uso a los productos que ya han sido utilizados.<\/li>\n<\/ul>\n<p>&nbsp;<\/p>\n<ul>\n<li>\u00a0<strong>Reparar<\/strong><br \/>\nAntes de tirarlo y comprar uno nuevo hay que reparar.<\/li>\n<\/ul>\n<p>&nbsp;<\/p>\n<ul>\n<li><strong>Renovar<\/strong><br \/>\nObjetos antiguos a los que damos un nuevo uso.<\/li>\n<\/ul>\n<p>&nbsp;<\/p>\n<ul>\n<li><strong>Recuperar<\/strong><br \/>\nUtilizar la materia prima de los materiales ya usados para iniciar un muevo proceso de producci\u00f3n y recuperar un producto de caracter\u00edsticas similares.<\/li>\n<\/ul>\n<p>&nbsp;<\/p>\n<ul>\n<li><strong>Reciclar<\/strong><br \/>\nSeparar los desperdicios seg\u00fan sean org\u00e1nicos, pl\u00e1sticos, vidrios, papel o cart\u00f3n, metales \u2026<br \/>\nUtilizar la materia prima de los materiales ya usados para iniciar un muevo proceso de producci\u00f3n y crear un nuevo producto.<\/li>\n<\/ul>\n<p>&nbsp;<\/p>\n<p style=\"text-align: center\"><a href=\"https:\/\/educastur-my.sharepoint.com\/:v:\/g\/personal\/doloresm_educastur_org\/EeixL-r-7ytNrW0SJe3PoiUBGH3M4jetWjyCdNaQ1B4NJw?e=lodEm3\">Reducir, reutilizar y reciclar.<\/a><\/p>\n<p style=\"text-align: center\">\u00a1Festejamos que lo hemos conseguido!<\/p>\n<p style=\"text-align: center\"><a href=\"https:\/\/edublog.educastur.es\/laluna\/desarrollo-sostenible\/\"><img loading=\"lazy\" decoding=\"async\" class=\"alignnone wp-image-208\" src=\"http:\/\/edublog.educastur.es\/laluna\/files\/2022\/04\/BOTON-VOLVER-300x300.jpg\" alt=\"\" width=\"102\" height=\"102\" srcset=\"https:\/\/edublog.educastur.es\/laluna\/files\/2022\/04\/BOTON-VOLVER-300x300.jpg 300w, https:\/\/edublog.educastur.es\/laluna\/files\/2022\/04\/BOTON-VOLVER-150x150.jpg 150w, https:\/\/edublog.educastur.es\/laluna\/files\/2022\/04\/BOTON-VOLVER-768x768.jpg 768w, https:\/\/edublog.educastur.es\/laluna\/files\/2022\/04\/BOTON-VOLVER-88x88.jpg 88w, https:\/\/edublog.educastur.es\/laluna\/files\/2022\/04\/BOTON-VOLVER.jpg 800w\" sizes=\"auto, (max-width: 102px) 100vw, 102px\" \/><\/a><\/p>\n","protected":false},"excerpt":{"rendered":"<p>Las \u00ab3R\u00bb: Reducir, Reutilizar y Reciclar promueve tres pasos b\u00e1sicos para disminuir la producci\u00f3n de residuos y contribuir con ello a la protecci\u00f3n y conservaci\u00f3n del medio ambiente. El concepto de la regla de las 3R pretende cambiar nuestros h\u00e1bitos de consumo, haci\u00e9ndolos responsables y sostenibles. Para ello, se centra en la reducci\u00f3n de residuos, [&hellip;]<\/p>\n","protected":false},"author":1437,"featured_media":0,"parent":0,"menu_order":0,"comment_status":"closed","ping_status":"closed","template":"","meta":{"footnotes":""},"class_list":["post-159","page","type-page","status-publish","hentry"],"_links":{"self":[{"href":"https:\/\/edublog.educastur.es\/laluna\/wp-json\/wp\/v2\/pages\/159","targetHints":{"allow":["GET"]}}],"collection":[{"href":"https:\/\/edublog.educastur.es\/laluna\/wp-json\/wp\/v2\/pages"}],"about":[{"href":"https:\/\/edublog.educastur.es\/laluna\/wp-json\/wp\/v2\/types\/page"}],"author":[{"embeddable":true,"href":"https:\/\/edublog.educastur.es\/laluna\/wp-json\/wp\/v2\/users\/1437"}],"replies":[{"embeddable":true,"href":"https:\/\/edublog.educastur.es\/laluna\/wp-json\/wp\/v2\/comments?post=159"}],"version-history":[{"count":7,"href":"https:\/\/edublog.educastur.es\/laluna\/wp-json\/wp\/v2\/pages\/159\/revisions"}],"predecessor-version":[{"id":264,"href":"https:\/\/edublog.educastur.es\/laluna\/wp-json\/wp\/v2\/pages\/159\/revisions\/264"}],"wp:attachment":[{"href":"https:\/\/edublog.educastur.es\/laluna\/wp-json\/wp\/v2\/media?parent=159"}],"curies":[{"name":"wp","href":"https:\/\/api.w.org\/{rel}","templated":true}]}}