{"id":160,"date":"2022-04-26T17:04:42","date_gmt":"2022-04-26T17:04:42","guid":{"rendered":"https:\/\/edublog.educastur.es\/laluna\/?page_id=160"},"modified":"2023-05-18T12:28:47","modified_gmt":"2023-05-18T12:28:47","slug":"participacion","status":"publish","type":"page","link":"https:\/\/edublog.educastur.es\/laluna\/participacion\/","title":{"rendered":"Participaci\u00f3n"},"content":{"rendered":"<p style=\"text-align: center\"><strong>El Centro Educativo como factor de Transformaci\u00f3n Social.<\/strong><\/p>\n<p style=\"text-align: center\"><strong>Un centro abierto a la Comunidad.<\/strong><\/p>\n<p style=\"text-align: center\"><strong>Una Comunidad de Aprendizaje.<\/strong><\/p>\n<p style=\"text-align: center\"><strong>Servicio a la Comunidad\/ Comunidad de Servicio<\/strong><\/p>\n<p style=\"text-align: center\"><strong>\u2026Por una Educaci\u00f3n Inclusiva\u2026<\/strong><\/p>\n<p><strong>\u00a0<\/strong><\/p>\n<p style=\"text-align: center\"><strong>Debemos cambiar nuestros h\u00e1bitos de consumo&#8230;<\/strong><\/p>\n<p>&nbsp;<\/p>\n<p style=\"text-align: center\"><strong>Semana Europea de la Prevenci\u00f3n de Residuos 2022<\/strong><\/p>\n<p style=\"text-align: center\"><a href=\"https:\/\/educastur-my.sharepoint.com\/:v:\/g\/personal\/doloresm_educastur_org\/EVk42JyrQnJDlNnkfcC-g6UBQjMIsIbjpd76REuGLwjSYw?e=lsfmlB\"><strong>&#8230;la indumentaria&#8230;<\/strong><\/a><\/p>\n<p style=\"text-align: center\"><strong>Semana Europea de la Prevenci\u00f3n de Residuos 2021<\/strong><\/p>\n<p style=\"text-align: center\"><a href=\"https:\/\/educastur-my.sharepoint.com\/:v:\/g\/personal\/doloresm_educastur_org\/EYK37nqv_65Mjl83Qtc7wLkBR-20UTiVxun6lOmO5yYpaw?e=GVVxn5\"><strong>\u2026al mont\u00f3n que ye grand\u00f3n\u2026<\/strong><\/a><\/p>\n<p style=\"text-align: center\"><img loading=\"lazy\" decoding=\"async\" class=\"alignnone size-medium wp-image-273\" src=\"http:\/\/edublog.educastur.es\/laluna\/files\/2022\/05\/al-monton-que-ye-grandon-300x144.jpg\" alt=\"\" width=\"300\" height=\"144\" srcset=\"https:\/\/edublog.educastur.es\/laluna\/files\/2022\/05\/al-monton-que-ye-grandon-300x144.jpg 300w, https:\/\/edublog.educastur.es\/laluna\/files\/2022\/05\/al-monton-que-ye-grandon.jpg 523w\" sizes=\"auto, (max-width: 300px) 100vw, 300px\" \/><\/p>\n<p style=\"text-align: center\">Durante una semana aportamos envases para ser reutilizados posteriormente como macetas en nuestro programa de \u201cEconom\u00eda Circular\u201d.<\/p>\n<p style=\"text-align: center\"><em>\u00bfQu\u00e9 pasar\u00eda si esta acci\u00f3n la realizamos durante todo un a\u00f1o?<\/em><\/p>\n<p style=\"text-align: center\">Y este fue el resultado\u2026. Llenar\u00edamos un campo de futbol\u2026<\/p>\n<p style=\"text-align: center\"><img loading=\"lazy\" decoding=\"async\" class=\"alignnone size-medium wp-image-237\" src=\"http:\/\/edublog.educastur.es\/laluna\/files\/2022\/04\/campo-300x264.jpg\" alt=\"\" width=\"300\" height=\"264\" srcset=\"https:\/\/edublog.educastur.es\/laluna\/files\/2022\/04\/campo-300x264.jpg 300w, https:\/\/edublog.educastur.es\/laluna\/files\/2022\/04\/campo.jpg 472w\" sizes=\"auto, (max-width: 300px) 100vw, 300px\" \/><\/p>\n<p>&nbsp;<\/p>\n<p style=\"text-align: center\"><strong>Recuperar espacios para convertirlos en nuevos recursos educativos\u2026<\/strong><\/p>\n<p style=\"text-align: center\"><strong>\u201cUn Rinc\u00f3n un Espacio Educativo\u201d<\/strong><\/p>\n<p style=\"text-align: center\"><strong><a href=\"https:\/\/educastur-my.sharepoint.com\/:v:\/g\/personal\/doloresm_educastur_org\/EQtrYSdWdbZOnD5cc2RBYeUBv5yewh-HdnhJd1S8vTHgAw?e=L6kQxv\">\u2026como un libro abierto\u2026<\/a><\/strong><\/p>\n<p style=\"text-align: center\"><img loading=\"lazy\" decoding=\"async\" class=\"alignnone size-medium wp-image-223\" src=\"http:\/\/edublog.educastur.es\/laluna\/files\/2022\/04\/marcapa-1-300x187.jpg\" alt=\"\" width=\"300\" height=\"187\" srcset=\"https:\/\/edublog.educastur.es\/laluna\/files\/2022\/04\/marcapa-1-300x187.jpg 300w, https:\/\/edublog.educastur.es\/laluna\/files\/2022\/04\/marcapa-1-1024x637.jpg 1024w, https:\/\/edublog.educastur.es\/laluna\/files\/2022\/04\/marcapa-1-768x478.jpg 768w, https:\/\/edublog.educastur.es\/laluna\/files\/2022\/04\/marcapa-1-1536x956.jpg 1536w, https:\/\/edublog.educastur.es\/laluna\/files\/2022\/04\/marcapa-1-2048x1274.jpg 2048w, https:\/\/edublog.educastur.es\/laluna\/files\/2022\/04\/marcapa-1-900x560.jpg 900w, https:\/\/edublog.educastur.es\/laluna\/files\/2022\/04\/marcapa-1-1280x796.jpg 1280w\" sizes=\"auto, (max-width: 300px) 100vw, 300px\" \/><\/p>\n<p>&nbsp;<\/p>\n<p style=\"text-align: center\"><strong>Alargar la vida de un producto. <\/strong><\/p>\n<p style=\"text-align: center\"><strong>Practicamos el \u201cTrueque\u201d<\/strong><\/p>\n<p style=\"text-align: center\"><strong><a href=\"https:\/\/educastur-my.sharepoint.com\/:v:\/g\/personal\/doloresm_educastur_org\/EVikYK96SgRNow6yflpdi_oBinIIfSErokrJA5QPORA1FQ?e=eIJy7b\">\u2026Compartir= Cambiar= Reducir\u2026<\/a><\/strong><\/p>\n<p style=\"text-align: center\">\u00a0<img loading=\"lazy\" decoding=\"async\" class=\"alignnone size-medium wp-image-278\" src=\"http:\/\/edublog.educastur.es\/laluna\/files\/2022\/05\/libros-300x208.jpg\" alt=\"\" width=\"300\" height=\"208\" srcset=\"https:\/\/edublog.educastur.es\/laluna\/files\/2022\/05\/libros-300x208.jpg 300w, https:\/\/edublog.educastur.es\/laluna\/files\/2022\/05\/libros.jpg 550w\" sizes=\"auto, (max-width: 300px) 100vw, 300px\" \/><\/p>\n<p style=\"text-align: center\"><strong>\u00a0<\/strong><\/p>\n<p style=\"text-align: center\"><strong>Abriendo camino en busca de nuevos retos<\/strong><\/p>\n<p style=\"text-align: center\"><strong>Nos valoramos- Hacemos seguimiento- Proponemos mejoras<\/strong><\/p>\n<p style=\"text-align: center\"><a href=\"https:\/\/edublog.educastur.es\/laluna\/desarrollo-sostenible\/\"><img loading=\"lazy\" decoding=\"async\" class=\"alignnone wp-image-208\" src=\"http:\/\/edublog.educastur.es\/laluna\/files\/2022\/04\/BOTON-VOLVER-300x300.jpg\" alt=\"\" width=\"70\" height=\"70\" srcset=\"https:\/\/edublog.educastur.es\/laluna\/files\/2022\/04\/BOTON-VOLVER-300x300.jpg 300w, https:\/\/edublog.educastur.es\/laluna\/files\/2022\/04\/BOTON-VOLVER-150x150.jpg 150w, https:\/\/edublog.educastur.es\/laluna\/files\/2022\/04\/BOTON-VOLVER-768x768.jpg 768w, https:\/\/edublog.educastur.es\/laluna\/files\/2022\/04\/BOTON-VOLVER-88x88.jpg 88w, https:\/\/edublog.educastur.es\/laluna\/files\/2022\/04\/BOTON-VOLVER.jpg 800w\" sizes=\"auto, (max-width: 70px) 100vw, 70px\" \/><\/a><\/p>\n","protected":false},"excerpt":{"rendered":"<p>El Centro Educativo como factor de Transformaci\u00f3n Social. Un centro abierto a la Comunidad. Una Comunidad de Aprendizaje. Servicio a la Comunidad\/ Comunidad de Servicio \u2026Por una Educaci\u00f3n Inclusiva\u2026 \u00a0 Debemos cambiar nuestros h\u00e1bitos de consumo&#8230; &nbsp; Semana Europea de la Prevenci\u00f3n de Residuos 2022 &#8230;la indumentaria&#8230; Semana Europea de la Prevenci\u00f3n de Residuos 2021 [&hellip;]<\/p>\n","protected":false},"author":1437,"featured_media":0,"parent":0,"menu_order":0,"comment_status":"closed","ping_status":"closed","template":"","meta":{"footnotes":""},"class_list":["post-160","page","type-page","status-publish","hentry"],"_links":{"self":[{"href":"https:\/\/edublog.educastur.es\/laluna\/wp-json\/wp\/v2\/pages\/160","targetHints":{"allow":["GET"]}}],"collection":[{"href":"https:\/\/edublog.educastur.es\/laluna\/wp-json\/wp\/v2\/pages"}],"about":[{"href":"https:\/\/edublog.educastur.es\/laluna\/wp-json\/wp\/v2\/types\/page"}],"author":[{"embeddable":true,"href":"https:\/\/edublog.educastur.es\/laluna\/wp-json\/wp\/v2\/users\/1437"}],"replies":[{"embeddable":true,"href":"https:\/\/edublog.educastur.es\/laluna\/wp-json\/wp\/v2\/comments?post=160"}],"version-history":[{"count":18,"href":"https:\/\/edublog.educastur.es\/laluna\/wp-json\/wp\/v2\/pages\/160\/revisions"}],"predecessor-version":[{"id":322,"href":"https:\/\/edublog.educastur.es\/laluna\/wp-json\/wp\/v2\/pages\/160\/revisions\/322"}],"wp:attachment":[{"href":"https:\/\/edublog.educastur.es\/laluna\/wp-json\/wp\/v2\/media?parent=160"}],"curies":[{"name":"wp","href":"https:\/\/api.w.org\/{rel}","templated":true}]}}