{"id":145,"date":"2020-07-18T00:44:32","date_gmt":"2020-07-18T00:44:32","guid":{"rendered":"https:\/\/edublog.educastur.es\/llingua\/?page_id=145"},"modified":"2021-03-11T23:43:53","modified_gmt":"2021-03-11T21:43:53","slug":"certificacion-b2","status":"publish","type":"page","link":"https:\/\/edublog.educastur.es\/llingua\/certificacion-b2\/","title":{"rendered":"Certificaci\u00f3n B2"},"content":{"rendered":"<h1 style=\"text-align: center\"><span style=\"color: #800080;font-size: 36pt\">2021<\/span> <img loading=\"lazy\" decoding=\"async\" class=\"alignnone \" src=\"https:\/\/asturies.com\/sites\/default\/files\/logo_acom_5.png\" width=\"424\" height=\"50\" \/><\/h1>\n<ul>\n<li><a href=\"https:\/\/asturies.com\/noticies\/los-esamenes-oficiales-b2-y-c1-dasturianu-van-contar-con-300-places-caun?fbclid=IwAR1-T5gMsa9lt5nhIDeWq_PCP28PfGEVqtTvkoxxQeAerTlqixzFefxzvhs\">Fonte noticia: ASTURIES.COM<\/a><\/li>\n<\/ul>\n<h1 style=\"text-align: center\"><img loading=\"lazy\" decoding=\"async\" class=\"alignnone \" src=\"https:\/\/imgbox.es\/images\/2021\/03\/11\/niveles18b0413294eff4ec.jpg\" width=\"228\" height=\"228\" \/><\/h1>\n<h1 class=\"title page-title\" style=\"text-align: center\"><em><span style=\"font-size: 18pt\">Van contar con 300 places ca\u00fan<\/span><\/em><\/h1>\n<p>Les pruebes de certificaci\u00f3n de Llingua Asturiana adaptaes al Marcu Com\u00fan Europ\u00e9u de Referencia pa les Lling\u00fces pa esti 2021, de nivel avanz\u00e1u y intermediu, van tener llugar a partir del s\u00e1badu 9 d&#8217;ochobre, fecha de celebraci\u00f3n del bloque escritu nun llugar entov\u00eda por confirmar. La matr\u00edcula d&#8217;inscripci\u00f3n \u00e1brese&#8217;l 5 d&#8217;abril en centros d&#8217;Uvi\u00e9u, Xix\u00f3n, Avil\u00e9s y Mieres.<\/p>\n<div class=\"field field-name-body field-type-text-with-summary field-label-hidden\">\n<div class=\"field-items\">\n<div class=\"field-item even\">\n<p>Conf\u00edrmase la celebraci\u00f3n del C1, am\u00e1s del B2, na convocatoria del 2021 de les pruebes de certificaci\u00f3n de Llingua Asturiana adaptaes al Marcu Com\u00fan Europ\u00e9u de Referencia pa les Lling\u00fces, con 300 places pa cada esame. Pendiente entov\u00eda de la espublizaci\u00f3n nel BOPA, Educastur y\u00e1 avanz\u00f3 les feches de matr\u00edcula y celebraci\u00f3n.<\/p>\n<p><!--more--><\/p>\n<p>Del 5 d\u2019abril al 16 d\u2019abril les persones que quieran aspirar a estos t\u00edtulos oficiales de conocimientu del idioma nel C1 \u2013avanz\u00e1u y m\u00e1ximu nivel esistente\u2013 y el B2 \u2013intermediu\u2013 han de presentar les solicit\u00faes d\u2019almisi\u00f3n. La primer llista definitiva va espublizase\u2019l d\u00eda 27, teniendo preferencia nel casu de muncha demanda, tres el sort\u00e9u p\u00fablicu fechu\u2019l 22 de mayu pas\u00e1u pa tolos procesos docentes del cursu presente, les persones con apell\u00edu qu\u2019entame por \u2018DS\u2019 nel sent\u00edu del alfabetu.<\/p>\n<p>La convocatoria pasada, la primer de la historia, cont\u00f3 con munchos m\u00e1s solicit\u00faes que places, cerca de 800 pa 500, polo que qued\u00f3 fuera xente abondo. Pa esti a\u00f1u la Comisi\u00f3n Permanente Educaci\u00f3n-Cultura cifra en 300 les places pa cada prueba.<\/p>\n<p>Les persones d\u2019esta primer llista van tener que formalizar darr\u00e9u la so matr\u00edcula, previu pagu de les tases correspondientes, ente\u2019l 5 y el 18 de mayu nel mesmu centru nel que fixo\u2019l primer tr\u00e1mite. \u00c9stos son los mesmos que l\u2019a\u00f1u pas\u00e1u: l\u2019IES Aramo d\u2019Uvi\u00e9u, l\u2019IES Calder\u00f3n de la Barca de Xix\u00f3n, l\u2019IES Carre\u00f1o Miranda d\u2019Avil\u00e9s y l\u2019IES Bernaldo Quir\u00f3s de Mieres.<\/p>\n<p><strong>El bloque escritu, el 9 d\u2019ochobre<\/strong><\/p>\n<p>L\u2019esame va tener llugar otra vuelta n\u2019ochobre, anque entov\u00eda nun se confirm\u00f3&#8217;l llugar. La tr\u00e9s pruebes comunes a tolos aspirantes, la del bloque escritu, van celebrase\u2019l s\u00e1badu 9 d\u2019ochobre pela ma\u00f1ana, mentes que les dos del bloque oral va facese, nesti casu de manera individual, a partir del 18.<\/p>\n<\/div>\n<\/div>\n<\/div>\n<div class=\"field field-name-upload field-type-file field-label-hidden\">\n<div class=\"field-items\">\n<div class=\"field-item even\">\n<table class=\"sticky-enabled\">\n<thead>\n<tr>\n<th>Adxuntu<\/th>\n<th>Tama\u00f1u<\/th>\n<\/tr>\n<\/thead>\n<tbody>\n<tr class=\"odd\">\n<td><span class=\"file\"><img decoding=\"async\" class=\"file-icon\" title=\"application\/pdf\" src=\"https:\/\/asturies.com\/modules\/file\/icons\/application-pdf.png\" alt=\"PDF icon\" \/>\u00a0<a title=\"convocatoria_desamenes_oficiales_de_llingua_asturiana_2021.pdf\" href=\"https:\/\/asturies.com\/sites\/default\/files\/convocatoria_desamenes_oficiales_de_llingua_asturiana_2021.pdf\">Convocatoria d&#8217;es\u00e1menes oficiales de Llingua Asturiana 2021<\/a><\/span><\/td>\n<td>394.62 KB<\/td>\n<\/tr>\n<tr class=\"even\">\n<td><span class=\"file\"><img decoding=\"async\" class=\"file-icon\" title=\"application\/pdf\" src=\"https:\/\/asturies.com\/modules\/file\/icons\/application-pdf.png\" alt=\"PDF icon\" \/>\u00a0<a title=\"fueya_dinscripcion_esamenes_oficiales_de_llingua_asturiana.pdf\" href=\"https:\/\/asturies.com\/sites\/default\/files\/fueya_dinscripcion_esamenes_oficiales_de_llingua_asturiana.pdf\">Fueya d&#8217;inscripci\u00f3n es\u00e1menes oficiales de Llingua Asturiana 2021<\/a><\/span><\/td>\n<td>229.18 KB<\/td>\n<\/tr>\n<tr class=\"odd\">\n<td><span class=\"file\"><img decoding=\"async\" class=\"file-icon\" title=\"application\/pdf\" src=\"https:\/\/asturies.com\/modules\/file\/icons\/application-pdf.png\" alt=\"PDF icon\" \/>\u00a0<a title=\"solicitu_dadaptacio_daccesu_pa_discapacidaes_y-o_tdah_pa_esamenes_oficiales_de_llingua_asturiana_2021.pdf\" href=\"https:\/\/asturies.com\/sites\/default\/files\/solicitu_dadaptacio_daccesu_pa_discapacidaes_y-o_tdah_pa_esamenes_oficiales_de_llingua_asturiana_2021.pdf\">Solicit\u00fa d&#8217;adaptaci\u00f3 d&#8217;accesu pa discapacidaes y\/o TDAH pa es\u00e1menes oficiales de Llingua Asturiana 2021<\/a><\/span><\/td>\n<td>174.45 KB<\/td>\n<\/tr>\n<\/tbody>\n<\/table>\n<\/div>\n<\/div>\n<\/div>\n<div class=\"kvgmc6g5 cxmmr5t8 oygrvhab hcukyx3x c1et5uql ii04i59q\">\n<div dir=\"auto\" style=\"text-align: center\"><span style=\"font-size: 14pt\"><strong><em>Educaci\u00f3n convoca les pruebes de certificaci\u00f3n de los niveles B2 y C1 d\u2019asturianu pal 2021<\/em><\/strong><\/span><\/div>\n<div dir=\"auto\"><\/div>\n<\/div>\n<div class=\"o9v6fnle cxmmr5t8 oygrvhab hcukyx3x c1et5uql ii04i59q\">\n<div dir=\"auto\">La Conseyer\u00eda d\u2019Educaci\u00f3n public\u00f3\u2019l pas\u00e1u 4 de marzu la convocatoria de les pruebes pa sacar los certificaos de competencia lling\u00fc\u00edstica n\u2019asturianu del presente a\u00f1u 2021. Angua\u00f1o vuelve a convocase la prueba del nivel B2, que se ficiera l\u2019a\u00f1u pas\u00e1u per primer vez, y incorp\u00f3rase tami\u00e9n la del nivel C1.<\/div>\n<div dir=\"auto\"><\/div>\n<\/div>\n<div class=\"o9v6fnle cxmmr5t8 oygrvhab hcukyx3x c1et5uql ii04i59q\">\n<div dir=\"auto\">Estes pruebes son una manera d\u2019acreditar la competencia comunicativa en llingua asturiana y tan afayaos a les pautes del Marcu Com\u00fan Europ\u00e9u de Referencia, un instrumentu que dexa plantear equivalencies ente les distintes ense\u00f1ances y es\u00e1menes d\u2019idiomes. Seg\u00fan esti, el nivel B2 correspuende a un nivel intermediu, en cuantes que\u2019l C1 correspuende a un nivel avanz\u00e1u.<\/div>\n<div dir=\"auto\"><\/div>\n<\/div>\n<div class=\"o9v6fnle cxmmr5t8 oygrvhab hcukyx3x c1et5uql ii04i59q\">\n<div dir=\"auto\">Cada prueba almite un m\u00e1ximu de 300 aspirantes. Si hai m\u00e1s solicit\u00faes, les places van axudicase d\u2019alcuerdu con un sistema d\u2019orde alfab\u00e9ticu que tien como puntu de partida les lletres del primer apell\u00edu a partir de DS (result\u00e1u d\u2019un sort\u00e9u p\u00fablicu). Va haber un primer plazu d\u2019almisi\u00f3n, del 5 al 16 d\u2019abril, nel que s\u2019axudiquen les places del cupu; y un segundu plazu d\u2019inscripci\u00f3n onde se formalice la inscripci\u00f3n y se paguen los precios p\u00fablicos correspondientes. Nam\u00e1s s\u2019almite la solicit\u00fa d\u2019almisi\u00f3n nuna de les pruebes por persona.<\/div>\n<div dir=\"auto\"><\/div>\n<\/div>\n<div class=\"o9v6fnle cxmmr5t8 oygrvhab hcukyx3x c1et5uql ii04i59q\">\n<div dir=\"auto\">Les pruebes de les destreces de comprensi\u00f3n de testos orales, comprensi\u00f3n de testos escritos y producci\u00f3n y coproducci\u00f3n de testos escritos van facese\u2019l s\u00e1badu 9 d\u2019ochobre, mientres que les pruebes de producci\u00f3n y coproducci\u00f3n de testos orales van facese a partir del d\u00eda 18 d\u2019ochobre.<\/div>\n<div dir=\"auto\"><\/div>\n<\/div>\n<div class=\"o9v6fnle cxmmr5t8 oygrvhab hcukyx3x c1et5uql ii04i59q\">\n<div dir=\"auto\">M\u00e1s informaci\u00f3n: <a class=\"oajrlxb2 g5ia77u1 qu0x051f esr5mh6w e9989ue4 r7d6kgcz rq0escxv nhd2j8a9 nc684nl6 p7hjln8o kvgmc6g5 cxmmr5t8 oygrvhab hcukyx3x jb3vyjys rz4wbd8a qt6c0cv9 a8nywdso i1ao9s8h esuyzwwr f1sip0of lzcic4wl py34i1dx gpro0wi8\" role=\"link\" href=\"https:\/\/www.educastur.es\/-\/pruebas-de-certificacion-de-lengua-asturiana-2021-convocatoria?redirect=https%3A%2F%2Fwww.educastur.es%2Finicio%3Bjsessionid%3D615F39AC093266C416488CC17B4AE37A%3Fp_p_id%3D101_INSTANCE_QSFUm4QpFZ6Q%26p_p_lifecycle%3D0%26p_p_state%3Dnormal%26p_p_mode%3Dview%26p_p_col_id%3Dcolumn-1%26p_p_col_pos%3D5%26p_p_col_count%3D22&amp;fbclid=IwAR2nRtYKETiTojrZ3zNtxdjFKH9VBYgsC4qbEKNzblBlv6DJVX1Wkb2Mno0\" target=\"_blank\" rel=\"nofollow noopener\">https:\/\/www.educastur.es\/&#8230;\/pruebas-de-certificacion-de&#8230;<\/a><\/div>\n<\/div>\n<hr \/>\n<h1 style=\"text-align: center\"><span style=\"color: #800080;font-size: 36pt\">2020<\/span><\/h1>\n<ul>\n<li><a href=\"https:\/\/www.educastur.es\/-\/convocatoria-2019-2020-prueba-de-certificacion-de-lengua-asturiana-nivel-intermedio-b2\"><strong><em><span style=\"font-size: 14pt\">Ver n\u00b4Educastur<\/span><\/em><\/strong><\/a><br \/>\n<h2 class=\"page-title\"><span style=\"color: #333399\">Prueba de certificaci\u00f3n de Lengua Asturiana B2 2020.<\/span><\/h2>\n<\/li>\n<\/ul>\n<div class=\"articulo-block-content\">\n<p><span style=\"font-size: 14pt\"><strong>Resoluci\u00f3n de 3 de febrero de 2020 <\/strong>de la Consejer\u00eda de Educaci\u00f3n, por la que se convoca la prueba de certificaci\u00f3n del nivel\u00a0competencial Intermedio B2 de lengua asturiana del a\u00f1o 2020 en el Principado de Asturias.<\/span><\/p>\n<ul>\n<li><span style=\"font-size: 14pt\"><a href=\"https:\/\/sede.asturias.es\/bopa\/2020\/02\/05\/2020-01093.pdf\" target=\"_blank\" rel=\"noopener noreferrer\">Resoluci\u00f3n. BOPA 05-02-2020<\/a>\u00a0(pdf)<\/span><\/li>\n<li><span style=\"font-size: 14pt\"><a href=\"https:\/\/www.educastur.es\/documents\/10531\/5647068\/2020-02_est-ast_certifica-B2-AI-convoca.pdf\/1fa8261e-4048-47e5-8a8a-b3d1d4ab1c19\" target=\"_blank\" rel=\"noopener noreferrer\">Anexo I. Convocatoria<\/a> (pdf)<\/span><\/li>\n<li><span style=\"font-size: 14pt\"><a href=\"https:\/\/www.educastur.es\/documents\/10531\/5647068\/2020-02_est-ast_certifica-B2-AII-calendario.pdf\/9f98af72-b08f-4c5c-b40b-75076e2d1f5e\" target=\"_blank\" rel=\"noopener noreferrer\">Anexo II. Calendario<\/a> (pdf)<\/span><\/li>\n<li><span style=\"font-size: 14pt\"><a href=\"https:\/\/www.educastur.es\/documents\/10531\/5647068\/2020-02_est-ast_certifica-B2-AIII-centros.pdf\/b19b6146-7b90-4cca-9011-f80e8359be77\" target=\"_blank\" rel=\"noopener noreferrer\">Anexo III. Centros de inscripci\u00f3n<\/a> (pdf)<\/span><\/li>\n<li><span style=\"font-size: 14pt\"><a href=\"https:\/\/sede.asturias.es\/bopa\/2020\/02\/05\/2020-01094.pdf\" target=\"_blank\" rel=\"noopener noreferrer\">Versi\u00f3n Asturianu. BOPA 05-02-2020<\/a>\u00a0(pdf)<\/span><br \/>\n<span style=\"font-size: 14pt\">\u00a0<\/span><\/li>\n<li><span style=\"font-size: 14pt\"><a href=\"https:\/\/sede.asturias.es\/Asturias\/SERVICIOS\/201900078_solicitud_20.pdf\" target=\"_blank\" rel=\"noopener noreferrer\">Formulario de inscripci\u00f3n<\/a>\u00a0(pdf editable)<\/span><\/li>\n<li><span style=\"font-size: 14pt\"><a href=\"https:\/\/sede.asturias.es\/Asturias\/SERVICIOS\/201900078_solicitud_adaptacion_9.pdf\" target=\"_blank\" rel=\"noopener noreferrer\">Solicitud de adaptaci\u00f3n<\/a>\u00a0(pdf editable)\u00a0<\/span><\/li>\n<\/ul>\n<div class=\"articulo-block-content\">\n<p><span style=\"font-size: 14pt\"><strong>Resoluci\u00f3n de 1 de junio de 2020,<\/strong> de primera modificaci\u00f3n de la Resoluci\u00f3n de 3 de febrero de 2020 de la Consejer\u00eda de Educaci\u00f3n, por la que se convoca la prueba de certificaci\u00f3n del nivel competencial Intermedio B2 de lengua asturiana del a\u00f1o 2020 en el Principado de Asturias.<\/span><\/p>\n<ul>\n<li><span style=\"font-size: 14pt\"><a href=\"https:\/\/sede.asturias.es\/bopa\/2020\/06\/17\/2020-04324.pdf\" target=\"_blank\" rel=\"noopener noreferrer\">Modificaci\u00f3n de convocatoria. BOPA 17-06-2020<\/a>\u00a0(pdf)<\/span><\/li>\n<\/ul>\n<div class=\"articulo-block-content\">\n<p><span style=\"font-size: 14pt\"><strong>El d\u00eda 1 de junio de 2020 se reanudar\u00e1n los plazos administrativos <\/strong>previstos para la prueba de B2 de Lengua Asturiana que quedaron suspendidos a los dos d\u00edas de haberse abierto el plazo de pago de precio p\u00fablico. <strong>El nuevo plazo de pago para completar este proceso ser\u00e1 del 1 al 10 de junio de 2020, ambos incluidos. <\/strong>Se informar\u00e1 a trav\u00e9s del portal educativo Educastur de los listados definitivos de personas inscritas, as\u00ed como de las nuevas fechas de aplicaci\u00f3n de la prueba previstas para el \u00faltimo trimestre de este a\u00f1o.<\/span><\/p>\n<div class=\"portlet-msg-alert\"><span style=\"font-size: 14pt\"><strong>IMPORTANTE.\u00a0 Debido a la situaci\u00f3n de excepci\u00f3n actual no ser\u00e1 necesario acudir personalmente al centro de inscripci\u00f3n a entregar el resguardo de pago de precio p\u00fablico.<br \/>\nBastar\u00e1 con enviarlo por correo postal o escaneado por correo electr\u00f3nico al centro correspondiente. De esta manera se evitar\u00e1n desplazamientos innecesarios.<\/strong>Las personas que no puedan realizarlo por estos medios seguir\u00e1n pudiendo hacerlo de manera presencial avisando antes de su asistencia. El env\u00edo\/presentaci\u00f3n del mencionado justificante de pago ser\u00e1 requisito imprescindible para poder participar en la prueba. Los correos electr\u00f3nicos de los centros de inscripci\u00f3n son:<\/span><span style=\"font-size: 14pt\">IES Aramo de Oviedo: <a href=\"mailto:aramo@educastur.org\">aramo@educastur.org<\/a><\/span><br \/>\n<span style=\"font-size: 14pt\">IES Carre\u00f1o Miranda de Avil\u00e9s: <a href=\"mailto:carrenom@educastur.org\">carrenom@educastur.org<\/a><\/span><br \/>\n<span style=\"font-size: 14pt\">IES Calder\u00f3n de la Barca de Gij\u00f3n: <a href=\"mailto:calderon@educastur.org\">calderon@educastur.org<\/a><\/span><br \/>\n<span style=\"font-size: 14pt\">IES Bernaldo de Quir\u00f3s de Mieres:<a href=\"mailto:bernaldo@educastur.org\"><strong>bernaldo@educastur.org<\/strong><\/a><\/span><\/p>\n<ul>\n<li><em><span style=\"font-size: 14pt\"><a href=\"https:\/\/www.educastur.es\/documents\/10531\/5647068\/2020-08-est-ast-guia-aspirante-cert-B2-CAST.pdf\/d6828972-86d6-4233-b651-32a9744d30bf\" target=\"_blank\" rel=\"noopener noreferrer\">Gu\u00eda para aspirantes B2 de Lengua asturiana 2020<\/a> (pdf) <strong>Versi\u00f3n en espa\u00f1ol<\/strong><\/span><\/em><\/li>\n<li><em><span style=\"font-size: 14pt\"><a href=\"https:\/\/www.educastur.es\/documents\/10531\/5647068\/2020-08-est-ast-guia-aspirante-cert-B2-AST.pdf\/e42f23ca-0b9c-4074-838e-fb7aab5f6379\" target=\"_blank\" rel=\"noopener noreferrer\">Gu\u00eda p\u2019aspirantes B2 de Llingua asturiana 2020<\/a> (pdf) <strong>Versi\u00f3n en asturiano<\/strong><\/span><\/em><\/li>\n<\/ul>\n<\/div>\n<p>&nbsp;<\/p>\n<\/div>\n<p>&nbsp;<\/p>\n\n<!-- iframe plugin v.6.0 wordpress.org\/plugins\/iframe\/ -->\n<iframe loading=\"lazy\" src=\"https:\/\/drive.google.com\/file\/d\/1XxUMY677YOEDaC-2CTb565tznb5A8N3a\/preview\" width=\"704\" height=\"999\" 0=\"\/iframe\" scrolling=\"yes\" class=\"iframe-class\" frameborder=\"0\"><\/iframe>\n\n<\/div>\n<\/div>\n","protected":false},"excerpt":{"rendered":"<p>2021 Fonte noticia: ASTURIES.COM Van contar con 300 places ca\u00fan Les pruebes de certificaci\u00f3n de Llingua Asturiana adaptaes al Marcu Com\u00fan Europ\u00e9u de Referencia pa les Lling\u00fces pa esti 2021, de nivel avanz\u00e1u y intermediu, van tener llugar a partir del s\u00e1badu 9 d&#8217;ochobre, fecha de celebraci\u00f3n del bloque escritu nun llugar entov\u00eda por confirmar. [&hellip;]<\/p>\n","protected":false},"author":117,"featured_media":0,"parent":0,"menu_order":0,"comment_status":"closed","ping_status":"closed","template":"","meta":{"footnotes":""},"class_list":["post-145","page","type-page","status-publish","hentry","post-preview"],"_links":{"self":[{"href":"https:\/\/edublog.educastur.es\/llingua\/wp-json\/wp\/v2\/pages\/145","targetHints":{"allow":["GET"]}}],"collection":[{"href":"https:\/\/edublog.educastur.es\/llingua\/wp-json\/wp\/v2\/pages"}],"about":[{"href":"https:\/\/edublog.educastur.es\/llingua\/wp-json\/wp\/v2\/types\/page"}],"author":[{"embeddable":true,"href":"https:\/\/edublog.educastur.es\/llingua\/wp-json\/wp\/v2\/users\/117"}],"replies":[{"embeddable":true,"href":"https:\/\/edublog.educastur.es\/llingua\/wp-json\/wp\/v2\/comments?post=145"}],"version-history":[{"count":7,"href":"https:\/\/edublog.educastur.es\/llingua\/wp-json\/wp\/v2\/pages\/145\/revisions"}],"predecessor-version":[{"id":507,"href":"https:\/\/edublog.educastur.es\/llingua\/wp-json\/wp\/v2\/pages\/145\/revisions\/507"}],"wp:attachment":[{"href":"https:\/\/edublog.educastur.es\/llingua\/wp-json\/wp\/v2\/media?parent=145"}],"curies":[{"name":"wp","href":"https:\/\/api.w.org\/{rel}","templated":true}]}}