{"id":163,"date":"2020-07-18T07:38:20","date_gmt":"2020-07-18T07:38:20","guid":{"rendered":"https:\/\/edublog.educastur.es\/llingua\/?page_id=163"},"modified":"2020-07-18T07:38:20","modified_gmt":"2020-07-18T07:38:20","slug":"sociollinguistica","status":"publish","type":"page","link":"https:\/\/edublog.educastur.es\/llingua\/sociollinguistica\/","title":{"rendered":"Sociolling\u00fc\u00edstica"},"content":{"rendered":"<p>&nbsp;<\/p>\n<ul>\n<li><em><span style=\"font-size: 14pt\"><a href=\"https:\/\/asturies.com\/espaciuytiempu\/sociollinguistica\">Sociolling\u00fc\u00edstica<\/a><\/span><\/em><\/li>\n<li class=\"sangria\"><em><span style=\"font-size: 14pt\"><a href=\"https:\/\/asturies.com\/espaciuytiempu\/sociollinguistica#identidallinguistica\">Identid\u00e1 Lling\u00fc\u00edstica<\/a><\/span><\/em><\/li>\n<li class=\"sangria\"><em><span style=\"font-size: 14pt\"><a href=\"https:\/\/asturies.com\/espaciuytiempu\/sociollinguistica#espaciusocial\">L&#8217;espaciu social de la llingua asturiana<\/a><\/span><\/em><\/li>\n<li class=\"sangria\"><em><span style=\"font-size: 14pt\"><a href=\"https:\/\/asturies.com\/espaciuytiempu\/sociollinguistica#usosyvezos\">Usos y vezos lling\u00fc\u00edsticos<\/a><\/span><\/em><\/li>\n<li class=\"sangria\"><em><span style=\"font-size: 14pt\"><a href=\"https:\/\/asturies.com\/espaciuytiempu\/sociollinguistica#actituesydemandes\">Actit\u00faes y demandes lling\u00fc\u00edstiques<\/a><\/span><\/em><\/li>\n<li class=\"sangria\"><em><span style=\"font-size: 14pt\"><a href=\"https:\/\/asturies.com\/espaciuytiempu\/sociollinguistica#sociollinguisticalleon\">Sociolling\u00fc\u00edstica en Lle\u00f3n<\/a><\/span><\/em><\/li>\n<li class=\"sangria\"><em><span style=\"font-size: 14pt\"><a href=\"https:\/\/asturies.com\/espaciuytiempu\/sociollinguistica#sociollinguisticazamora\">Sociolling\u00fc\u00edstica nel occidente de Zamora<\/a><\/span><\/em><\/li>\n<li class=\"sangria\"><a href=\"https:\/\/asturies.com\/espaciuytiempu\/sociollinguistica#estudiuescolarizacion\"><em><span style=\"font-size: 14pt\">Estudiu sobre&#8217;l valir escolarizaci\u00f3n en L. A.<\/span><\/em><\/a><\/li>\n<\/ul>\n<p>&nbsp;<\/p>\n","protected":false},"excerpt":{"rendered":"<p>&nbsp; Sociolling\u00fc\u00edstica Identid\u00e1 Lling\u00fc\u00edstica L&#8217;espaciu social de la llingua asturiana Usos y vezos lling\u00fc\u00edsticos Actit\u00faes y demandes lling\u00fc\u00edstiques Sociolling\u00fc\u00edstica en Lle\u00f3n Sociolling\u00fc\u00edstica nel occidente de Zamora Estudiu sobre&#8217;l valir escolarizaci\u00f3n en L. A. &nbsp;<\/p>\n","protected":false},"author":117,"featured_media":0,"parent":0,"menu_order":0,"comment_status":"closed","ping_status":"closed","template":"","meta":{"footnotes":""},"class_list":["post-163","page","type-page","status-publish","hentry","post-preview"],"_links":{"self":[{"href":"https:\/\/edublog.educastur.es\/llingua\/wp-json\/wp\/v2\/pages\/163","targetHints":{"allow":["GET"]}}],"collection":[{"href":"https:\/\/edublog.educastur.es\/llingua\/wp-json\/wp\/v2\/pages"}],"about":[{"href":"https:\/\/edublog.educastur.es\/llingua\/wp-json\/wp\/v2\/types\/page"}],"author":[{"embeddable":true,"href":"https:\/\/edublog.educastur.es\/llingua\/wp-json\/wp\/v2\/users\/117"}],"replies":[{"embeddable":true,"href":"https:\/\/edublog.educastur.es\/llingua\/wp-json\/wp\/v2\/comments?post=163"}],"version-history":[{"count":1,"href":"https:\/\/edublog.educastur.es\/llingua\/wp-json\/wp\/v2\/pages\/163\/revisions"}],"predecessor-version":[{"id":164,"href":"https:\/\/edublog.educastur.es\/llingua\/wp-json\/wp\/v2\/pages\/163\/revisions\/164"}],"wp:attachment":[{"href":"https:\/\/edublog.educastur.es\/llingua\/wp-json\/wp\/v2\/media?parent=163"}],"curies":[{"name":"wp","href":"https:\/\/api.w.org\/{rel}","templated":true}]}}

Sociollingüística

<p>&nbsp;</p>
<ul>
<li><em><span style="font-size: 14pt"><a href="https://asturies.com/espaciuytiempu/sociollinguistica">Sociollingüística</a></span></em></li>
<li class="sangria"><em><span style="font-size: 14pt"><a href="https://asturies.com/espaciuytiempu/sociollinguistica#identidallinguistica">Identidá Llingüística</a></span></em></li>
<li class="sangria"><em><span style="font-size: 14pt"><a href="https://asturies.com/espaciuytiempu/sociollinguistica#espaciusocial">L&#8217;espaciu social de la llingua asturiana</a></span></em></li>
<li class="sangria"><em><span style="font-size: 14pt"><a href="https://asturies.com/espaciuytiempu/sociollinguistica#usosyvezos">Usos y vezos llingüísticos</a></span></em></li>
<li class="sangria"><em><span style="font-size: 14pt"><a href="https://asturies.com/espaciuytiempu/sociollinguistica#actituesydemandes">Actitúes y demandes llingüístiques</a></span></em></li>
<li class="sangria"><em><span style="font-size: 14pt"><a href="https://asturies.com/espaciuytiempu/sociollinguistica#sociollinguisticalleon">Sociollingüística en Lleón</a></span></em></li>
<li class="sangria"><em><span style="font-size: 14pt"><a href="https://asturies.com/espaciuytiempu/sociollinguistica#sociollinguisticazamora">Sociollingüística nel occidente de Zamora</a></span></em></li>
<li class="sangria"><a href="https://asturies.com/espaciuytiempu/sociollinguistica#estudiuescolarizacion"><em><span style="font-size: 14pt">Estudiu sobre&#8217;l valir escolarización en L. A.</span></em></a></li>
</ul>
<p>&nbsp;</p>

<p>&nbsp; Sociollingüística Identidá Llingüística L&#8217;espaciu social de la llingua asturiana Usos y vezos llingüísticos Actitúes y demandes llingüístiques Sociollingüística en Lleón Sociollingüística nel occidente de Zamora Estudiu sobre&#8217;l valir escolarización en L. A. &nbsp;</p>
