{"id":23,"date":"2020-07-06T13:01:55","date_gmt":"2020-07-06T13:01:55","guid":{"rendered":"https:\/\/edublog.educastur.es\/llingua\/?page_id=23"},"modified":"2020-09-02T22:52:17","modified_gmt":"2020-09-02T20:52:17","slug":"curriculu","status":"publish","type":"page","link":"https:\/\/edublog.educastur.es\/llingua\/curriculu\/","title":{"rendered":"Curr\u00edculu"},"content":{"rendered":"<div class=\"articulo-block-content\">\n<h2 class=\"page-title\"><span style=\"font-family: trebuchet ms, geneva, sans-serif;font-size: 18pt\">Curr\u00edculu Educaci\u00f3n Primaria<span style=\"font-size: 14pt\">: articul\u00e1u y anexu III (Llingua Ast. y Lliteratura). Versi\u00f3n n\u2019asturianu<\/span><\/span><\/h2>\n<p><span style=\"font-family: trebuchet ms, geneva, sans-serif\"><a href=\"https:\/\/www.educastur.es\/documents\/10531\/126303\/Curriculo_Primaria_Llingua_ast.pdf\/9bed20a3-bd1e-4f0e-8b5d-63c794a0b167\"><img decoding=\"async\" src=\"https:\/\/www.educastur.es\/documents\/10531\/126307\/2018_01_Bannerok-curriculum_asturianu_PRIMARIA.png\/b0c82116-1e09-4da6-aad0-4bbba0ea2d74?t=1515488394257\" alt=\"Banner curriculo\" \/><\/a><\/span><\/p>\n<p><span style=\"font-family: trebuchet ms, geneva, sans-serif;font-size: 14pt\"><strong>Articul\u00e1u y Anexu III (Llingua Asturiana y Lliteratura)<\/strong> del Decretu\u00a0 Decretu 82\/2014, de 28 d\u2019agostu, pol que se regula la ordenaci\u00f3n y s\u2019establez el curr\u00edculu de la Educaci\u00f3n Primaria nel Princip\u00e1u d\u2019Asturies.<\/span><\/p>\n<ul>\n<li><span style=\"font-family: trebuchet ms, geneva, sans-serif;font-size: 14pt\"><a href=\"https:\/\/www.educastur.es\/documents\/10531\/126303\/Curr%C3%ADculu+Llingua+Ast-Lliteratura+Primaria.doc\/793be1d3-64f8-4c4c-a8f2-fa69ae241b9e\" target=\"_blank\" rel=\"noopener noreferrer\">Consultar curr\u00edculu d\u2019Educaci\u00f3n Primaria n\u2019asturianu<\/a> (doc editable &#8211; 494 Kb)<\/span><\/li>\n<\/ul>\n<p><span style=\"font-family: trebuchet ms, geneva, sans-serif;font-size: 14pt\"><strong>Publicaci\u00f3n na colecci\u00f3n Curr\u00edculo<\/strong> (Editada pola Conseyer\u00eda d\u2019Educaci\u00f3n y Cultura)<\/span><\/p>\n<p><span style=\"font-family: trebuchet ms, geneva, sans-serif;font-size: 14pt\">Articul\u00e1u del Decretu\u00a0 Decretu 82\/2014, de 28 d\u2019agostu, pol que se regula la ordenaci\u00f3n y s\u2019establez el curr\u00edculu de la Educaci\u00f3n Primaria nel Princip\u00e1u d\u2019Asturies y Curr\u00edculu de Llingua Asturiana y Lliteratura na Educaci\u00f3n Primaria y rellaciones ente los sos elementos.<\/span><\/p>\n<ul>\n<li><span style=\"font-family: trebuchet ms, geneva, sans-serif;font-size: 14pt\"><a href=\"https:\/\/www.educastur.es\/documents\/10531\/126303\/Curriculo_Primaria_Llingua_ast.pdf\/9bed20a3-bd1e-4f0e-8b5d-63c794a0b167\" target=\"_blank\" rel=\"noopener noreferrer\">Acceder a la publicaci\u00f3n<\/a> (llibru en pdf -375 Kb)<\/span><\/li>\n<\/ul>\n<\/div>\n\n<!-- iframe plugin v.6.0 wordpress.org\/plugins\/iframe\/ -->\n<iframe loading=\"lazy\" src=\"https:\/\/drive.google.com\/file\/d\/1UIwkmbvOa6_bF9IqZToc4YF4dxaoAUNd\/preview\" width=\"704\" height=\"1000\" 0=\"\/iframe\" scrolling=\"yes\" class=\"iframe-class\" frameborder=\"0\"><\/iframe>\n\n<p>&nbsp;<\/p>\n<p>&nbsp;<\/p>\n<h2 class=\"page-title\"><\/h2>\n","protected":false},"excerpt":{"rendered":"<p>Curr\u00edculu Educaci\u00f3n Primaria: articul\u00e1u y anexu III (Llingua Ast. y Lliteratura). Versi\u00f3n n\u2019asturianu Articul\u00e1u y Anexu III (Llingua Asturiana y Lliteratura) del Decretu\u00a0 Decretu 82\/2014, de 28 d\u2019agostu, pol que se regula la ordenaci\u00f3n y s\u2019establez el curr\u00edculu de la Educaci\u00f3n Primaria nel Princip\u00e1u d\u2019Asturies. Consultar curr\u00edculu d\u2019Educaci\u00f3n Primaria n\u2019asturianu (doc editable &#8211; 494 Kb) [&hellip;]<\/p>\n","protected":false},"author":117,"featured_media":0,"parent":0,"menu_order":0,"comment_status":"closed","ping_status":"closed","template":"","meta":{"footnotes":""},"class_list":["post-23","page","type-page","status-publish","hentry","post-preview"],"_links":{"self":[{"href":"https:\/\/edublog.educastur.es\/llingua\/wp-json\/wp\/v2\/pages\/23","targetHints":{"allow":["GET"]}}],"collection":[{"href":"https:\/\/edublog.educastur.es\/llingua\/wp-json\/wp\/v2\/pages"}],"about":[{"href":"https:\/\/edublog.educastur.es\/llingua\/wp-json\/wp\/v2\/types\/page"}],"author":[{"embeddable":true,"href":"https:\/\/edublog.educastur.es\/llingua\/wp-json\/wp\/v2\/users\/117"}],"replies":[{"embeddable":true,"href":"https:\/\/edublog.educastur.es\/llingua\/wp-json\/wp\/v2\/comments?post=23"}],"version-history":[{"count":8,"href":"https:\/\/edublog.educastur.es\/llingua\/wp-json\/wp\/v2\/pages\/23\/revisions"}],"predecessor-version":[{"id":377,"href":"https:\/\/edublog.educastur.es\/llingua\/wp-json\/wp\/v2\/pages\/23\/revisions\/377"}],"wp:attachment":[{"href":"https:\/\/edublog.educastur.es\/llingua\/wp-json\/wp\/v2\/media?parent=23"}],"curies":[{"name":"wp","href":"https:\/\/api.w.org\/{rel}","templated":true}]}}

Currículu

<div class="articulo-block-content">
<h2 class="page-title"><span style="font-family: trebuchet ms, geneva, sans-serif;font-size: 18pt">Currículu Educación Primaria<span style="font-size: 14pt">: articuláu y anexu III (Llingua Ast. y Lliteratura). Versión n’asturianu</span></span></h2>
<p><span style="font-family: trebuchet ms, geneva, sans-serif"><a href="https://www.educastur.es/documents/10531/126303/Curriculo_Primaria_Llingua_ast.pdf/9bed20a3-bd1e-4f0e-8b5d-63c794a0b167"><img decoding="async" src="https://www.educastur.es/documents/10531/126307/2018_01_Bannerok-curriculum_asturianu_PRIMARIA.png/b0c82116-1e09-4da6-aad0-4bbba0ea2d74?t=1515488394257" alt="Banner curriculo" /></a></span></p>
<p><span style="font-family: trebuchet ms, geneva, sans-serif;font-size: 14pt"><strong>Articuláu y Anexu III (Llingua Asturiana y Lliteratura)</strong> del Decretu  Decretu 82/2014, de 28 d’agostu, pol que se regula la ordenación y s’establez el currículu de la Educación Primaria nel Principáu d’Asturies.</span></p>
<ul>
<li><span style="font-family: trebuchet ms, geneva, sans-serif;font-size: 14pt"><a href="https://www.educastur.es/documents/10531/126303/Curr%C3%ADculu+Llingua+Ast-Lliteratura+Primaria.doc/793be1d3-64f8-4c4c-a8f2-fa69ae241b9e" target="_blank" rel="noopener noreferrer">Consultar currículu d’Educación Primaria n’asturianu</a> (doc editable &#8211; 494 Kb)</span></li>
</ul>
<p><span style="font-family: trebuchet ms, geneva, sans-serif;font-size: 14pt"><strong>Publicación na colección Currículo</strong> (Editada pola Conseyería d’Educación y Cultura)</span></p>
<p><span style="font-family: trebuchet ms, geneva, sans-serif;font-size: 14pt">Articuláu del Decretu  Decretu 82/2014, de 28 d’agostu, pol que se regula la ordenación y s’establez el currículu de la Educación Primaria nel Principáu d’Asturies y Currículu de Llingua Asturiana y Lliteratura na Educación Primaria y rellaciones ente los sos elementos.</span></p>
<ul>
<li><span style="font-family: trebuchet ms, geneva, sans-serif;font-size: 14pt"><a href="https://www.educastur.es/documents/10531/126303/Curriculo_Primaria_Llingua_ast.pdf/9bed20a3-bd1e-4f0e-8b5d-63c794a0b167" target="_blank" rel="noopener noreferrer">Acceder a la publicación</a> (llibru en pdf -375 Kb)</span></li>
</ul>
</div>

<!-- iframe plugin v.6.0 wordpress.org/plugins/iframe/ -->
<iframe loading="lazy" src="https://drive.google.com/file/d/1UIwkmbvOa6_bF9IqZToc4YF4dxaoAUNd/preview" width="704" height="1000" 0="/iframe" scrolling="yes" class="iframe-class" frameborder="0"></iframe>

<p>&nbsp;</p>
<p>&nbsp;</p>
<h2 class="page-title"></h2>

<p>Currículu Educación Primaria: articuláu y anexu III (Llingua Ast. y Lliteratura). Versión n’asturianu Articuláu y Anexu III (Llingua Asturiana y Lliteratura) del Decretu  Decretu 82/2014, de 28 d’agostu, pol que se regula la ordenación y s’establez el currículu de la Educación Primaria nel Principáu d’Asturies. Consultar currículu d’Educación Primaria n’asturianu (doc editable &#8211; 494 Kb) [&hellip;]</p>
