{"id":29,"date":"2020-07-06T13:06:56","date_gmt":"2020-07-06T13:06:56","guid":{"rendered":"https:\/\/edublog.educastur.es\/llingua\/?page_id=29"},"modified":"2020-07-08T12:49:31","modified_gmt":"2020-07-08T12:49:31","slug":"llexislacion","status":"publish","type":"page","link":"https:\/\/edublog.educastur.es\/llingua\/llexislacion\/","title":{"rendered":"Llexislaci\u00f3n"},"content":{"rendered":"<p><img loading=\"lazy\" decoding=\"async\" src=\"https:\/\/imgbox.es\/images\/2020\/04\/10\/LLEXISLACIONd33a71162782d158.jpg\" width=\"278\" height=\"80\" \/><\/p>\n<ul>\n<li><a href=\"https:\/\/www.educastur.es\/legislacion-educativa\" target=\"_blank\" rel=\"noopener noreferrer\"><span style=\"color: #0000ff\"><b><i><span style=\"font-size: 14pt\">P\u00e1xina d\u00b4Educastur de Lexislaci\u00f3n E. <\/span><\/i><\/b><\/span><\/a><\/li>\n<li><span style=\"font-size: 14pt\"><a href=\"https:\/\/www.educastur.es\/legislacion-educativa?p_p_id=legislacioneducativa_WAR_educasturconsultasportlet&amp;p_p_lifecycle=0&amp;p_p_state=normal&amp;p_p_mode=view&amp;p_p_col_id=column-1&amp;p_p_col_pos=2&amp;p_p_col_count=3&amp;_legislacioneducativa_WAR_educasturconsultasportlet_mvcPath=%2Fhtml%2Flegislacioneducativa%2Findice.jsp\" target=\"_blank\" rel=\"noopener noreferrer\">\u00cdndiz tem\u00e1ticu de Lexislaci\u00f3n<br \/>\n<\/a><\/span><\/li>\n<li><span style=\"font-size: 14pt\"><a href=\"https:\/\/www.educastur.es\/legislacion-educativa?p_p_id=legislacioneducativa_WAR_educasturconsultasportlet&amp;p_p_lifecycle=0&amp;p_p_state=normal&amp;p_p_mode=view&amp;p_p_col_id=column-1&amp;p_p_col_pos=2&amp;p_p_col_count=3&amp;_legislacioneducativa_WAR_educasturconsultasportlet_mvcPath=%2Fhtml%2Flegislacioneducativa%2Fresultadobusquedaindice.jsp&amp;_legislacioneducativa_WAR_educasturconsultasportlet_cat_id=61&amp;_legislacioneducativa_WAR_educasturconsultasportlet_cat_name=Bable%2FAsturiano\" target=\"_blank\" rel=\"noopener noreferrer\"><b><i>Lexislaci\u00f3n n\u00b4Asturies d\u00b4Asturiano<\/i><\/b><\/a><\/span><\/li>\n<li><span style=\"font-size: 14pt\"><a href=\"https:\/\/www.educastur.es\/legislacion-educativa?p_p_id=legislacioneducativa_WAR_educasturconsultasportlet&amp;p_p_lifecycle=0&amp;p_p_state=normal&amp;p_p_mode=view&amp;p_p_col_id=column-1&amp;p_p_col_pos=2&amp;p_p_col_count=3&amp;_legislacioneducativa_WAR_educasturconsultasportlet_mvcPath=%2Fhtml%2Flegislacioneducativa%2Fdestallelegislacion.jsp&amp;_legislacioneducativa_WAR_educasturconsultasportlet_cat_id=61&amp;_legislacioneducativa_WAR_educasturconsultasportlet_lex_id=3183\">Resoluci\u00f3n de 3 de febrero de 2020, de la Consejer\u00eda<br \/>\nde Educaci\u00f3n, por la que se convoca la prueba de<br \/>\ncertificaci\u00f3n del nivel competencial Intermedio B2<br \/>\nde lengua asturiana del a\u00f1o 2020 en el P. de Asturias.<br \/>\n<\/a> (05\/02\/20)<\/span><\/li>\n<\/ul>\n<ul>\n<li><span style=\"font-size: 14pt\"><a href=\"https:\/\/www.educastur.es\/legislacion-educativa?p_p_id=legislacioneducativa_WAR_educasturconsultasportlet&amp;p_p_lifecycle=0&amp;p_p_state=normal&amp;p_p_mode=view&amp;p_p_col_id=column-1&amp;p_p_col_pos=2&amp;p_p_col_count=3&amp;_legislacioneducativa_WAR_educasturconsultasportlet_mvcPath=%2Fhtml%2Flegislacioneducativa%2Fdestallelegislacion.jsp&amp;_legislacioneducativa_WAR_educasturconsultasportlet_cat_id=61&amp;_legislacioneducativa_WAR_educasturconsultasportlet_lex_id=3158\"> Decreto 47\/2019, de 21 de junio, por el que se establecen<br \/>\nlos niveles de competencia en el uso de la lengua asturiana<br \/>\ny se regula la prueba de certificaci\u00f3n correspondiente<br \/>\na dichos niveles adaptados al Marco Com\u00fan Europeo<br \/>\nde Referencia de las Lenguas. <\/a> (01\/07\/19)<\/span><\/li>\n<li><span style=\"font-size: 14pt\"><a href=\"https:\/\/www.educastur.es\/legislacion-educativa?p_p_id=legislacioneducativa_WAR_educasturconsultasportlet&amp;p_p_lifecycle=0&amp;p_p_state=normal&amp;p_p_mode=view&amp;p_p_col_id=column-1&amp;p_p_col_pos=2&amp;p_p_col_count=3&amp;_legislacioneducativa_WAR_educasturconsultasportlet_mvcPath=%2Fhtml%2Flegislacioneducativa%2Fdestallelegislacion.jsp&amp;_legislacioneducativa_WAR_educasturconsultasportlet_cat_id=61&amp;_legislacioneducativa_WAR_educasturconsultasportlet_lex_id=145\"> Resoluci\u00f3n de 26 de abril de 2001, por la que<br \/>\nse establecen los requisitos para la inscripci\u00f3n<br \/>\nen el Registro General de Capacitaci\u00f3n y<br \/>\nla obtenci\u00f3n de la correspondiente certificaci\u00f3n<br \/>\nde capacitaci\u00f3n en bable\/asturiano y<br \/>\nen gallego-asturiano. <\/a> (04\/05\/01)<\/span><\/li>\n<li><span style=\"font-size: 14pt\"><a href=\"https:\/\/www.educastur.es\/legislacion-educativa?p_p_id=legislacioneducativa_WAR_educasturconsultasportlet&amp;p_p_lifecycle=0&amp;p_p_state=normal&amp;p_p_mode=view&amp;p_p_col_id=column-1&amp;p_p_col_pos=2&amp;p_p_col_count=3&amp;_legislacioneducativa_WAR_educasturconsultasportlet_mvcPath=%2Fhtml%2Flegislacioneducativa%2Fdestallelegislacion.jsp&amp;_legislacioneducativa_WAR_educasturconsultasportlet_cat_id=61&amp;_legislacioneducativa_WAR_educasturconsultasportlet_lex_id=135\"> Decreto 39\/2001 de 5 de abril por el que se regula<br \/>\nel Registro General de Capacitaci\u00f3n<br \/>\nen bable\/asturiano y en gallego\/asturiano. <\/a> (18\/04\/01)<\/span><\/li>\n<li><span style=\"font-size: 14pt\"><a href=\"https:\/\/www.educastur.es\/legislacion-educativa?p_p_id=legislacioneducativa_WAR_educasturconsultasportlet&amp;p_p_lifecycle=0&amp;p_p_state=normal&amp;p_p_mode=view&amp;p_p_col_id=column-1&amp;p_p_col_pos=2&amp;p_p_col_count=3&amp;_legislacioneducativa_WAR_educasturconsultasportlet_mvcPath=%2Fhtml%2Flegislacioneducativa%2Fdestallelegislacion.jsp&amp;_legislacioneducativa_WAR_educasturconsultasportlet_cat_id=61&amp;_legislacioneducativa_WAR_educasturconsultasportlet_lex_id=327\"> Ley 1\/1998, de 23 de marzo, de uso y promoci\u00f3n<br \/>\ndel Bable\/Asturiano <\/a> (28\/03\/98)<\/span><\/li>\n<li><span style=\"font-size: 14pt\"><a href=\"https:\/\/www.educastur.es\/legislacion-educativa?p_p_id=legislacioneducativa_WAR_educasturconsultasportlet&amp;p_p_lifecycle=0&amp;p_p_state=normal&amp;p_p_mode=view&amp;p_p_col_id=column-1&amp;p_p_col_pos=2&amp;p_p_col_count=3&amp;_legislacioneducativa_WAR_educasturconsultasportlet_mvcPath=%2Fhtml%2Flegislacioneducativa%2Fdestallelegislacion.jsp&amp;_legislacioneducativa_WAR_educasturconsultasportlet_cat_id=61&amp;_legislacioneducativa_WAR_educasturconsultasportlet_lex_id=1244\"> Decreto 73\/1994, de 29 de septiembre,<br \/>\npor el que se regula la Comisi\u00f3n Asesora<br \/>\npara la Normalizaci\u00f3n Ling\u00fc\u00edstica <\/a> (09\/11\/94)<\/span><\/li>\n<\/ul>\n<p><span style=\"font-size: 14pt\"><img loading=\"lazy\" decoding=\"async\" src=\"https:\/\/imgbox.es\/images\/2020\/03\/23\/separadora4a37c028d732afc.jpg\" width=\"484\" height=\"37\" \/><\/span><\/p>\n<ul>\n<li><span style=\"font-size: 14pt\"><a title=\"Ir a Documentos Europa\" href=\"https:\/\/llingua.gijon.es\/page\/4651-documentos-europa\">Documentos Europa<\/a><\/span><\/li>\n<li><span style=\"font-size: 14pt\"><a title=\"Ir a Documentos Asturies\" href=\"https:\/\/llingua.gijon.es\/page\/4652-documentos-asturies\">Documentos Asturies<\/a><\/span><\/li>\n<\/ul>\n<ul>\n<li><span style=\"font-size: 14pt\"><a title=\"Ir a Curricula de l'Asignatura: Llingua Asturiana\" href=\"https:\/\/llingua.gijon.es\/page\/4653-curricula-de-l-asignatura-llingua-asturiana\">Curr\u00edculu de l&#8217; Asignatura: Llingua Asturiana <\/a><\/span><\/li>\n<li><span style=\"font-size: 14pt\"><a href=\"https:\/\/www.educastur.es\/consejeria\/normativa\/ley-educativa\" target=\"_blank\" rel=\"noopener noreferrer\"><b><i>Marcu normativu\u00a0 n\u00b4Educastur<\/i><\/b><\/a><\/span><\/li>\n<\/ul>\n<p><span style=\"font-size: 14pt\"><a href=\"https:\/\/www.educastur.es\/consejeria\/normativa\/ley-educativa\" target=\"_blank\" rel=\"noopener noreferrer\"><img loading=\"lazy\" decoding=\"async\" src=\"https:\/\/www.educastur.es\/image\/layout_icon?img_id=11608\" width=\"162\" height=\"65\" \/><\/a><\/span><\/p>\n<ul>\n<li><span style=\"font-size: 14pt\"><a href=\"https:\/\/www.educastur.es\/-\/curriculo-basico-de-educacion-primaria\">Curr\u00edculo b\u00e1sico de Educaci\u00f3n Primaria\u00a0\u00a0<\/a><\/span><\/li>\n<li><span style=\"font-size: 14pt\"><a href=\"https:\/\/www.educastur.es\/-\/relacion-competencias-contenidos-y-criterios-de-evaluacion-primaria-eso-y-bachillerato\">Relaci\u00f3n competencias, contenidos y criterios<br \/>\nde evaluaci\u00f3n. Primaria, ESO y Bachillerato <\/a><\/span><\/li>\n<li><span style=\"font-size: 14pt\"><a href=\"http:\/\/www.boe.es\/boe\/dias\/2015\/01\/29\/pdfs\/BOE-A-2015-738.pdf\">Consultar Orden<\/a> (BOE de 29 de enero de 2015)<\/span><\/li>\n<li><span style=\"font-size: 14pt\"><img loading=\"lazy\" decoding=\"async\" src=\"https:\/\/www.educastur.es\/image\/journal\/article?img_id=2581430&amp;t=1515490656547\" width=\"300\" height=\"96\" \/>\u00a0<\/span><\/li>\n<li><span style=\"font-size: 14pt\"><b>Articul\u00e1u y Anexu III (Llingua Asturiana<br \/>\ny Lliteratura)<\/b> del Decretu\u00a0 Decretu 82\/2014,<\/span><br \/>\n<span style=\"font-size: 14pt\">de 28 d\u2019agostu, pol que se regula la ordenaci\u00f3n<\/span><br \/>\n<span style=\"font-size: 14pt\">y s\u2019establez el curr\u00edculu de la E. Primaria<\/span><br \/>\n<span style=\"font-size: 14pt\">nel Princip\u00e1u d\u2019Asturies.<\/span><\/p>\n<ul>\n<li><span style=\"font-size: 14pt\"><a href=\"https:\/\/www.educastur.es\/documents\/10531\/126303\/Curr%C3%ADculu+Llingua+Ast-Lliteratura+Primaria.doc\/793be1d3-64f8-4c4c-a8f2-fa69ae241b9e\" target=\"_blank\" rel=\"noopener noreferrer\">Consultar curr\u00edculu d\u2019Educaci\u00f3n<br \/>\nPrimaria n\u2019asturianu<\/a> (doc editable &#8211; 494 Kb)<\/span><\/li>\n<\/ul>\n<p><span style=\"font-size: 14pt\"><b>Publicaci\u00f3n na colecci\u00f3n Curr\u00edculo<br \/>\n<\/b> (Editada pola Conseyer\u00eda d\u2019Educaci\u00f3n y Cultura)<\/span><\/p>\n<p><span style=\"font-size: 14pt\">Articul\u00e1u del Decretu\u00a0 Decretu 82\/2014, de 28 d\u2019agostu,<\/span><br \/>\n<span style=\"font-size: 14pt\">pol que se regula la ordenaci\u00f3n y s\u2019establez el curr\u00edculu<\/span><br \/>\n<span style=\"font-size: 14pt\">de la E. Primaria nel Princip\u00e1u d\u2019Asturies y Curr\u00edculu<\/span><br \/>\n<span style=\"font-size: 14pt\">de Llingua Asturiana y Lliteratura na E. Primaria<\/span><br \/>\n<span style=\"font-size: 14pt\">y rellaciones ente los sos elementos.<\/span><\/p>\n<ul>\n<li><span style=\"font-size: 14pt\"><a href=\"https:\/\/www.educastur.es\/documents\/10531\/126303\/Curriculo_Primaria_Llingua_ast.pdf\/9bed20a3-bd1e-4f0e-8b5d-63c794a0b167\" target=\"_blank\" rel=\"noopener noreferrer\">Acceder a la publicaci\u00f3n<\/a> (llibru en pdf -375 Kb)<\/span><br \/>\n<h2><span style=\"color: #800000;font-size: 14pt\"><img loading=\"lazy\" decoding=\"async\" src=\"https:\/\/imgbox.es\/images\/2020\/03\/23\/separadora4a37c028d732afc.jpg\" width=\"484\" height=\"37\" \/><\/span><\/h2>\n<\/li>\n<li>\n<h2><span style=\"font-size: 14pt\"><span style=\"color: #800000\">E<\/span><span style=\"color: #800000\">valuaci\u00f3n E. Primaria.\u00a0 <\/span><\/span><\/h2>\n<p><span style=\"font-size: 14pt\"><b>Texto consolidado de la Resoluci\u00f3n<br \/>\nde 3 de febrero de 2015,<\/b> de la Consejer\u00eda<\/span><br \/>\n<span style=\"font-size: 14pt\">de Educaci\u00f3n, Cultura y Deporte, por la que<\/span><br \/>\n<span style=\"font-size: 14pt\">se regula la evaluaci\u00f3n del aprendizaje<\/span><br \/>\n<span style=\"font-size: 14pt\">del alumnado de E. Primaria, modificada<\/span><br \/>\n<span style=\"font-size: 14pt\">por la Resoluci\u00f3n de 29 de abril de 2016.<\/span><\/p>\n<ul>\n<li><span style=\"font-size: 14pt\"><a href=\"https:\/\/www.educastur.es\/documents\/10531\/40578\/2019-07_sistema-curriculo-primaria_tecto-consolidado.pdf\/96229c92-4afc-4cc4-b201-ac799a320c01\" target=\"_blank\" rel=\"noopener noreferrer\">Consultar texto<\/a>\u00a0(pdf)<\/span><\/li>\n<\/ul>\n<p><span style=\"font-size: 14pt\"><b>Resoluci\u00f3n de 3 de febrero de 2015<\/b>,<\/span><br \/>\n<span style=\"font-size: 14pt\">de la Consejer\u00eda de Educaci\u00f3n, Cultura y Deporte,<\/span><br \/>\n<span style=\"font-size: 14pt\">por la que se regula la\u00a0evaluaci\u00f3n del aprendizaje<\/span><br \/>\n<span style=\"font-size: 14pt\">del alumnado de Educaci\u00f3n Primaria.<\/span><\/p>\n<ul>\n<li><span style=\"font-size: 14pt\"><a href=\"https:\/\/sede.asturias.es\/bopa\/2015\/02\/10\/2015-02196.pdf\">Consultar resoluci\u00f3n<\/a>\u00a0BOPA de 10 de febrero de 2015 (pdf)<\/span><\/li>\n<\/ul>\n<p><span style=\"font-size: 14pt\"><b>Primera modificaci\u00f3n: 29.04.2016<\/b><\/span><\/p>\n<p><span style=\"font-size: 14pt\"><b>Resoluci\u00f3n de 29 de abril de 2016, de la<br \/>\nConsejer\u00eda de Educaci\u00f3n y Cultura,<\/b> de<\/span><br \/>\n<span style=\"font-size: 14pt\">primera modificaci\u00f3n de la Resoluci\u00f3n de 3<\/span><br \/>\n<span style=\"font-size: 14pt\">de febrero de 2015, de la Consejer\u00eda de Educaci\u00f3n,<\/span><br \/>\n<span style=\"font-size: 14pt\">Cultura y Deporte, por la que se regula la evaluaci\u00f3n<\/span><br \/>\n<span style=\"font-size: 14pt\">del aprendizaje del alumnado de Educaci\u00f3n Primaria.<\/span><\/p>\n<ul>\n<li><span style=\"font-size: 14pt\"><a href=\"https:\/\/sede.asturias.es\/bopa\/2016\/05\/10\/2016-04802.pdf\">Consultar resoluci\u00f3n<\/a> (pdf)<\/span><\/li>\n<\/ul>\n<p><span style=\"font-size: 14pt\"><b>Correcci\u00f3n de error material 8.10.2018<\/b><\/span><\/p>\n<p><span style=\"font-size: 14pt\"><b>Resoluci\u00f3n de 8 de octubre de 2018,<br \/>\n<\/b>de la Consejer\u00eda de Educaci\u00f3n y Cutlura,<\/span><br \/>\n<span style=\"font-size: 14pt\">por la que se rectifica error material en Resoluci\u00f3n<\/span><br \/>\n<span style=\"font-size: 14pt\">de 3 de ferbreo de 2015, de la Consejer\u00eda de Educaci\u00f3n,<\/span><br \/>\n<span style=\"font-size: 14pt\">Cultura y Deporte, por la que se regula la evaluaci\u00f3n<\/span><br \/>\n<span style=\"font-size: 14pt\">del aprendizaje del alumnado de Educaci\u00f3n Primaria.<\/span><\/p>\n<ul>\n<li><span style=\"font-size: 14pt\"><a href=\"https:\/\/sede.asturias.es\/bopa\/2018\/11\/09\/2018-10848.pdf\" target=\"_blank\" rel=\"noopener noreferrer\">Consultar resoluci\u00f3n<\/a> (pdf)<\/span><\/li>\n<\/ul>\n<\/li>\n<\/ul>\n<\/li>\n<li><span style=\"font-size: 14pt\">Curr\u00edculo de E. Primaria en el Principado de Asturias<\/span>\n<p><span style=\"font-size: 14pt\"><img decoding=\"async\" src=\"https:\/\/www.educastur.es\/image\/journal\/article?img_id=124754&amp;t=1435580407432\" alt=\"Imagen de la noticia\" \/><\/span><\/li>\n<\/ul>\n<p><span style=\"font-size: 14pt\"><b>Decreto de Curr\u00edculo de E. Primaria<\/b><\/span><\/p>\n<p><span style=\"font-size: 14pt\">Decreto 82\/2014, de 28 de agosto, por el que<\/span><br \/>\n<span style=\"font-size: 14pt\">se regula la ordenaci\u00f3n y establece el curr\u00edculo<\/span><br \/>\n<span style=\"font-size: 14pt\">de la E. Primaria en el Principado de Asturias.<\/span><\/p>\n<ul>\n<li><span style=\"font-size: 14pt\"><a href=\"https:\/\/www.educastur.es\/documents\/10531\/40578\/2014-08+Decreto+curr%C3%ADculo+Educaci%C3%B3n+Primaria+%28zip%29\/923ed504-d3c7-4fd4-bfb1-6def924bfd5e\">Consultar decreto. BOPA de 30 de agosto de 2014<\/a> [pdf]<\/span><\/li>\n<\/ul>\n<p><span style=\"font-size: 14pt\"><b>Curr\u00edculo E. Primaria y relaci\u00f3n entre<br \/>\ncriterios de evaluaci\u00f3n y est\u00e1ndares<br \/>\nde aprendizaje evaluables<\/b><\/span><\/p>\n<ul>\n<li><span style=\"font-size: 14pt\"><a href=\"https:\/\/www.educastur.es\/documents\/10531\/40578\/2014-08+Publicaci%C3%B3n+curr%C3%ADculo+Educaci%C3%B3n+Primaria+%28pdf%29\/acde98a4-4b20-4c51-a4eb-05fc36fc8e44\">Consultar publicaci\u00f3n<\/a> [pdf]<\/span><\/li>\n<\/ul>\n<h2><span style=\"color: #800000;font-size: 14pt\">Curr\u00edculo b\u00e1sico de E. Primaria<\/span><\/h2>\n<p><span style=\"font-size: 14pt\"><b>Real Decreto 126\/2014<\/b>, de 28 de febrero,<\/span><br \/>\n<span style=\"font-size: 14pt\">por el que se establece el curr\u00edculo\u00a0b\u00e1sico de la E. P.<\/span><\/p>\n<ul>\n<li><span style=\"font-size: 14pt\"><a href=\"http:\/\/www.boe.es\/boe\/dias\/2014\/03\/01\/pdfs\/BOE-A-2014-2222.pdf\">Consultar Real Decreto<\/a> (BOE 1 de marzo de 2014)<\/span><\/li>\n<\/ul>\n<p><span style=\"font-size: 14pt\"><img loading=\"lazy\" decoding=\"async\" src=\"https:\/\/imgbox.es\/images\/2020\/03\/23\/separadora4a37c028d732afc.jpg\" width=\"484\" height=\"37\" \/><\/span><\/p>\n<p><span style=\"color: #800000;font-size: 14pt\"><b><i>LLEI\u00a0 ACTUAL:<\/i><\/b><\/span><\/p>\n<ul>\n<li><span style=\"font-size: 14pt\"><b><i>LOMCE<\/i><\/b><\/span><\/li>\n<li><span style=\"font-size: 14pt\">\u00a0<a href=\"https:\/\/www.google.com\/url?sa=t&amp;rct=j&amp;q=&amp;esrc=s&amp;source=web&amp;cd=1&amp;ved=2ahUKEwiC7_Phjd7oAhUH8BQKHfyIAYEQFjAAegQIBBAB&amp;url=https%3A%2F%2Fwww.boe.es%2Fbuscar%2Fpdf%2F2013%2FBOE-A-2013-12886-consolidado.pdf&amp;usg=AOvVaw3yk7rXgj3scj3z3arX0phK\" target=\"_blank\" rel=\"noopener noreferrer\">(descarga pdf del BOE)<br \/>\n<\/a><\/span><\/li>\n<li><span style=\"font-size: 14pt\">Ye la <u><i>Llei Org\u00e1nica para la Meyora de la Calid\u00e1<\/i><\/u><u><i><br \/>\nEducativa<\/i><\/u>, esta aprob\u00f3se en payares de 2013 pol<\/span><br \/>\n<span style=\"font-size: 14pt\">Congresu de Diputaos. Esta llei modifica la Llei<\/span><br \/>\n<span style=\"font-size: 14pt\">Org\u00e1nica 2\/2006, de 3 de mayu, d&#8217;Educaci\u00f3n.<\/span><\/li>\n<li><span style=\"font-size: 14pt\"><a href=\"https:\/\/preparatusoposiciones.es\/principales-cambios-y-novedades-de-la-lomce\/\" target=\"_blank\" rel=\"noopener noreferrer\">Cambios y novedades.<\/a><\/span><\/li>\n<li><span style=\"font-size: 14pt\"><a href=\"https:\/\/www.google.com\/url?sa=i&amp;url=https%3A%2F%2Fanpegalicia.es%2FopenFile.php%3Flink%3Drevistas%2F13%2Flibro_lomce_t1511874484_13_b.pdf&amp;psig=AOvVaw1SjlntCZBguWYSaP8YntJI&amp;ust=1586616970960000&amp;source=images&amp;cd=vfe&amp;ved=0CA0QjhxqFwoTCID-if2O3ugCFQAAAAAdAAAAABAY\" target=\"_blank\" rel=\"noopener noreferrer\">Ver LOMCE n\u00b4ANPE <\/a><\/span><\/li>\n<\/ul>\n<ul>\n<li><\/li>\n<\/ul>\n<p><span style=\"font-size: 14pt\"><a href=\"https:\/\/preparatusoposiciones.es\/wp-content\/uploads\/cometencias-clave-lomce.png\" target=\"_blank\" rel=\"noopener noreferrer\"><img loading=\"lazy\" decoding=\"async\" src=\"https:\/\/preparatusoposiciones.es\/wp-content\/uploads\/cometencias-clave-lomce.png\" width=\"340\" height=\"217\" \/><\/a><\/span><\/p>\n<p><span style=\"font-size: 14pt\"><img loading=\"lazy\" decoding=\"async\" src=\"https:\/\/imgbox.es\/images\/2020\/03\/23\/separadora4a37c028d732afc.jpg\" width=\"484\" height=\"37\" \/><\/span><\/p>\n<h3><span style=\"color: #800000;font-size: 14pt\"><i><b>LLEI\u00a0 ANTERIOR: LOE<\/b><\/i><\/span><\/h3>\n<ul>\n<li>\n<h4><span style=\"font-size: 14pt\"><i>Ley Org\u00e1nica 2\/2006, de 3 de mayo, de Educaci\u00f3n<\/i><a href=\"https:\/\/www.boe.es\/boe\/dias\/2006\/05\/04\/pdfs\/A17158-17207.pdf\" target=\"_blank\" rel=\"noopener noreferrer\"><u><i><br \/>\nDescarga pdf de LOE<\/i><\/u><\/a><\/span><\/h4>\n<\/li>\n<\/ul>\n<p>&nbsp;<\/p>\n<p><img loading=\"lazy\" decoding=\"async\" src=\"https:\/\/imgbox.es\/images\/2020\/03\/23\/separadora4a37c028d732afc.jpg\" width=\"484\" height=\"37\" \/><\/p>\n","protected":false},"excerpt":{"rendered":"<p>P\u00e1xina d\u00b4Educastur de Lexislaci\u00f3n E. \u00cdndiz tem\u00e1ticu de Lexislaci\u00f3n Lexislaci\u00f3n n\u00b4Asturies d\u00b4Asturiano Resoluci\u00f3n de 3 de febrero de 2020, de la Consejer\u00eda de Educaci\u00f3n, por la que se convoca la prueba de certificaci\u00f3n del nivel competencial Intermedio B2 de lengua asturiana del a\u00f1o 2020 en el P. de Asturias. (05\/02\/20) Decreto 47\/2019, de 21 de [&hellip;]<\/p>\n","protected":false},"author":117,"featured_media":0,"parent":0,"menu_order":0,"comment_status":"closed","ping_status":"closed","template":"","meta":{"footnotes":""},"class_list":["post-29","page","type-page","status-publish","hentry","post-preview"],"_links":{"self":[{"href":"https:\/\/edublog.educastur.es\/llingua\/wp-json\/wp\/v2\/pages\/29","targetHints":{"allow":["GET"]}}],"collection":[{"href":"https:\/\/edublog.educastur.es\/llingua\/wp-json\/wp\/v2\/pages"}],"about":[{"href":"https:\/\/edublog.educastur.es\/llingua\/wp-json\/wp\/v2\/types\/page"}],"author":[{"embeddable":true,"href":"https:\/\/edublog.educastur.es\/llingua\/wp-json\/wp\/v2\/users\/117"}],"replies":[{"embeddable":true,"href":"https:\/\/edublog.educastur.es\/llingua\/wp-json\/wp\/v2\/comments?post=29"}],"version-history":[{"count":3,"href":"https:\/\/edublog.educastur.es\/llingua\/wp-json\/wp\/v2\/pages\/29\/revisions"}],"predecessor-version":[{"id":80,"href":"https:\/\/edublog.educastur.es\/llingua\/wp-json\/wp\/v2\/pages\/29\/revisions\/80"}],"wp:attachment":[{"href":"https:\/\/edublog.educastur.es\/llingua\/wp-json\/wp\/v2\/media?parent=29"}],"curies":[{"name":"wp","href":"https:\/\/api.w.org\/{rel}","templated":true}]}}