{"id":37,"date":"2020-07-06T13:08:18","date_gmt":"2020-07-06T13:08:18","guid":{"rendered":"https:\/\/edublog.educastur.es\/llingua\/?page_id=37"},"modified":"2020-08-11T21:56:57","modified_gmt":"2020-08-11T21:56:57","slug":"traductor","status":"publish","type":"page","link":"https:\/\/edublog.educastur.es\/llingua\/traductor\/","title":{"rendered":"Traductor"},"content":{"rendered":"<p><img loading=\"lazy\" decoding=\"async\" class=\"\" src=\"https:\/\/imgbox.es\/images\/2020\/04\/06\/eslematr6d7d510bd0db7b0f.jpg\" width=\"399\" height=\"115\" \/><\/p>\n<ul>\n<li><span style=\"font-size: 18pt;font-family: trebuchet ms, geneva, sans-serif\"><a href=\"http:\/\/eslema.uniovi.es\/comun\/traductor.php\">Traductor cenciellu<\/a><\/span><\/li>\n<li><a href=\"http:\/\/eslema.uniovi.es\/comun\/traductor_avanzado.php?texto_textarea=Componga,%20copie%20o%20pegue%20aqu%C3%AD%20el%20texto%20que%20desea%20traducir.&amp;output_ant=\"><span style=\"font-size: 18pt\">Traductor avanz\u00e1u<\/span><\/a><\/li>\n<li><a href=\"http:\/\/eslema.uniovi.es\/comun\/conxugador.php?verbo=falar\"><span style=\"font-size: 18pt\">Conxugador<\/span><\/a><\/li>\n<li><\/li>\n<\/ul>\n<p>&nbsp;<\/p>\n<p>&nbsp;<\/p>\n<h3><em><span style=\"font-family: trebuchet ms, geneva, sans-serif;font-size: 14pt\">Equipu:\u00a0 El proyectu de Traductor Autom\u00e1ticu Castellanu-Asturianu ye angua\u00f1o desenvueltu polos inxenieros inform\u00e1ticos <span class=\"nomenos\">Mar\u00eda Fernanda Garc\u00eda \u00c1lvarez<\/span> y<span class=\"nomenos\"> Daniel Vicente Qu\u00edlez<\/span> y los llicenciaos en Filolox\u00eda Hisp\u00e1nica <span class=\"nomenos\">Arsenio Coto P\u00e9rez<\/span> y <span class=\"nomenos\">Roberto Hinojal D\u00edaz<\/span>. <\/span><\/em><\/h3>\n<h3><\/h3>\n<h3><em><span style=\"font-family: trebuchet ms, geneva, sans-serif;font-size: 14pt\">Colaboraron tami\u00e9n <span class=\"nomenos\">Mar\u00eda Cueto Fern\u00e1ndez<\/span> (llicenciada en Filolox\u00eda Rom\u00e1nica) y <span class=\"nomenos\">Ces\u00e1reo Garc\u00eda Fern\u00e1ndez<\/span> (llicenci\u00e1u en Filolox\u00eda Inglesa). <\/span><\/em><\/h3>\n<h3><\/h3>\n<h3><em><span style=\"font-family: trebuchet ms, geneva, sans-serif;font-size: 14pt\">La supervisi\u00f3n del proyectu cuerre al cargu de <span class=\"nomenos\">Xelu Neira \u00c1lvarez<\/span> y <span class=\"nomenos\">Xulio Viejo Fern\u00e1ndez<\/span>, en xunto a <span class=\"nomenos\">Alfredo Santiago Alguero<\/span> y <span class=\"nomenos\">David Melendi Palacio<\/span>, profesores del Departamentu d&#8217;Inform\u00e1tica de la <span class=\"entidanos\">Universid\u00e1 d&#8217;Uvi\u00e9u<\/span>.<\/span><\/em><\/h3>\n","protected":false},"excerpt":{"rendered":"<p>Traductor cenciellu Traductor avanz\u00e1u Conxugador &nbsp; &nbsp; Equipu:\u00a0 El proyectu de Traductor Autom\u00e1ticu Castellanu-Asturianu ye angua\u00f1o desenvueltu polos inxenieros inform\u00e1ticos Mar\u00eda Fernanda Garc\u00eda \u00c1lvarez y Daniel Vicente Qu\u00edlez y los llicenciaos en Filolox\u00eda Hisp\u00e1nica Arsenio Coto P\u00e9rez y Roberto Hinojal D\u00edaz. Colaboraron tami\u00e9n Mar\u00eda Cueto Fern\u00e1ndez (llicenciada en Filolox\u00eda Rom\u00e1nica) y Ces\u00e1reo Garc\u00eda Fern\u00e1ndez (llicenci\u00e1u [&hellip;]<\/p>\n","protected":false},"author":117,"featured_media":0,"parent":0,"menu_order":0,"comment_status":"closed","ping_status":"closed","template":"","meta":{"footnotes":""},"class_list":["post-37","page","type-page","status-publish","hentry","post-preview"],"_links":{"self":[{"href":"https:\/\/edublog.educastur.es\/llingua\/wp-json\/wp\/v2\/pages\/37","targetHints":{"allow":["GET"]}}],"collection":[{"href":"https:\/\/edublog.educastur.es\/llingua\/wp-json\/wp\/v2\/pages"}],"about":[{"href":"https:\/\/edublog.educastur.es\/llingua\/wp-json\/wp\/v2\/types\/page"}],"author":[{"embeddable":true,"href":"https:\/\/edublog.educastur.es\/llingua\/wp-json\/wp\/v2\/users\/117"}],"replies":[{"embeddable":true,"href":"https:\/\/edublog.educastur.es\/llingua\/wp-json\/wp\/v2\/comments?post=37"}],"version-history":[{"count":5,"href":"https:\/\/edublog.educastur.es\/llingua\/wp-json\/wp\/v2\/pages\/37\/revisions"}],"predecessor-version":[{"id":332,"href":"https:\/\/edublog.educastur.es\/llingua\/wp-json\/wp\/v2\/pages\/37\/revisions\/332"}],"wp:attachment":[{"href":"https:\/\/edublog.educastur.es\/llingua\/wp-json\/wp\/v2\/media?parent=37"}],"curies":[{"name":"wp","href":"https:\/\/api.w.org\/{rel}","templated":true}]}}

<p><img loading="lazy" decoding="async" class="" src="https://imgbox.es/images/2020/04/06/eslematr6d7d510bd0db7b0f.jpg" width="399" height="115" /></p>
<ul>
<li><span style="font-size: 18pt;font-family: trebuchet ms, geneva, sans-serif"><a href="http://eslema.uniovi.es/comun/traductor.php">Traductor cenciellu</a></span></li>
<li><a href="http://eslema.uniovi.es/comun/traductor_avanzado.php?texto_textarea=Componga,%20copie%20o%20pegue%20aqu%C3%AD%20el%20texto%20que%20desea%20traducir.&amp;output_ant="><span style="font-size: 18pt">Traductor avanzáu</span></a></li>
<li><a href="http://eslema.uniovi.es/comun/conxugador.php?verbo=falar"><span style="font-size: 18pt">Conxugador</span></a></li>
<li></li>
</ul>
<p>&nbsp;</p>
<p>&nbsp;</p>
<h3><em><span style="font-family: trebuchet ms, geneva, sans-serif;font-size: 14pt">Equipu:  El proyectu de Traductor Automáticu Castellanu-Asturianu ye anguaño desenvueltu polos inxenieros informáticos <span class="nomenos">María Fernanda García Álvarez</span> y<span class="nomenos"> Daniel Vicente Quílez</span> y los llicenciaos en Filoloxía Hispánica <span class="nomenos">Arsenio Coto Pérez</span> y <span class="nomenos">Roberto Hinojal Díaz</span>. </span></em></h3>
<h3></h3>
<h3><em><span style="font-family: trebuchet ms, geneva, sans-serif;font-size: 14pt">Colaboraron tamién <span class="nomenos">María Cueto Fernández</span> (llicenciada en Filoloxía Románica) y <span class="nomenos">Cesáreo García Fernández</span> (llicenciáu en Filoloxía Inglesa). </span></em></h3>
<h3></h3>
<h3><em><span style="font-family: trebuchet ms, geneva, sans-serif;font-size: 14pt">La supervisión del proyectu cuerre al cargu de <span class="nomenos">Xelu Neira Álvarez</span> y <span class="nomenos">Xulio Viejo Fernández</span>, en xunto a <span class="nomenos">Alfredo Santiago Alguero</span> y <span class="nomenos">David Melendi Palacio</span>, profesores del Departamentu d&#8217;Informática de la <span class="entidanos">Universidá d&#8217;Uviéu</span>.</span></em></h3>

<p>Traductor cenciellu Traductor avanzáu Conxugador &nbsp; &nbsp; Equipu:  El proyectu de Traductor Automáticu Castellanu-Asturianu ye anguaño desenvueltu polos inxenieros informáticos María Fernanda García Álvarez y Daniel Vicente Quílez y los llicenciaos en Filoloxía Hispánica Arsenio Coto Pérez y Roberto Hinojal Díaz. Colaboraron tamién María Cueto Fernández (llicenciada en Filoloxía Románica) y Cesáreo García Fernández (llicenciáu [&hellip;]</p>
