{"id":381,"date":"2020-09-08T12:36:39","date_gmt":"2020-09-08T10:36:39","guid":{"rendered":"https:\/\/edublog.educastur.es\/llingua\/?page_id=381"},"modified":"2020-09-08T13:40:44","modified_gmt":"2020-09-08T11:40:44","slug":"clases-dasturianu","status":"publish","type":"page","link":"https:\/\/edublog.educastur.es\/llingua\/cursos\/clases-dasturianu\/","title":{"rendered":"Clases d\u00b4asturianu"},"content":{"rendered":"<ul>\n<li><a href=\"https:\/\/www.youtube.com\/channel\/UCdjA9pSsdIjy0wqDbe3Qp5A\">Canal Youtube de Dan<\/a><\/li>\n<li><a href=\"https:\/\/www.youtube.com\/watch?v=3ufXoOVnsDM\">Iniciaci\u00f3n<\/a><\/li>\n<\/ul>\n<p>&nbsp;<\/p>\n\n<!-- iframe plugin v.6.0 wordpress.org\/plugins\/iframe\/ -->\n<iframe loading=\"lazy\" width=\"560\" height=\"315\" src=\"https:\/\/www.youtube.com\/embed\/3ufXoOVnsDM\" scrolling=\"yes\" class=\"iframe-class\" frameborder=\"0\"><\/iframe>\n\n<ul>\n<li><a href=\"https:\/\/www.youtube.com\/watch?v=1TFGWQ1qHdc\">Verbos<\/a><\/li>\n<\/ul>\n\n<!-- iframe plugin v.6.0 wordpress.org\/plugins\/iframe\/ -->\n<iframe loading=\"lazy\" width=\"560\" height=\"315\" src=\"https:\/\/www.youtube.com\/embed\/1TFGWQ1qHdc\" scrolling=\"yes\" class=\"iframe-class\" frameborder=\"0\"><\/iframe>\n\n<ul>\n<li><a href=\"https:\/\/www.youtube.com\/watch?v=D2iBoUprzGU\">Fon\u00e9tica<\/a><\/li>\n<\/ul>\n\n<!-- iframe plugin v.6.0 wordpress.org\/plugins\/iframe\/ -->\n<iframe loading=\"lazy\" width=\"560\" height=\"315\" src=\"https:\/\/www.youtube.com\/embed\/D2iBoUprzGU\" scrolling=\"yes\" class=\"iframe-class\" frameborder=\"0\"><\/iframe>\n\n<ul>\n<li><a href=\"https:\/\/www.youtube.com\/watch?v=ePWnmROQZg0\">Nivel 2<\/a><\/li>\n<\/ul>\n\n<!-- iframe plugin v.6.0 wordpress.org\/plugins\/iframe\/ -->\n<iframe loading=\"lazy\" width=\"560\" height=\"315\" src=\"https:\/\/www.youtube.com\/embed\/ePWnmROQZg0\" scrolling=\"yes\" class=\"iframe-class\" frameborder=\"0\"><\/iframe>\n\n<ul>\n<li><a href=\"https:\/\/www.youtube.com\/watch?v=H4MbmnlussM\">Diccionariu y Gram\u00e1tica<\/a><\/li>\n<\/ul>\n\n<!-- iframe plugin v.6.0 wordpress.org\/plugins\/iframe\/ -->\n<iframe loading=\"lazy\" width=\"560\" height=\"315\" src=\"https:\/\/www.youtube.com\/embed\/H4MbmnlussM\" scrolling=\"yes\" class=\"iframe-class\" frameborder=\"0\"><\/iframe>\n\n<ul>\n<li><a href=\"https:\/\/www.youtube.com\/watch?v=0BgW5tkyrgg\">Oficialid\u00e1 Si\/Non<\/a><\/li>\n<\/ul>\n\n<!-- iframe plugin v.6.0 wordpress.org\/plugins\/iframe\/ -->\n<iframe loading=\"lazy\" width=\"560\" height=\"315\" src=\"https:\/\/www.youtube.com\/embed\/0BgW5tkyrgg\" scrolling=\"yes\" class=\"iframe-class\" frameborder=\"0\"><\/iframe>\n\n<p>&nbsp;<\/p>\n<hr \/>\n<p>M\u00e1s&#8230;<\/p>\n<ul>\n<li><a href=\"https:\/\/www.youtube.com\/watch?v=RAidasVLq7E\">Nueche d\u00b4\u00e1nimes<\/a><\/li>\n<\/ul>\n<p>&nbsp;<\/p>\n\n<!-- iframe plugin v.6.0 wordpress.org\/plugins\/iframe\/ -->\n<iframe loading=\"lazy\" width=\"560\" height=\"315\" src=\"https:\/\/www.youtube.com\/embed\/RAidasVLq7E\" scrolling=\"yes\" class=\"iframe-class\" frameborder=\"0\"><\/iframe>\n\n<p>&nbsp;<\/p>\n<ul>\n<li><a href=\"https:\/\/www.youtube.com\/watch?v=nV60sjieWXM\">Anguleru<\/a><\/li>\n<\/ul>\n\n<!-- iframe plugin v.6.0 wordpress.org\/plugins\/iframe\/ -->\n<iframe loading=\"lazy\" width=\"560\" height=\"315\" src=\"https:\/\/www.youtube.com\/embed\/nV60sjieWXM\" scrolling=\"yes\" class=\"iframe-class\" frameborder=\"0\"><\/iframe>\n\n<ul>\n<li><a href=\"https:\/\/www.youtube.com\/watch?v=lk99nc5P7YE\">Aprender asturianu con m\u00fasica<\/a><\/li>\n<\/ul>\n\n<!-- iframe plugin v.6.0 wordpress.org\/plugins\/iframe\/ -->\n<iframe loading=\"lazy\" width=\"560\" height=\"315\" src=\"https:\/\/www.youtube.com\/embed\/lk99nc5P7YE\" scrolling=\"yes\" class=\"iframe-class\" frameborder=\"0\"><\/iframe>\n\n<p>&nbsp;<\/p>\n<p>&nbsp;<\/p>\n","protected":false},"excerpt":{"rendered":"<p>Canal Youtube de Dan Iniciaci\u00f3n &nbsp; Verbos Fon\u00e9tica Nivel 2 Diccionariu y Gram\u00e1tica Oficialid\u00e1 Si\/Non &nbsp; M\u00e1s&#8230; Nueche d\u00b4\u00e1nimes &nbsp; &nbsp; Anguleru Aprender asturianu con m\u00fasica &nbsp; &nbsp;<\/p>\n","protected":false},"author":117,"featured_media":0,"parent":168,"menu_order":0,"comment_status":"closed","ping_status":"closed","template":"","meta":{"footnotes":""},"class_list":["post-381","page","type-page","status-publish","hentry","post-preview"],"_links":{"self":[{"href":"https:\/\/edublog.educastur.es\/llingua\/wp-json\/wp\/v2\/pages\/381","targetHints":{"allow":["GET"]}}],"collection":[{"href":"https:\/\/edublog.educastur.es\/llingua\/wp-json\/wp\/v2\/pages"}],"about":[{"href":"https:\/\/edublog.educastur.es\/llingua\/wp-json\/wp\/v2\/types\/page"}],"author":[{"embeddable":true,"href":"https:\/\/edublog.educastur.es\/llingua\/wp-json\/wp\/v2\/users\/117"}],"replies":[{"embeddable":true,"href":"https:\/\/edublog.educastur.es\/llingua\/wp-json\/wp\/v2\/comments?post=381"}],"version-history":[{"count":5,"href":"https:\/\/edublog.educastur.es\/llingua\/wp-json\/wp\/v2\/pages\/381\/revisions"}],"predecessor-version":[{"id":386,"href":"https:\/\/edublog.educastur.es\/llingua\/wp-json\/wp\/v2\/pages\/381\/revisions\/386"}],"up":[{"embeddable":true,"href":"https:\/\/edublog.educastur.es\/llingua\/wp-json\/wp\/v2\/pages\/168"}],"wp:attachment":[{"href":"https:\/\/edublog.educastur.es\/llingua\/wp-json\/wp\/v2\/media?parent=381"}],"curies":[{"name":"wp","href":"https:\/\/api.w.org\/{rel}","templated":true}]}}

<ul>
<li><a href="https://www.youtube.com/channel/UCdjA9pSsdIjy0wqDbe3Qp5A">Canal Youtube de Dan</a></li>
<li><a href="https://www.youtube.com/watch?v=3ufXoOVnsDM">Iniciación</a></li>
</ul>
<p>&nbsp;</p>

<!-- iframe plugin v.6.0 wordpress.org/plugins/iframe/ -->
<iframe loading="lazy" width="560" height="315" src="https://www.youtube.com/embed/3ufXoOVnsDM" scrolling="yes" class="iframe-class" frameborder="0"></iframe>

<ul>
<li><a href="https://www.youtube.com/watch?v=1TFGWQ1qHdc">Verbos</a></li>
</ul>

<!-- iframe plugin v.6.0 wordpress.org/plugins/iframe/ -->
<iframe loading="lazy" width="560" height="315" src="https://www.youtube.com/embed/1TFGWQ1qHdc" scrolling="yes" class="iframe-class" frameborder="0"></iframe>

<ul>
<li><a href="https://www.youtube.com/watch?v=D2iBoUprzGU">Fonética</a></li>
</ul>

<!-- iframe plugin v.6.0 wordpress.org/plugins/iframe/ -->
<iframe loading="lazy" width="560" height="315" src="https://www.youtube.com/embed/D2iBoUprzGU" scrolling="yes" class="iframe-class" frameborder="0"></iframe>

<ul>
<li><a href="https://www.youtube.com/watch?v=ePWnmROQZg0">Nivel 2</a></li>
</ul>

<!-- iframe plugin v.6.0 wordpress.org/plugins/iframe/ -->
<iframe loading="lazy" width="560" height="315" src="https://www.youtube.com/embed/ePWnmROQZg0" scrolling="yes" class="iframe-class" frameborder="0"></iframe>

<ul>
<li><a href="https://www.youtube.com/watch?v=H4MbmnlussM">Diccionariu y Gramática</a></li>
</ul>

<!-- iframe plugin v.6.0 wordpress.org/plugins/iframe/ -->
<iframe loading="lazy" width="560" height="315" src="https://www.youtube.com/embed/H4MbmnlussM" scrolling="yes" class="iframe-class" frameborder="0"></iframe>

<ul>
<li><a href="https://www.youtube.com/watch?v=0BgW5tkyrgg">Oficialidá Si/Non</a></li>
</ul>

<!-- iframe plugin v.6.0 wordpress.org/plugins/iframe/ -->
<iframe loading="lazy" width="560" height="315" src="https://www.youtube.com/embed/0BgW5tkyrgg" scrolling="yes" class="iframe-class" frameborder="0"></iframe>

<p>&nbsp;</p>
<hr />
<p>Más&#8230;</p>
<ul>
<li><a href="https://www.youtube.com/watch?v=RAidasVLq7E">Nueche d´ánimes</a></li>
</ul>
<p>&nbsp;</p>

<!-- iframe plugin v.6.0 wordpress.org/plugins/iframe/ -->
<iframe loading="lazy" width="560" height="315" src="https://www.youtube.com/embed/RAidasVLq7E" scrolling="yes" class="iframe-class" frameborder="0"></iframe>

<p>&nbsp;</p>
<ul>
<li><a href="https://www.youtube.com/watch?v=nV60sjieWXM">Anguleru</a></li>
</ul>

<!-- iframe plugin v.6.0 wordpress.org/plugins/iframe/ -->
<iframe loading="lazy" width="560" height="315" src="https://www.youtube.com/embed/nV60sjieWXM" scrolling="yes" class="iframe-class" frameborder="0"></iframe>

<ul>
<li><a href="https://www.youtube.com/watch?v=lk99nc5P7YE">Aprender asturianu con música</a></li>
</ul>

<!-- iframe plugin v.6.0 wordpress.org/plugins/iframe/ -->
<iframe loading="lazy" width="560" height="315" src="https://www.youtube.com/embed/lk99nc5P7YE" scrolling="yes" class="iframe-class" frameborder="0"></iframe>

<p>&nbsp;</p>
<p>&nbsp;</p>

<p>Canal Youtube de Dan Iniciación &nbsp; Verbos Fonética Nivel 2 Diccionariu y Gramática Oficialidá Si/Non &nbsp; Más&#8230; Nueche d´ánimes &nbsp; &nbsp; Anguleru Aprender asturianu con música &nbsp; &nbsp;</p>
