{"id":431,"date":"2020-12-19T15:41:57","date_gmt":"2020-12-19T13:41:57","guid":{"rendered":"https:\/\/edublog.educastur.es\/llingua\/?page_id=431"},"modified":"2021-01-09T21:13:41","modified_gmt":"2021-01-09T19:13:41","slug":"astor","status":"publish","type":"page","link":"https:\/\/edublog.educastur.es\/llingua\/revistes\/astor\/","title":{"rendered":"Astor"},"content":{"rendered":"<p style=\"text-align: center\"><em><img loading=\"lazy\" decoding=\"async\" class=\"alignnone aligncenter\" src=\"https:\/\/lligaceltadasturies.files.wordpress.com\/2019\/07\/llogu_final.jpg?w=600\" width=\"139\" height=\"134\" \/><\/em><\/p>\n<ul>\n<li style=\"text-align: center\"><a href=\"https:\/\/www.facebook.com\/LligaCeltadAsturies\"><span style=\"color: #008080\"><em>Liga Celta d\u00b4Asturies Facebook<\/em><\/span><\/a><\/li>\n<li style=\"text-align: center\"><a href=\"https:\/\/lligaceltadasturies.wordpress.com\/\"><span style=\"color: #008080\"><em>Liga Celta d\u00b4Asturies WEB<\/em><\/span><\/a><\/li>\n<li style=\"text-align: center\"><a href=\"https:\/\/lligaceltadasturies.wordpress.com\/naciones-celtes-celtic-nations\/\">Naciones c\u00e9ltiques<\/a><\/li>\n<\/ul>\n<div class=\"post-15155 post type-post status-publish format-standard has-post-thumbnail hentry category-cultura tag-astor tag-lliga-celta-dasturies\">\n<div class=\"rd-details\">\n<h3 class=\"rd-title entry-title\" style=\"text-align: center\"><em><span style=\"color: #008080\">Revista dixital ASTOR<\/span><\/em><\/h3>\n<\/div>\n<div class=\"rd-thumb\">\n<div class=\"rd-single-thumbnail\"><img loading=\"lazy\" decoding=\"async\" class=\"attachment-full size-full wp-post-image aligncenter\" src=\"https:\/\/www.infoasturies.com\/wp-content\/uploads\/2020\/01\/astor-e1578518277804.jpg\" alt=\"\" width=\"318\" height=\"86\" \/><\/div>\n<\/div>\n<section class=\"rd-post-content\"><strong><span class=\"_3oh- _58nk\">La <a href=\"https:\/\/lligaceltadasturies.wordpress.com\/author\/lligacelta\/\">Lliga Celta d\u2019Asturies<\/a> \u00a0 presenta\u2019l so cartafueyu dixital\u00a0 na Sala Conferencies de l\u2019Academia la Llingua Asturiana<\/span><\/strong>Esta revista, de la que se dar\u00e1n a conocer los conten\u00edos y porg\u00fceyos a lo llargo la presentaci\u00f3n, sedr\u00e1 dixital y llevar\u00e1\u2019l nome del cartafueyu impresu que la Lliga Celta d\u2019Asturies espubliz\u00f3 na d\u00e9cada de los ochenta, asoley\u00e1ndose diecisiete n\u00famberos pente\u2019l 1981 ya\u2019l 1990.<\/section>\n<\/div>\n<p style=\"text-align: center\">\n<!-- iframe plugin v.6.0 wordpress.org\/plugins\/iframe\/ -->\n<iframe loading=\"lazy\" src=\"https:\/\/drive.google.com\/file\/d\/13CLhseD603oPU4S_cJ5AbN_66lyI72_E\/preview\" width=\"705\" height=\"960\" 0=\"\/iframe\" scrolling=\"yes\" class=\"iframe-class\" frameborder=\"0\"><\/iframe>\n<\/p>\n<hr \/>\n<div class=\"oi9244e8 do00u71z j83agx80\">\n<div class=\"nc684nl6\">\n<div class=\"q676j6op qypqp5cg\"><\/div>\n<\/div>\n<\/div>\n<div class=\"\" dir=\"auto\">\n<div id=\"jsc_c_hj\" class=\"ecm0bbzt hv4rvrfc ihqw7lf3 dati1w0a\" data-ad-comet-preview=\"message\" data-ad-preview=\"message\">\n<div class=\"j83agx80 cbu4d94t ew0dbk1b irj2b8pg\">\n<div class=\"qzhwtbm6 knvmm38d\">\n<div class=\"kvgmc6g5 cxmmr5t8 oygrvhab hcukyx3x c1et5uql ii04i59q\">\n<div dir=\"auto\">Dende la Lliga Celta d&#8217;Asturies tenemos el preste de presentavos el <a href=\"https:\/\/l.facebook.com\/l.php?u=https%3A%2F%2Flookaside.fbsbx.com%2Ffile%2FASTOR%252019%252C%2520A%25C3%2591U%25202021.pdf%3Ftoken%3DAWy8PSsV0K_6ddKqgWoiaWRfxNOXXQYvgZSQbFavZ_xxeRjA1ONg54FDI6pmuuZeA2RQxBjPZ05uJMwd0J8cjsWHC9s3qwusWhtp2my8v0FinZ6Vg5-AyjBA5pRbotSZqt75YfBzZ1htxYUUcyDXtzV3zdzoDcrdUewXCG9flgOXxB-726vz5UeG2xde-2WpolhGGu3NaWgnzluxswXvS4O6q0C07hSZiomlzpYRT2_a3jpjVzwTlxlfkYqIAtH5cCq-_wPGI_rly-F4n9zMAc0bZgUFyL8B2729guBZPe6GA6BwNVKTV9Rhf5NLEBJUuvpAm8XytxD0L0vCBuzfhqMpgOAUyqkKw12ZgXLAzqBOeZIFyWNUlqhmuilY4LgfX6qu2um4ecTJmlOb9orhqvhxtrGexsI11Nf9Va_B1JjZQZT7U2FApPwk5ta1Niv23g8mudKnqqQntezft24RE3Hw7QVsgoGwGmqVTimPS17lIeColcRksLlPZ5VcXQHGl2CWIVKsWp_bmkE0lhIeJqXPc1iCRxkWWRLfEDX1BLyY_f9aEwEm0iaPwo08zDrGBaB46ny0tn7r_zHrg-IG2g30qVpPlKo1E8nrxKYAnXg-_A&amp;h=AT1wAi03HvITmg9IATKj30ILYDWZ7oKFso4-vnLnoCiXGMe_GQAJyGJt9ap5ca5pIheBMwYv44UQvP0b3VDxxRSellXjhhG9M7niewApNjH4kugqL6qdBeujqA6sOzQgoSWAtk55oHhSDdo&amp;__tn__=H-R&amp;c[0]=AT3O915XoA9HbaMCzkz4qOMwaUVIJwF_SqeucntoEq_bdvUMJSJGm_yN7yDfGThoDjZrvCwRjNfsajuwpCPzjHsBU9Qng0J19u-wSv0H5AUVrqrKBA4MaGrz3jZJLPOMCboqWrHSNuK-SVvaodb_3yBnB-u6s_KHe0tkgmsqegV3oQ8Cx_5hc6pPlGJINAEEDIA8AVJkfUrTUdPS6KLiNKojS5rrt2vk\"><strong><em>n\u00famberu 19 de la revista ASTOR<\/em><\/strong><\/a>. El costu de la revista ye de 0,00\u20ac, nam\u00e1 ten\u00e9is que<a href=\"https:\/\/l.facebook.com\/l.php?u=https%3A%2F%2Flookaside.fbsbx.com%2Ffile%2FASTOR%252019%252C%2520A%25C3%2591U%25202021.pdf%3Ftoken%3DAWy8PSsV0K_6ddKqgWoiaWRfxNOXXQYvgZSQbFavZ_xxeRjA1ONg54FDI6pmuuZeA2RQxBjPZ05uJMwd0J8cjsWHC9s3qwusWhtp2my8v0FinZ6Vg5-AyjBA5pRbotSZqt75YfBzZ1htxYUUcyDXtzV3zdzoDcrdUewXCG9flgOXxB-726vz5UeG2xde-2WpolhGGu3NaWgnzluxswXvS4O6q0C07hSZiomlzpYRT2_a3jpjVzwTlxlfkYqIAtH5cCq-_wPGI_rly-F4n9zMAc0bZgUFyL8B2729guBZPe6GA6BwNVKTV9Rhf5NLEBJUuvpAm8XytxD0L0vCBuzfhqMpgOAUyqkKw12ZgXLAzqBOeZIFyWNUlqhmuilY4LgfX6qu2um4ecTJmlOb9orhqvhxtrGexsI11Nf9Va_B1JjZQZT7U2FApPwk5ta1Niv23g8mudKnqqQntezft24RE3Hw7QVsgoGwGmqVTimPS17lIeColcRksLlPZ5VcXQHGl2CWIVKsWp_bmkE0lhIeJqXPc1iCRxkWWRLfEDX1BLyY_f9aEwEm0iaPwo08zDrGBaB46ny0tn7r_zHrg-IG2g30qVpPlKo1E8nrxKYAnXg-_A&amp;h=AT1wAi03HvITmg9IATKj30ILYDWZ7oKFso4-vnLnoCiXGMe_GQAJyGJt9ap5ca5pIheBMwYv44UQvP0b3VDxxRSellXjhhG9M7niewApNjH4kugqL6qdBeujqA6sOzQgoSWAtk55oHhSDdo&amp;__tn__=H-R&amp;c[0]=AT3O915XoA9HbaMCzkz4qOMwaUVIJwF_SqeucntoEq_bdvUMJSJGm_yN7yDfGThoDjZrvCwRjNfsajuwpCPzjHsBU9Qng0J19u-wSv0H5AUVrqrKBA4MaGrz3jZJLPOMCboqWrHSNuK-SVvaodb_3yBnB-u6s_KHe0tkgmsqegV3oQ8Cx_5hc6pPlGJINAEEDIA8AVJkfUrTUdPS6KLiNKojS5rrt2vk\"><strong><em> descargala equ\u00ed (pdf)<\/em><\/strong>,<\/a> lleela y esfrutala y, si gust\u00f3vos&#8230; compartila!<\/div>\n<div dir=\"auto\"><\/div>\n<div dir=\"auto\">Nesti exemplar vais atopar 7 escelentes art\u00edculos ilustraos con 97 ilustraciones y escritos en 3 idiomes: asturianu, espa\u00f1ol ya ingl\u00e9s.<\/div>\n<div dir=\"auto\">Los art\u00edculos son los siguientes:<\/div>\n<ul>\n<li><em>Los pe\u00f1es de la Ed\u00e1 del Fierro<\/em><\/li>\n<li><em>El harpa celta en Asturies<\/em><\/li>\n<li><em>Antecedentes del celtismu asturianu nes fontes escrites sieglos XVI-XIX<\/em><\/li>\n<li><em>L&#8217;Home Verde en Asturies. Reportaxe fotogrt\u00e1fico<br \/>\n<\/em><\/li>\n<li><em>La llingua celta irlandesa<\/em><\/li>\n<li><em>Los \u00e1stures seg\u00fan les fontes grecorromanes<\/em><\/li>\n<li><em>La mio madre ll\u00e1mame<\/em><\/li>\n<\/ul>\n<\/div>\n<\/div>\n<\/div>\n<\/div>\n<\/div>\n<p><strong><em>\u00a0<\/em><\/strong>\n<!-- iframe plugin v.6.0 wordpress.org\/plugins\/iframe\/ -->\n<iframe loading=\"lazy\" src=\"https:\/\/drive.google.com\/file\/d\/169fWdLkaUJK-cPKGNinpQ0fk-GCW2YeV\/preview\" width=\"705\" height=\"960\" 0=\"\/iframe\" scrolling=\"yes\" class=\"iframe-class\" frameborder=\"0\"><\/iframe>\n<\/p>\n<p>&nbsp;<\/p>\n","protected":false},"excerpt":{"rendered":"<p>Liga Celta d\u00b4Asturies Facebook Liga Celta d\u00b4Asturies WEB Naciones c\u00e9ltiques Revista dixital ASTOR La Lliga Celta d\u2019Asturies \u00a0 presenta\u2019l so cartafueyu dixital\u00a0 na Sala Conferencies de l\u2019Academia la Llingua AsturianaEsta revista, de la que se dar\u00e1n a conocer los conten\u00edos y porg\u00fceyos a lo llargo la presentaci\u00f3n, sedr\u00e1 dixital y llevar\u00e1\u2019l nome del cartafueyu impresu [&hellip;]<\/p>\n","protected":false},"author":117,"featured_media":0,"parent":429,"menu_order":0,"comment_status":"closed","ping_status":"closed","template":"","meta":{"footnotes":""},"class_list":["post-431","page","type-page","status-publish","hentry","post-preview"],"_links":{"self":[{"href":"https:\/\/edublog.educastur.es\/llingua\/wp-json\/wp\/v2\/pages\/431","targetHints":{"allow":["GET"]}}],"collection":[{"href":"https:\/\/edublog.educastur.es\/llingua\/wp-json\/wp\/v2\/pages"}],"about":[{"href":"https:\/\/edublog.educastur.es\/llingua\/wp-json\/wp\/v2\/types\/page"}],"author":[{"embeddable":true,"href":"https:\/\/edublog.educastur.es\/llingua\/wp-json\/wp\/v2\/users\/117"}],"replies":[{"embeddable":true,"href":"https:\/\/edublog.educastur.es\/llingua\/wp-json\/wp\/v2\/comments?post=431"}],"version-history":[{"count":5,"href":"https:\/\/edublog.educastur.es\/llingua\/wp-json\/wp\/v2\/pages\/431\/revisions"}],"predecessor-version":[{"id":458,"href":"https:\/\/edublog.educastur.es\/llingua\/wp-json\/wp\/v2\/pages\/431\/revisions\/458"}],"up":[{"embeddable":true,"href":"https:\/\/edublog.educastur.es\/llingua\/wp-json\/wp\/v2\/pages\/429"}],"wp:attachment":[{"href":"https:\/\/edublog.educastur.es\/llingua\/wp-json\/wp\/v2\/media?parent=431"}],"curies":[{"name":"wp","href":"https:\/\/api.w.org\/{rel}","templated":true}]}}

<p style="text-align: center"><em><img loading="lazy" decoding="async" class="alignnone aligncenter" src="https://lligaceltadasturies.files.wordpress.com/2019/07/llogu_final.jpg?w=600" width="139" height="134" /></em></p>
<ul>
<li style="text-align: center"><a href="https://www.facebook.com/LligaCeltadAsturies"><span style="color: #008080"><em>Liga Celta d´Asturies Facebook</em></span></a></li>
<li style="text-align: center"><a href="https://lligaceltadasturies.wordpress.com/"><span style="color: #008080"><em>Liga Celta d´Asturies WEB</em></span></a></li>
<li style="text-align: center"><a href="https://lligaceltadasturies.wordpress.com/naciones-celtes-celtic-nations/">Naciones céltiques</a></li>
</ul>
<div class="post-15155 post type-post status-publish format-standard has-post-thumbnail hentry category-cultura tag-astor tag-lliga-celta-dasturies">
<div class="rd-details">
<h3 class="rd-title entry-title" style="text-align: center"><em><span style="color: #008080">Revista dixital ASTOR</span></em></h3>
</div>
<div class="rd-thumb">
<div class="rd-single-thumbnail"><img loading="lazy" decoding="async" class="attachment-full size-full wp-post-image aligncenter" src="https://www.infoasturies.com/wp-content/uploads/2020/01/astor-e1578518277804.jpg" alt="" width="318" height="86" /></div>
</div>
<section class="rd-post-content"><strong><span class="_3oh- _58nk">La <a href="https://lligaceltadasturies.wordpress.com/author/lligacelta/">Lliga Celta d’Asturies</a>   presenta’l so cartafueyu dixital  na Sala Conferencies de l’Academia la Llingua Asturiana</span></strong>Esta revista, de la que se darán a conocer los conteníos y porgüeyos a lo llargo la presentación, sedrá dixital y llevará’l nome del cartafueyu impresu que la Lliga Celta d’Asturies espublizó na década de los ochenta, asoleyándose diecisiete númberos pente’l 1981 ya’l 1990.</section>
</div>
<p style="text-align: center">
<!-- iframe plugin v.6.0 wordpress.org/plugins/iframe/ -->
<iframe loading="lazy" src="https://drive.google.com/file/d/13CLhseD603oPU4S_cJ5AbN_66lyI72_E/preview" width="705" height="960" 0="/iframe" scrolling="yes" class="iframe-class" frameborder="0"></iframe>
</p>
<hr />
<div class="oi9244e8 do00u71z j83agx80">
<div class="nc684nl6">
<div class="q676j6op qypqp5cg"></div>
</div>
</div>
<div class="" dir="auto">
<div id="jsc_c_hj" class="ecm0bbzt hv4rvrfc ihqw7lf3 dati1w0a" data-ad-comet-preview="message" data-ad-preview="message">
<div class="j83agx80 cbu4d94t ew0dbk1b irj2b8pg">
<div class="qzhwtbm6 knvmm38d">
<div class="kvgmc6g5 cxmmr5t8 oygrvhab hcukyx3x c1et5uql ii04i59q">
<div dir="auto">Dende la Lliga Celta d&#8217;Asturies tenemos el preste de presentavos el <a href="https://l.facebook.com/l.php?u=https%3A%2F%2Flookaside.fbsbx.com%2Ffile%2FASTOR%252019%252C%2520A%25C3%2591U%25202021.pdf%3Ftoken%3DAWy8PSsV0K_6ddKqgWoiaWRfxNOXXQYvgZSQbFavZ_xxeRjA1ONg54FDI6pmuuZeA2RQxBjPZ05uJMwd0J8cjsWHC9s3qwusWhtp2my8v0FinZ6Vg5-AyjBA5pRbotSZqt75YfBzZ1htxYUUcyDXtzV3zdzoDcrdUewXCG9flgOXxB-726vz5UeG2xde-2WpolhGGu3NaWgnzluxswXvS4O6q0C07hSZiomlzpYRT2_a3jpjVzwTlxlfkYqIAtH5cCq-_wPGI_rly-F4n9zMAc0bZgUFyL8B2729guBZPe6GA6BwNVKTV9Rhf5NLEBJUuvpAm8XytxD0L0vCBuzfhqMpgOAUyqkKw12ZgXLAzqBOeZIFyWNUlqhmuilY4LgfX6qu2um4ecTJmlOb9orhqvhxtrGexsI11Nf9Va_B1JjZQZT7U2FApPwk5ta1Niv23g8mudKnqqQntezft24RE3Hw7QVsgoGwGmqVTimPS17lIeColcRksLlPZ5VcXQHGl2CWIVKsWp_bmkE0lhIeJqXPc1iCRxkWWRLfEDX1BLyY_f9aEwEm0iaPwo08zDrGBaB46ny0tn7r_zHrg-IG2g30qVpPlKo1E8nrxKYAnXg-_A&amp;h=AT1wAi03HvITmg9IATKj30ILYDWZ7oKFso4-vnLnoCiXGMe_GQAJyGJt9ap5ca5pIheBMwYv44UQvP0b3VDxxRSellXjhhG9M7niewApNjH4kugqL6qdBeujqA6sOzQgoSWAtk55oHhSDdo&amp;__tn__=H-R&amp;c[0]=AT3O915XoA9HbaMCzkz4qOMwaUVIJwF_SqeucntoEq_bdvUMJSJGm_yN7yDfGThoDjZrvCwRjNfsajuwpCPzjHsBU9Qng0J19u-wSv0H5AUVrqrKBA4MaGrz3jZJLPOMCboqWrHSNuK-SVvaodb_3yBnB-u6s_KHe0tkgmsqegV3oQ8Cx_5hc6pPlGJINAEEDIA8AVJkfUrTUdPS6KLiNKojS5rrt2vk"><strong><em>númberu 19 de la revista ASTOR</em></strong></a>. El costu de la revista ye de 0,00€, namá tenéis que<a href="https://l.facebook.com/l.php?u=https%3A%2F%2Flookaside.fbsbx.com%2Ffile%2FASTOR%252019%252C%2520A%25C3%2591U%25202021.pdf%3Ftoken%3DAWy8PSsV0K_6ddKqgWoiaWRfxNOXXQYvgZSQbFavZ_xxeRjA1ONg54FDI6pmuuZeA2RQxBjPZ05uJMwd0J8cjsWHC9s3qwusWhtp2my8v0FinZ6Vg5-AyjBA5pRbotSZqt75YfBzZ1htxYUUcyDXtzV3zdzoDcrdUewXCG9flgOXxB-726vz5UeG2xde-2WpolhGGu3NaWgnzluxswXvS4O6q0C07hSZiomlzpYRT2_a3jpjVzwTlxlfkYqIAtH5cCq-_wPGI_rly-F4n9zMAc0bZgUFyL8B2729guBZPe6GA6BwNVKTV9Rhf5NLEBJUuvpAm8XytxD0L0vCBuzfhqMpgOAUyqkKw12ZgXLAzqBOeZIFyWNUlqhmuilY4LgfX6qu2um4ecTJmlOb9orhqvhxtrGexsI11Nf9Va_B1JjZQZT7U2FApPwk5ta1Niv23g8mudKnqqQntezft24RE3Hw7QVsgoGwGmqVTimPS17lIeColcRksLlPZ5VcXQHGl2CWIVKsWp_bmkE0lhIeJqXPc1iCRxkWWRLfEDX1BLyY_f9aEwEm0iaPwo08zDrGBaB46ny0tn7r_zHrg-IG2g30qVpPlKo1E8nrxKYAnXg-_A&amp;h=AT1wAi03HvITmg9IATKj30ILYDWZ7oKFso4-vnLnoCiXGMe_GQAJyGJt9ap5ca5pIheBMwYv44UQvP0b3VDxxRSellXjhhG9M7niewApNjH4kugqL6qdBeujqA6sOzQgoSWAtk55oHhSDdo&amp;__tn__=H-R&amp;c[0]=AT3O915XoA9HbaMCzkz4qOMwaUVIJwF_SqeucntoEq_bdvUMJSJGm_yN7yDfGThoDjZrvCwRjNfsajuwpCPzjHsBU9Qng0J19u-wSv0H5AUVrqrKBA4MaGrz3jZJLPOMCboqWrHSNuK-SVvaodb_3yBnB-u6s_KHe0tkgmsqegV3oQ8Cx_5hc6pPlGJINAEEDIA8AVJkfUrTUdPS6KLiNKojS5rrt2vk"><strong><em> descargala equí (pdf)</em></strong>,</a> lleela y esfrutala y, si gustóvos&#8230; compartila!</div>
<div dir="auto"></div>
<div dir="auto">Nesti exemplar vais atopar 7 escelentes artículos ilustraos con 97 ilustraciones y escritos en 3 idiomes: asturianu, español ya inglés.</div>
<div dir="auto">Los artículos son los siguientes:</div>
<ul>
<li><em>Los peñes de la Edá del Fierro</em></li>
<li><em>El harpa celta en Asturies</em></li>
<li><em>Antecedentes del celtismu asturianu nes fontes escrites sieglos XVI-XIX</em></li>
<li><em>L&#8217;Home Verde en Asturies. Reportaxe fotogrtáfico<br />
</em></li>
<li><em>La llingua celta irlandesa</em></li>
<li><em>Los ástures según les fontes grecorromanes</em></li>
<li><em>La mio madre llámame</em></li>
</ul>
</div>
</div>
</div>
</div>
</div>
<p><strong><em> </em></strong>
<!-- iframe plugin v.6.0 wordpress.org/plugins/iframe/ -->
<iframe loading="lazy" src="https://drive.google.com/file/d/169fWdLkaUJK-cPKGNinpQ0fk-GCW2YeV/preview" width="705" height="960" 0="/iframe" scrolling="yes" class="iframe-class" frameborder="0"></iframe>
</p>
<p>&nbsp;</p>

<p>Liga Celta d´Asturies Facebook Liga Celta d´Asturies WEB Naciones céltiques Revista dixital ASTOR La Lliga Celta d’Asturies   presenta’l so cartafueyu dixital  na Sala Conferencies de l’Academia la Llingua AsturianaEsta revista, de la que se darán a conocer los conteníos y porgüeyos a lo llargo la presentación, sedrá dixital y llevará’l nome del cartafueyu impresu [&hellip;]</p>
