{"id":875,"date":"2023-06-15T21:18:50","date_gmt":"2023-06-15T19:18:50","guid":{"rendered":"https:\/\/edublog.educastur.es\/llingua\/?page_id=875"},"modified":"2023-06-15T21:27:22","modified_gmt":"2023-06-15T19:27:22","slug":"uabra","status":"publish","type":"page","link":"https:\/\/edublog.educastur.es\/llingua\/alla\/uabra\/","title":{"rendered":"UABRA"},"content":{"rendered":"<div class=\"brz-row__container brz-css-mpwly\" data-custom-id=\"ociqjafupodysodbwutrmpafhzrabakuqnjs\">\n<div class=\"brz-row brz-css-vqhxj brz-css-xvdwu\">\n<div class=\"brz-columns brz-css-ywaag brz-css-rdoyp\" data-custom-id=\"nbntpqprhokifzhcejqoihlfnwikxjekulii\">\n<div class=\"brz-column__items brz-css-pxoyi brz-css-kqate\">\n<div class=\"brz-css-toyhb brz-wrapper\">\n<div class=\"brz-rich-text brz-rich-text__custom brz-css-xueva\" data-custom-id=\"umqzhztnwrocnmipzjhqmtyzweubkxbzsaxp\">\n<div>\n<p style=\"text-align: center\" data-generated-css=\"brz-css-bqhet\" data-uniq-id=\"xkgxz\"><img loading=\"lazy\" decoding=\"async\" class=\"aligncenter \" src=\"https:\/\/alladixital.org\/wp-content\/uploads\/2022\/02\/logo_LLINGUA_280_V4.jpg\" width=\"310\" height=\"114\" \/><\/p>\n<p style=\"text-align: center\" data-generated-css=\"brz-css-bqhet\" data-uniq-id=\"xkgxz\"><a href=\"https:\/\/alladixital.org\/uabra\/\"><img loading=\"lazy\" decoding=\"async\" class=\"aligncenter \" src=\"https:\/\/alladixital.org\/wp-content\/uploads\/2023\/05\/Logo-UABRA-color-tresparente.png\" width=\"575\" height=\"209\" \/><\/a><\/p>\n<p class=\"brz-css-dpjcm\" data-generated-css=\"brz-css-bqhet\" data-uniq-id=\"xkgxz\"><span class=\"brz-cp-color7\">La <strong><span style=\"color: #008080\">Universid\u00e1 Asturiana de Branu (UABRA)<\/span><\/strong> ye un espaciu d\u2019ense\u00f1u lling\u00fc\u00edsticu y cultural intensivu, dirix\u00edu pola profesora y acad\u00e9mica Cristina Vald\u00e9s. N\u00e9l, l\u2019Academia \u2014en collaboraci\u00f3n cola Universid\u00e1 d\u2019Uvi\u00e9u, el Princip\u00e1u y los conceyos qu\u2019acueyen la programaci\u00f3n presencial\u2014 ufierta dellos cursos, xebraos en tres categor\u00edes:<\/span><\/p>\n<\/div>\n<\/div>\n<\/div>\n<div class=\"brz-css-toyhb brz-wrapper\">\n<div class=\"brz-rich-text brz-rich-text__custom brz-css-xueva\" data-custom-id=\"kbutgwcgtypfdyalsdizxbggnjvnfrbpaknn\">\n<div>\n<ul>\n<li class=\"brz-css-uewuc\" data-uniq-id=\"nruvo\" data-generated-css=\"brz-css-skmam\"><strong class=\"brz-cp-color7\">Formaci\u00f3n Lling\u00fc\u00edstica Xeneral<\/strong><span class=\"brz-cp-color7\">, de dos selmanes de duraci\u00f3n: cursos elemental y avanz\u00e1u de llingua asturiana.<\/span><\/li>\n<\/ul>\n<ul>\n<li class=\"brz-css-ibjlm\" data-uniq-id=\"pdgsa\" data-generated-css=\"brz-css-bmhgz\"><strong class=\"brz-cp-color7\">Capacitaci\u00f3n Docente n\u2019Eonaviegu<\/strong><span class=\"brz-cp-color7\">, <\/span><span class=\"brz-cp-color7\">de dos selmanes duraci\u00f3n y periodizaci\u00f3n bia\u00f1al: los a\u00f1os pares desend\u00f3lcase\u2019l primer nivel y los a\u00f1os impares el segundu y el terceru.<\/span><\/li>\n<\/ul>\n<ul>\n<li class=\"brz-css-kculw\" data-generated-css=\"brz-css-xktik\" data-uniq-id=\"sndox\"><strong class=\"brz-cp-color7\">Cursos d\u2019Afondamientu Cultural y Lling\u00fc\u00edsticu<\/strong><span class=\"brz-cp-color7\">, d\u2019una selmana de duraci\u00f3n, dedicaos a meteries perestremaes: mediu natural, patrimoniu, m\u00fasica, deporte, traducci\u00f3n\u2026<\/span><\/li>\n<\/ul>\n<\/div>\n<\/div>\n<\/div>\n<\/div>\n<\/div>\n<\/div>\n<\/div>\n<div class=\"brz-row__container brz-css-mpwly\" data-custom-id=\"feqldyajepknyrzvjqxotabihxepozxeoesa\">\n<div class=\"brz-bg overflow-hidden !z-auto absolute top-0 left-0 w-full h-full\"><\/div>\n<div class=\"brz-row brz-css-vqhxj\">\n<div class=\"brz-columns brz-css-ywaag brz-css-cpvww\" data-custom-id=\"vvqjabxkwaqcbxfaclblpmnxvejnwunrzzmk\">\n<div class=\"brz-column__items brz-css-pxoyi\">\n<div class=\"brz-css-toyhb brz-wrapper\">\n<div class=\"brz-rich-text brz-rich-text__custom brz-css-xueva\" data-custom-id=\"vcnfnixqmkffzoliuqwpfvvtbgtzhofpbvuh\">\n<div>\n<p class=\"brz-css-xxwen\" data-uniq-id=\"cxnpn\" data-generated-css=\"brz-css-nlvgq\"><span class=\"brz-cp-color7\">Am\u00e1s, estos Cursos tienen, pal personal docente de Primaria y Secundaria d\u2019Asturies, la reconocencia oficial de la Conseyer\u00eda d\u2019Educaci\u00f3n del Princip\u00e1u d\u2019Asturies, darr\u00e9u de l\u2019acreitaci\u00f3n de l\u2019Academia como \u00abEntid\u00e1 Organizadora d\u2019Actividaes de Formaci\u00f3n Permanente del Profesor\u00e1u\u00bb. <\/span><\/p>\n<\/div>\n<\/div>\n<\/div>\n<\/div>\n<\/div>\n<\/div>\n<\/div>\n<div class=\"brz-css-toyhb brz-css-khviv brz-wrapper\">\n<div class=\"brz-spacer brz-css-amfnu\"><\/div>\n<\/div>\n<div class=\"brz-wrapper-clone brz-css-ovqmd\">\n<div class=\"brz-d-xs-flex brz-flex-xs-wrap brz-css-kuuqe\">\n<div id=\"wigpobwcqtqufscbabhfuvddwkpuvnietyxl\" class=\"brz-wrapper-clone__item brz-css-picik\">\n<div class=\"brz-hover-animation__container brz-btn-hover__unset-height\" data-hover-animationid=\"jooiwwtzqkkgkjqctmydhwaprydodimwdebe\" data-hover-options=\"%7B%22duration%22:600,%22iterations%22:1%7D\" data-hover-reversible=\"true\" data-custom-id=\"wigpobwcqtqufscbabhfuvddwkpuvnietyxl\">\n<div class=\"brz-hover-animation\"><\/div>\n<\/div>\n<\/div>\n<\/div>\n<\/div>\n<div class=\"brz-css-toyhb brz-css-khviv brz-wrapper\">\n<div class=\"brz-spacer brz-css-amfnu brz-css-pslxn\"><\/div>\n<\/div>\n<div class=\"brz-row__container brz-css-mpwly\" data-custom-id=\"swhzcubmqxrjcjmxgcrupzekwryqezbdbyyp\">\n<div class=\"brz-bg overflow-hidden !z-auto absolute top-0 left-0 w-full h-full\"><\/div>\n<div class=\"brz-row brz-css-vqhxj brz-css-xvdwu\">\n<div class=\"brz-columns brz-css-ywaag brz-css-zsiyo\" data-custom-id=\"uoiqnzzorjszocaxnqbixekygfmhcnyxzydz\">\n<div class=\"brz-bg overflow-hidden !z-auto absolute top-0 left-0 w-full h-full\"><\/div>\n<div class=\"brz-column__items brz-css-pxoyi\">\n<div class=\"brz-css-toyhb brz-wrapper\">\n<div class=\"brz-image brz-css-vdjpn\" data-custom-id=\"tiazvhcuifpgyggbwwzygtxealrpatfbmnub\"><img decoding=\"async\" class=\"brz-img ls-is-cached lazyloaded\" src=\"https:\/\/alladixital.org\/wp-content\/uploads\/brizy\/imgs\/Cartel-UABRA-387x732x0x0x387x732x1686308473.png\" alt=\"\" data-srcset=\"https:\/\/alladixital.org\/wp-content\/uploads\/brizy\/imgs\/Cartel-UABRA-396x749x0x0x396x749x1686308473.png 1x, https:\/\/alladixital.org\/wp-content\/uploads\/brizy\/imgs\/Cartel-UABRA-792x1498x0x0x792x1498x1686308473.png 2x\" data-src=\"https:\/\/alladixital.org\/wp-content\/uploads\/brizy\/imgs\/Cartel-UABRA-387x732x0x0x387x732x1686308473.png\" \/><\/div>\n<\/div>\n<\/div>\n<\/div>\n<div class=\"brz-columns brz-css-ywaag brz-css-efjyy\" data-custom-id=\"flllqvxkkjjalcmtsgohjepjaoftalopgjfs\">\n<div class=\"brz-bg overflow-hidden !z-auto absolute top-0 left-0 w-full h-full\"><\/div>\n<div class=\"brz-column__items brz-css-pxoyi\">\n<div class=\"brz-css-toyhb brz-wrapper\">\n<div class=\"brz-rich-text brz-rich-text__custom brz-css-xueva\" data-custom-id=\"xjwqlzbdlgmrvifsigupozxwhajwypchncdt\">\n<div>\n<p class=\"brz-css-qwbjn\" data-generated-css=\"brz-css-okytv\" data-uniq-id=\"uzdcj\"><span class=\"brz-cp-color7\">Lo<\/span><\/p>\n<\/div>\n<\/div>\n<\/div>\n<\/div>\n<\/div>\n<\/div>\n<\/div>\n","protected":false},"excerpt":{"rendered":"<p>La Universid\u00e1 Asturiana de Branu (UABRA) ye un espaciu d\u2019ense\u00f1u lling\u00fc\u00edsticu y cultural intensivu, dirix\u00edu pola profesora y acad\u00e9mica Cristina Vald\u00e9s. N\u00e9l, l\u2019Academia \u2014en collaboraci\u00f3n cola Universid\u00e1 d\u2019Uvi\u00e9u, el Princip\u00e1u y los conceyos qu\u2019acueyen la programaci\u00f3n presencial\u2014 ufierta dellos cursos, xebraos en tres categor\u00edes: Formaci\u00f3n Lling\u00fc\u00edstica Xeneral, de dos selmanes de duraci\u00f3n: cursos elemental y [&hellip;]<\/p>\n","protected":false},"author":117,"featured_media":0,"parent":183,"menu_order":0,"comment_status":"closed","ping_status":"closed","template":"","meta":{"footnotes":""},"class_list":["post-875","page","type-page","status-publish","hentry","post-preview"],"_links":{"self":[{"href":"https:\/\/edublog.educastur.es\/llingua\/wp-json\/wp\/v2\/pages\/875","targetHints":{"allow":["GET"]}}],"collection":[{"href":"https:\/\/edublog.educastur.es\/llingua\/wp-json\/wp\/v2\/pages"}],"about":[{"href":"https:\/\/edublog.educastur.es\/llingua\/wp-json\/wp\/v2\/types\/page"}],"author":[{"embeddable":true,"href":"https:\/\/edublog.educastur.es\/llingua\/wp-json\/wp\/v2\/users\/117"}],"replies":[{"embeddable":true,"href":"https:\/\/edublog.educastur.es\/llingua\/wp-json\/wp\/v2\/comments?post=875"}],"version-history":[{"count":4,"href":"https:\/\/edublog.educastur.es\/llingua\/wp-json\/wp\/v2\/pages\/875\/revisions"}],"predecessor-version":[{"id":882,"href":"https:\/\/edublog.educastur.es\/llingua\/wp-json\/wp\/v2\/pages\/875\/revisions\/882"}],"up":[{"embeddable":true,"href":"https:\/\/edublog.educastur.es\/llingua\/wp-json\/wp\/v2\/pages\/183"}],"wp:attachment":[{"href":"https:\/\/edublog.educastur.es\/llingua\/wp-json\/wp\/v2\/media?parent=875"}],"curies":[{"name":"wp","href":"https:\/\/api.w.org\/{rel}","templated":true}]}}