{"id":28,"date":"2022-05-29T18:45:27","date_gmt":"2022-05-29T18:45:27","guid":{"rendered":"https:\/\/edublog.educastur.es\/martimporrarecicla22\/?page_id=28"},"modified":"2025-04-27T16:53:49","modified_gmt":"2025-04-27T16:53:49","slug":"participacion","status":"publish","type":"page","link":"https:\/\/edublog.educastur.es\/martimporrarecicla22\/participacion\/","title":{"rendered":"REACCIONAR"},"content":{"rendered":"<p><span style=\"font-family: verdana, geneva, sans-serif;font-size: 14pt\">A lo largo de todos estos a\u00f1os perteneciendo a la Red de Escuelas por el Reciclaje (desde 2018) y ahora en la nueva etapa de la Red de Escuelas por la Circularidad, siempre tuvimos muy claro que todas las actividades que desarroll\u00e1bamos implicaban directa o indirectamente al resto de la comunidad. <\/span><\/p>\n<p><span style=\"font-family: verdana, geneva, sans-serif;font-size: 14pt\">Consideramos que la labor educativa que desarrollamos con nuestro alumnado debe traspasar\u00a0 los muros f\u00edsicos de la escuela y convertirse en un punto de encuentro y aprendizaje para toda la comunidad. Lo que se conoce como <strong>aprendizaje servicio.\u00a0<\/strong><\/span><\/p>\n<ul>\n<li><span style=\"font-family: verdana, geneva, sans-serif;font-size: 14pt\">El <strong>\u00e1rbol cooperativo<\/strong> lo realizamos cada Navidad y fue una de las primeras actividades en las que comenzamos a implicar a las familias ( all\u00e1 por el 2018). La decoraci\u00f3n se elabora de manera colaborativa\u00a0 familia_centro\u00a0 y luego\u00a0 se incorpora el Ayuntamiento haciendo que este \u00e1rbol luzca en el Consistorio durante todas las vacaciones.<\/span><\/li>\n<li><span style=\"font-family: verdana, geneva, sans-serif;font-size: 14pt\">Participamos desde hace 6 cursos en el concurso de la Escuela Municipal de M\u00fasica de Nava, fabricando <strong>\u00abconstrumentos\u00bb<\/strong> con materiales reutilizados que aportan las familias.<\/span><\/li>\n<li><span style=\"font-family: verdana, geneva, sans-serif;font-size: 14pt\">Nuestra actividad estrella es el <strong>MERC\u00c1U O PUEST\u00cdN SOLIDARIU<\/strong>,\u00a0 que ya va por el segundo a\u00f1o. Esta tarea incluye un verdadero aprendizaje servicio, ya que se da una\u00a0 colaboraci\u00f3n entre distintos sectores para conseguir un objetivo com\u00fan, en este caso, recaudar fondos para la Asociaci\u00f3n Galb\u00e1n.\u00a0 Trabajamos conjuntamente: Colegio, AMPA, Ayuntamiento y el Centro de Apoyo Diurno de personas mayores del concejo.<\/span><\/li>\n<li><span style=\"font-family: verdana, geneva, sans-serif;font-size: 14pt\">Otra de las actividades participativas fue el cartel elaborado a trav\u00e9s de un taller entre colegio y familias que presentamos al concurso <strong>arte textil.<\/strong><\/span><\/li>\n<li><span style=\"font-family: verdana, geneva, sans-serif;font-size: 14pt\">Y por \u00faltimo, este curso realizamos un taller de<strong> \u00abeconom\u00eda circular en una botella\u00bb<\/strong>\u00a0 en el que por primera vez participaron familia y alumnado en la misma actividad, lo que result\u00f3 muy gratificante para todos.<\/span><\/li>\n<\/ul>\n<p>&nbsp;<\/p>\n<p><span style=\"font-family: verdana, geneva, sans-serif;font-size: 14pt\">Mostramos a continuaci\u00f3n en formato sway estas\u00a0 actividades que hemos ido realizando a\u00f1o tras a\u00f1o, agrupadas en tem\u00e1ticas que se repiten cada curso y que implican a varios sectores de nuestra comunidad educativa.<\/span><\/p>\n<p>&nbsp;<\/p>\n<p>&nbsp;<\/p>\n<p>&nbsp;<\/p>\n<p>&nbsp;<\/p>\n\n<!-- iframe plugin v.6.0 wordpress.org\/plugins\/iframe\/ -->\n<iframe loading=\"lazy\" width=\"760px\" height=\"500px\" src=\"https:\/\/sway.office.com\/s\/iAAMBOiv4orfnFsm\/embed\" 0=\"frameborder=&quot;\" scrolling=\"yes\" class=\"iframe-class\" frameborder=\"0\"><\/iframe>\n\n<p>************************************************************************************************************************<\/p>\n\n<!-- iframe plugin v.6.0 wordpress.org\/plugins\/iframe\/ -->\n<iframe loading=\"lazy\" width=\"760px\" height=\"500px\" src=\"https:\/\/sway.office.com\/s\/njaMdFsBdqo6DUls\/embed\" 0=\"frameborder=&quot;\" scrolling=\"yes\" class=\"iframe-class\" frameborder=\"0\"><\/iframe>\n\n<p>************************************************************************************************************************<\/p>\n\n<!-- iframe plugin v.6.0 wordpress.org\/plugins\/iframe\/ -->\n<iframe loading=\"lazy\" width=\"760px\" height=\"500px\" src=\"https:\/\/sway.office.com\/s\/jx2nPo7P7I0D2MwI\/embed\" 0=\"frameborder=&quot;\" scrolling=\"yes\" class=\"iframe-class\" frameborder=\"0\"><\/iframe>\n\n<p>*************************************************************************************************************************<\/p>\n\n<!-- iframe plugin v.6.0 wordpress.org\/plugins\/iframe\/ -->\n<iframe loading=\"lazy\" width=\"760px\" height=\"500px\" src=\"https:\/\/sway.cloud.microsoft\/s\/uRyXQZf8pq8CLxlN\/embed\" 0=\"frameborder=&quot;\" scrolling=\"yes\" class=\"iframe-class\" frameborder=\"0\"><\/iframe>\n\n<p>*************************************************************************************************************************<\/p>\n\n<!-- iframe plugin v.6.0 wordpress.org\/plugins\/iframe\/ -->\n<iframe loading=\"lazy\" width=\"760px\" height=\"500px\" src=\"https:\/\/sway.cloud.microsoft\/s\/3O5GFS95cB2dP73M\/embed\" 0=\"frameborder=&quot;\" scrolling=\"yes\" class=\"iframe-class\" frameborder=\"0\"><\/iframe>\n\n<p>*************************************************************************************************************************<\/p>\n\n<!-- iframe plugin v.6.0 wordpress.org\/plugins\/iframe\/ -->\n<iframe loading=\"lazy\" width=\"760px\" height=\"500px\" src=\"https:\/\/sway.office.com\/s\/6H81GtZ6eSWnQcfn\/embed\" 0=\"frameborder=&quot;\" scrolling=\"yes\" class=\"iframe-class\" frameborder=\"0\"><\/iframe>\n\n<p>*************************************************************************************************************************<\/p>\n\n<!-- iframe plugin v.6.0 wordpress.org\/plugins\/iframe\/ -->\n<iframe loading=\"lazy\" width=\"760px\" height=\"500px\" src=\"https:\/\/sway.cloud.microsoft\/s\/pZtehbkvyK9nxX0g\/embed\" 0=\"frameborder=&quot;\" scrolling=\"yes\" class=\"iframe-class\" frameborder=\"0\"><\/iframe>\n\n","protected":false},"excerpt":{"rendered":"<p>A lo largo de todos estos a\u00f1os perteneciendo a la Red de Escuelas por el Reciclaje (desde 2018) y ahora en la nueva etapa de la Red de Escuelas por la Circularidad, siempre tuvimos muy claro que todas las actividades que desarroll\u00e1bamos implicaban directa o indirectamente al resto de la comunidad. Consideramos que la labor [&hellip;]<\/p>\n","protected":false},"author":30,"featured_media":0,"parent":0,"menu_order":2,"comment_status":"closed","ping_status":"closed","template":"","meta":{"footnotes":""},"class_list":["post-28","page","type-page","status-publish","hentry","post-preview"],"_links":{"self":[{"href":"https:\/\/edublog.educastur.es\/martimporrarecicla22\/wp-json\/wp\/v2\/pages\/28","targetHints":{"allow":["GET"]}}],"collection":[{"href":"https:\/\/edublog.educastur.es\/martimporrarecicla22\/wp-json\/wp\/v2\/pages"}],"about":[{"href":"https:\/\/edublog.educastur.es\/martimporrarecicla22\/wp-json\/wp\/v2\/types\/page"}],"author":[{"embeddable":true,"href":"https:\/\/edublog.educastur.es\/martimporrarecicla22\/wp-json\/wp\/v2\/users\/30"}],"replies":[{"embeddable":true,"href":"https:\/\/edublog.educastur.es\/martimporrarecicla22\/wp-json\/wp\/v2\/comments?post=28"}],"version-history":[{"count":16,"href":"https:\/\/edublog.educastur.es\/martimporrarecicla22\/wp-json\/wp\/v2\/pages\/28\/revisions"}],"predecessor-version":[{"id":194,"href":"https:\/\/edublog.educastur.es\/martimporrarecicla22\/wp-json\/wp\/v2\/pages\/28\/revisions\/194"}],"wp:attachment":[{"href":"https:\/\/edublog.educastur.es\/martimporrarecicla22\/wp-json\/wp\/v2\/media?parent=28"}],"curies":[{"name":"wp","href":"https:\/\/api.w.org\/{rel}","templated":true}]}}

<p><span style="font-family: verdana, geneva, sans-serif;font-size: 14pt">A lo largo de todos estos años perteneciendo a la Red de Escuelas por el Reciclaje (desde 2018) y ahora en la nueva etapa de la Red de Escuelas por la Circularidad, siempre tuvimos muy claro que todas las actividades que desarrollábamos implicaban directa o indirectamente al resto de la comunidad. </span></p>
<p><span style="font-family: verdana, geneva, sans-serif;font-size: 14pt">Consideramos que la labor educativa que desarrollamos con nuestro alumnado debe traspasar  los muros físicos de la escuela y convertirse en un punto de encuentro y aprendizaje para toda la comunidad. Lo que se conoce como <strong>aprendizaje servicio. </strong></span></p>
<ul>
<li><span style="font-family: verdana, geneva, sans-serif;font-size: 14pt">El <strong>árbol cooperativo</strong> lo realizamos cada Navidad y fue una de las primeras actividades en las que comenzamos a implicar a las familias ( allá por el 2018). La decoración se elabora de manera colaborativa  familia_centro  y luego  se incorpora el Ayuntamiento haciendo que este árbol luzca en el Consistorio durante todas las vacaciones.</span></li>
<li><span style="font-family: verdana, geneva, sans-serif;font-size: 14pt">Participamos desde hace 6 cursos en el concurso de la Escuela Municipal de Música de Nava, fabricando <strong>«construmentos»</strong> con materiales reutilizados que aportan las familias.</span></li>
<li><span style="font-family: verdana, geneva, sans-serif;font-size: 14pt">Nuestra actividad estrella es el <strong>MERCÁU O PUESTÍN SOLIDARIU</strong>,  que ya va por el segundo año. Esta tarea incluye un verdadero aprendizaje servicio, ya que se da una  colaboración entre distintos sectores para conseguir un objetivo común, en este caso, recaudar fondos para la Asociación Galbán.  Trabajamos conjuntamente: Colegio, AMPA, Ayuntamiento y el Centro de Apoyo Diurno de personas mayores del concejo.</span></li>
<li><span style="font-family: verdana, geneva, sans-serif;font-size: 14pt">Otra de las actividades participativas fue el cartel elaborado a través de un taller entre colegio y familias que presentamos al concurso <strong>arte textil.</strong></span></li>
<li><span style="font-family: verdana, geneva, sans-serif;font-size: 14pt">Y por último, este curso realizamos un taller de<strong> «economía circular en una botella»</strong>  en el que por primera vez participaron familia y alumnado en la misma actividad, lo que resultó muy gratificante para todos.</span></li>
</ul>
<p>&nbsp;</p>
<p><span style="font-family: verdana, geneva, sans-serif;font-size: 14pt">Mostramos a continuación en formato sway estas  actividades que hemos ido realizando año tras año, agrupadas en temáticas que se repiten cada curso y que implican a varios sectores de nuestra comunidad educativa.</span></p>
<p>&nbsp;</p>
<p>&nbsp;</p>
<p>&nbsp;</p>
<p>&nbsp;</p>

<!-- iframe plugin v.6.0 wordpress.org/plugins/iframe/ -->
<iframe loading="lazy" width="760px" height="500px" src="https://sway.office.com/s/iAAMBOiv4orfnFsm/embed" 0="frameborder=&quot;" scrolling="yes" class="iframe-class" frameborder="0"></iframe>

<p>************************************************************************************************************************</p>

<!-- iframe plugin v.6.0 wordpress.org/plugins/iframe/ -->
<iframe loading="lazy" width="760px" height="500px" src="https://sway.office.com/s/njaMdFsBdqo6DUls/embed" 0="frameborder=&quot;" scrolling="yes" class="iframe-class" frameborder="0"></iframe>

<p>************************************************************************************************************************</p>

<!-- iframe plugin v.6.0 wordpress.org/plugins/iframe/ -->
<iframe loading="lazy" width="760px" height="500px" src="https://sway.office.com/s/jx2nPo7P7I0D2MwI/embed" 0="frameborder=&quot;" scrolling="yes" class="iframe-class" frameborder="0"></iframe>

<p>*************************************************************************************************************************</p>

<!-- iframe plugin v.6.0 wordpress.org/plugins/iframe/ -->
<iframe loading="lazy" width="760px" height="500px" src="https://sway.cloud.microsoft/s/uRyXQZf8pq8CLxlN/embed" 0="frameborder=&quot;" scrolling="yes" class="iframe-class" frameborder="0"></iframe>

<p>*************************************************************************************************************************</p>

<!-- iframe plugin v.6.0 wordpress.org/plugins/iframe/ -->
<iframe loading="lazy" width="760px" height="500px" src="https://sway.cloud.microsoft/s/3O5GFS95cB2dP73M/embed" 0="frameborder=&quot;" scrolling="yes" class="iframe-class" frameborder="0"></iframe>

<p>*************************************************************************************************************************</p>

<!-- iframe plugin v.6.0 wordpress.org/plugins/iframe/ -->
<iframe loading="lazy" width="760px" height="500px" src="https://sway.office.com/s/6H81GtZ6eSWnQcfn/embed" 0="frameborder=&quot;" scrolling="yes" class="iframe-class" frameborder="0"></iframe>

<p>*************************************************************************************************************************</p>

<!-- iframe plugin v.6.0 wordpress.org/plugins/iframe/ -->
<iframe loading="lazy" width="760px" height="500px" src="https://sway.cloud.microsoft/s/pZtehbkvyK9nxX0g/embed" 0="frameborder=&quot;" scrolling="yes" class="iframe-class" frameborder="0"></iframe>

<p>A lo largo de todos estos años perteneciendo a la Red de Escuelas por el Reciclaje (desde 2018) y ahora en la nueva etapa de la Red de Escuelas por la Circularidad, siempre tuvimos muy claro que todas las actividades que desarrollábamos implicaban directa o indirectamente al resto de la comunidad. Consideramos que la labor [&hellip;]</p>
