{"id":31,"date":"2022-05-29T18:45:51","date_gmt":"2022-05-29T18:45:51","guid":{"rendered":"https:\/\/edublog.educastur.es\/martimporrarecicla22\/?page_id=31"},"modified":"2023-04-22T10:49:15","modified_gmt":"2023-04-22T10:49:15","slug":"reutilizar","status":"publish","type":"page","link":"https:\/\/edublog.educastur.es\/martimporrarecicla22\/reutilizar\/","title":{"rendered":"REUTILIZAR"},"content":{"rendered":"<p>&nbsp;<\/p>\n<div align=\"justify\"><span style=\"font-family: verdana, geneva, sans-serif\">La palabra reutilizar est\u00e1 presente en el d\u00eda a d\u00eda de nuestras aulas.<\/span><\/div>\n<div align=\"justify\"><span style=\"font-family: verdana, geneva, sans-serif\">En momentos tan cotidianos como el aperitivo, se generan residuos y siempre hay alguien que dice : \u00bfesto lo tiramos\u00a0o sirve para algo?<\/span><\/div>\n<div align=\"justify\"><\/div>\n<div align=\"justify\"><span style=\"font-family: verdana, geneva, sans-serif\"><strong>La conciencia de poder volver a usar los objetos y materiales por segunda vez est\u00e1 muy interiorizada en toda nuestra comunidad educativa.<\/strong><\/span><\/div>\n<div align=\"justify\"><\/div>\n<div align=\"justify\"><span style=\"font-family: verdana, geneva, sans-serif\">La mayor\u00eda de las\u00a0<strong>actividades pl\u00e1sticas<\/strong>\u00a0se realizan con materiales de segundo uso. Se aprovechan envoltorios, cajas, recipientes, materiales del entorno&#8230;<\/span><\/div>\n<div align=\"justify\"><span style=\"font-family: verdana, geneva, sans-serif\">Os ofrecemos un peque\u00f1a muestra de algunas de las actividades que hemos realizado. Mostrarlas todas ser\u00eda imposible.<\/span><\/div>\n<div align=\"justify\"><\/div>\n<div align=\"justify\"><\/div>\n<div align=\"justify\">**************************************************************************************************************************************<\/div>\n<div align=\"justify\"><\/div>\n\n<!-- iframe plugin v.6.0 wordpress.org\/plugins\/iframe\/ -->\n<iframe loading=\"lazy\" width=\"760px\" height=\"500px\" src=\"https:\/\/sway.office.com\/s\/OqBlG7HyQm1bRGQN\/embed\" 0=\"frameborder=&quot;\" scrolling=\"yes\" class=\"iframe-class\" frameborder=\"0\"><\/iframe>\n\n","protected":false},"excerpt":{"rendered":"<p>&nbsp; La palabra reutilizar est\u00e1 presente en el d\u00eda a d\u00eda de nuestras aulas. En momentos tan cotidianos como el aperitivo, se generan residuos y siempre hay alguien que dice : \u00bfesto lo tiramos\u00a0o sirve para algo? La conciencia de poder volver a usar los objetos y materiales por segunda vez est\u00e1 muy interiorizada en [&hellip;]<\/p>\n","protected":false},"author":30,"featured_media":0,"parent":0,"menu_order":4,"comment_status":"closed","ping_status":"closed","template":"","meta":{"footnotes":""},"class_list":["post-31","page","type-page","status-publish","hentry","post-preview"],"_links":{"self":[{"href":"https:\/\/edublog.educastur.es\/martimporrarecicla22\/wp-json\/wp\/v2\/pages\/31","targetHints":{"allow":["GET"]}}],"collection":[{"href":"https:\/\/edublog.educastur.es\/martimporrarecicla22\/wp-json\/wp\/v2\/pages"}],"about":[{"href":"https:\/\/edublog.educastur.es\/martimporrarecicla22\/wp-json\/wp\/v2\/types\/page"}],"author":[{"embeddable":true,"href":"https:\/\/edublog.educastur.es\/martimporrarecicla22\/wp-json\/wp\/v2\/users\/30"}],"replies":[{"embeddable":true,"href":"https:\/\/edublog.educastur.es\/martimporrarecicla22\/wp-json\/wp\/v2\/comments?post=31"}],"version-history":[{"count":5,"href":"https:\/\/edublog.educastur.es\/martimporrarecicla22\/wp-json\/wp\/v2\/pages\/31\/revisions"}],"predecessor-version":[{"id":139,"href":"https:\/\/edublog.educastur.es\/martimporrarecicla22\/wp-json\/wp\/v2\/pages\/31\/revisions\/139"}],"wp:attachment":[{"href":"https:\/\/edublog.educastur.es\/martimporrarecicla22\/wp-json\/wp\/v2\/media?parent=31"}],"curies":[{"name":"wp","href":"https:\/\/api.w.org\/{rel}","templated":true}]}}

<p>&nbsp;</p>
<div align="justify"><span style="font-family: verdana, geneva, sans-serif">La palabra reutilizar está presente en el día a día de nuestras aulas.</span></div>
<div align="justify"><span style="font-family: verdana, geneva, sans-serif">En momentos tan cotidianos como el aperitivo, se generan residuos y siempre hay alguien que dice : ¿esto lo tiramos o sirve para algo?</span></div>
<div align="justify"></div>
<div align="justify"><span style="font-family: verdana, geneva, sans-serif"><strong>La conciencia de poder volver a usar los objetos y materiales por segunda vez está muy interiorizada en toda nuestra comunidad educativa.</strong></span></div>
<div align="justify"></div>
<div align="justify"><span style="font-family: verdana, geneva, sans-serif">La mayoría de las <strong>actividades plásticas</strong> se realizan con materiales de segundo uso. Se aprovechan envoltorios, cajas, recipientes, materiales del entorno&#8230;</span></div>
<div align="justify"><span style="font-family: verdana, geneva, sans-serif">Os ofrecemos un pequeña muestra de algunas de las actividades que hemos realizado. Mostrarlas todas sería imposible.</span></div>
<div align="justify"></div>
<div align="justify"></div>
<div align="justify">**************************************************************************************************************************************</div>
<div align="justify"></div>

<!-- iframe plugin v.6.0 wordpress.org/plugins/iframe/ -->
<iframe loading="lazy" width="760px" height="500px" src="https://sway.office.com/s/OqBlG7HyQm1bRGQN/embed" 0="frameborder=&quot;" scrolling="yes" class="iframe-class" frameborder="0"></iframe>

<p>&nbsp; La palabra reutilizar está presente en el día a día de nuestras aulas. En momentos tan cotidianos como el aperitivo, se generan residuos y siempre hay alguien que dice : ¿esto lo tiramos o sirve para algo? La conciencia de poder volver a usar los objetos y materiales por segunda vez está muy interiorizada en [&hellip;]</p>
