{"id":36,"date":"2022-05-29T18:47:51","date_gmt":"2022-05-29T18:47:51","guid":{"rendered":"https:\/\/edublog.educastur.es\/martimporrarecicla22\/?page_id=36"},"modified":"2024-05-03T18:15:35","modified_gmt":"2024-05-03T18:15:35","slug":"reutilizar-2","status":"publish","type":"page","link":"https:\/\/edublog.educastur.es\/martimporrarecicla22\/reutilizar-2\/","title":{"rendered":"RECICLAR"},"content":{"rendered":"<p><span style=\"font-family: verdana, geneva, sans-serif\">\u2022 Pretendemos que todo el alumnado, desde infantil hasta el \u00faltimo curso de primaria se sienta part\u00edcipe de la tarea de reciclaje. Cada aula tendr\u00e1 una papelera amarilla y otra azul, y al final de la semana, los encargados\/as depositar\u00e1n los residuos en los contenedores grandes de pasillo.<\/span><\/p>\n<p><span style=\"font-family: verdana, geneva, sans-serif\">\u2022 El alumnado de 3\u00ba y 4\u00ba, por turnos realizar\u00e1 la \u201cpatrulla del reciclaje\u201d. Se encargar\u00e1n de cuidar que los residuos del patio vayan al contenedor correspondiente.<\/span><\/p>\n<p><span style=\"font-family: verdana, geneva, sans-serif\">\u2022 El alumnado de 5\u00ba y 6\u00ba, por turnos, una vez por semana, depositar\u00e1n los residuos de los contenedores de pasillo en el punto limpio del exterior del centro.<\/span><\/p>\n<p><span style=\"font-family: verdana, geneva, sans-serif\">\u2022 Tambi\u00e9n ser\u00e1 esta clase, la encargada de cuantificar los residuos generados cada semana, de manera que se puedan enviar a Cogersa los datos solicitados cada trimestre.<\/span><\/p>\n<p><span style=\"font-family: verdana, geneva, sans-serif\">\u2022 Durante el periodo de comedor, el alumnado de 5\u00ba y 6\u00ba se encargar\u00e1 por parejas de recoger los residuos org\u00e1nicos que luego se llevar\u00e1n a la compostadora.<\/span><\/p>\n<p>&nbsp;<\/p>\n<p>&nbsp;<\/p>\n\n<!-- iframe plugin v.6.0 wordpress.org\/plugins\/iframe\/ -->\n<iframe loading=\"lazy\" width=\"760px\" height=\"500px\" src=\"https:\/\/sway.office.com\/s\/l7hMiAigln4UtzWL\/embed\" 0=\"frameborder=&quot;\" scrolling=\"yes\" class=\"iframe-class\" frameborder=\"0\"><\/iframe>\n\n<p>Gracias a la actividad \u00abOdisea en la basura\u00bb pudimos iniciarnos en la auditor\u00eda de los residuos, obteniendo con ella un primer diagn\u00f3stico.<\/p>\n\n<!-- iframe plugin v.6.0 wordpress.org\/plugins\/iframe\/ -->\n<iframe loading=\"lazy\" width=\"760px\" height=\"500px\" src=\"https:\/\/sway.cloud.microsoft\/s\/yD1d4hDTuy6egSnZ\/embed\" 0=\"frameborder=&quot;\" scrolling=\"yes\" class=\"iframe-class\" frameborder=\"0\"><\/iframe>\n\n","protected":false},"excerpt":{"rendered":"<p>\u2022 Pretendemos que todo el alumnado, desde infantil hasta el \u00faltimo curso de primaria se sienta part\u00edcipe de la tarea de reciclaje. Cada aula tendr\u00e1 una papelera amarilla y otra azul, y al final de la semana, los encargados\/as depositar\u00e1n los residuos en los contenedores grandes de pasillo. \u2022 El alumnado de 3\u00ba y 4\u00ba, [&hellip;]<\/p>\n","protected":false},"author":30,"featured_media":0,"parent":0,"menu_order":5,"comment_status":"closed","ping_status":"closed","template":"","meta":{"footnotes":""},"class_list":["post-36","page","type-page","status-publish","hentry","post-preview"],"_links":{"self":[{"href":"https:\/\/edublog.educastur.es\/martimporrarecicla22\/wp-json\/wp\/v2\/pages\/36","targetHints":{"allow":["GET"]}}],"collection":[{"href":"https:\/\/edublog.educastur.es\/martimporrarecicla22\/wp-json\/wp\/v2\/pages"}],"about":[{"href":"https:\/\/edublog.educastur.es\/martimporrarecicla22\/wp-json\/wp\/v2\/types\/page"}],"author":[{"embeddable":true,"href":"https:\/\/edublog.educastur.es\/martimporrarecicla22\/wp-json\/wp\/v2\/users\/30"}],"replies":[{"embeddable":true,"href":"https:\/\/edublog.educastur.es\/martimporrarecicla22\/wp-json\/wp\/v2\/comments?post=36"}],"version-history":[{"count":8,"href":"https:\/\/edublog.educastur.es\/martimporrarecicla22\/wp-json\/wp\/v2\/pages\/36\/revisions"}],"predecessor-version":[{"id":178,"href":"https:\/\/edublog.educastur.es\/martimporrarecicla22\/wp-json\/wp\/v2\/pages\/36\/revisions\/178"}],"wp:attachment":[{"href":"https:\/\/edublog.educastur.es\/martimporrarecicla22\/wp-json\/wp\/v2\/media?parent=36"}],"curies":[{"name":"wp","href":"https:\/\/api.w.org\/{rel}","templated":true}]}}

<p><span style="font-family: verdana, geneva, sans-serif">• Pretendemos que todo el alumnado, desde infantil hasta el último curso de primaria se sienta partícipe de la tarea de reciclaje. Cada aula tendrá una papelera amarilla y otra azul, y al final de la semana, los encargados/as depositarán los residuos en los contenedores grandes de pasillo.</span></p>
<p><span style="font-family: verdana, geneva, sans-serif">• El alumnado de 3º y 4º, por turnos realizará la “patrulla del reciclaje”. Se encargarán de cuidar que los residuos del patio vayan al contenedor correspondiente.</span></p>
<p><span style="font-family: verdana, geneva, sans-serif">• El alumnado de 5º y 6º, por turnos, una vez por semana, depositarán los residuos de los contenedores de pasillo en el punto limpio del exterior del centro.</span></p>
<p><span style="font-family: verdana, geneva, sans-serif">• También será esta clase, la encargada de cuantificar los residuos generados cada semana, de manera que se puedan enviar a Cogersa los datos solicitados cada trimestre.</span></p>
<p><span style="font-family: verdana, geneva, sans-serif">• Durante el periodo de comedor, el alumnado de 5º y 6º se encargará por parejas de recoger los residuos orgánicos que luego se llevarán a la compostadora.</span></p>
<p>&nbsp;</p>
<p>&nbsp;</p>

<!-- iframe plugin v.6.0 wordpress.org/plugins/iframe/ -->
<iframe loading="lazy" width="760px" height="500px" src="https://sway.office.com/s/l7hMiAigln4UtzWL/embed" 0="frameborder=&quot;" scrolling="yes" class="iframe-class" frameborder="0"></iframe>

<p>Gracias a la actividad «Odisea en la basura» pudimos iniciarnos en la auditoría de los residuos, obteniendo con ella un primer diagnóstico.</p>

<!-- iframe plugin v.6.0 wordpress.org/plugins/iframe/ -->
<iframe loading="lazy" width="760px" height="500px" src="https://sway.cloud.microsoft/s/yD1d4hDTuy6egSnZ/embed" 0="frameborder=&quot;" scrolling="yes" class="iframe-class" frameborder="0"></iframe>

<p>• Pretendemos que todo el alumnado, desde infantil hasta el último curso de primaria se sienta partícipe de la tarea de reciclaje. Cada aula tendrá una papelera amarilla y otra azul, y al final de la semana, los encargados/as depositarán los residuos en los contenedores grandes de pasillo. • El alumnado de 3º y 4º, [&hellip;]</p>
