{"id":1435,"date":"2022-12-05T11:23:39","date_gmt":"2022-12-05T11:23:39","guid":{"rendered":"https:\/\/edublog.educastur.es\/menospantallasmasvida\/?page_id=1435"},"modified":"2023-11-11T10:32:34","modified_gmt":"2023-11-11T10:32:34","slug":"primavera-ocio-saludable","status":"publish","type":"page","link":"https:\/\/edublog.educastur.es\/menospantallasmasvida\/portada\/primavera-ocio-saludable\/","title":{"rendered":"PRIMAVERA. Ocio saludable"},"content":{"rendered":"\n<div class=\"wp-block-columns alignwide has-background is-layout-flex wp-container-core-columns-is-layout-9d6595d7 wp-block-columns-is-layout-flex\" style=\"background-color:#21b69f\">\n<div class=\"wp-block-column is-layout-flow wp-block-column-is-layout-flow\" style=\"flex-basis:50%\">\n<p style=\"font-size:20px\"><span style=\"color:#ffffff\" class=\"tadv-color\">Tocar un instrumento, visitar un museo, leer un libro, bailar, contemplar la naturaleza o charlar, son actividades que favorecen el desarrollo personal. Desarrolla tus <\/span><span style=\"color:#000000\" class=\"tadv-color\"><strong><em>Me gusta<\/em> <\/strong><\/span><span style=\"color:#ffffff\" class=\"tadv-color\">sin dispositivos, ni redes, ni selfies, ni clics.<\/span><\/p>\n<\/div>\n\n\n\n<div class=\"wp-block-column is-vertically-aligned-center is-layout-flow wp-block-column-is-layout-flow\" style=\"flex-basis:50%\">\n<h2 class=\"has-text-align-center has-background-background-color has-background has-normal-font-size wp-block-heading\"><span style=\"color:#000000\" class=\"tadv-color\"><strong>CALENDARIO.<\/strong> Primavera: marzo-abril<br><strong>LEMA:<\/strong> <em>#Las CosasBuenasPasanEnLaVidaReal<\/em><\/span><br><strong><a rel=\"noreferrer noopener\" href=\"https:\/\/edublog.educastur.es\/menospantallasmasvida\/portada\/centros\/\" target=\"_blank\"><span style=\"color:#000000\" class=\"tadv-color\"><span style=\"text-decoration: underline\" class=\"underline\">\u00bfC\u00f3mo participar?<\/span><\/span><\/a><\/strong><\/h2>\n<\/div>\n<\/div>\n\n\n\n<div class=\"wp-block-columns alignfull has-secondary-background-color has-background is-layout-flex wp-container-core-columns-is-layout-9d6595d7 wp-block-columns-is-layout-flex\">\n<div class=\"wp-block-column is-layout-flow wp-block-column-is-layout-flow\" style=\"flex-basis:100%\">\n<h2 class=\"has-text-align-center wp-block-heading\" style=\"font-size:50px\"><span style=\"color:#ffffff\" class=\"tadv-color\">MICROPROYECTOS<\/span><\/h2>\n<\/div>\n<\/div>\n\n\n\n<div class=\"wp-block-columns alignwide is-layout-flex wp-container-core-columns-is-layout-9d6595d7 wp-block-columns-is-layout-flex\">\n<div class=\"wp-block-column is-layout-flow wp-block-column-is-layout-flow\" style=\"flex-basis:50%\">\n<div class=\"wp-block-columns has-background-color has-text-color has-background is-layout-flex wp-container-core-columns-is-layout-9d6595d7 wp-block-columns-is-layout-flex\" style=\"background-color:#21b69f\">\n<div class=\"wp-block-column is-layout-flow wp-block-column-is-layout-flow\" style=\"flex-basis:100%\">\n<p class=\"has-text-align-left\" style=\"font-size:20px\"><strong>CENTRO. CP Vega de Rengos<\/strong> <strong>(Cangas del Narcea)<\/strong><br><strong>T\u00cdTULO. <span style=\"background-color:#ffffff\" class=\"tadv-background-color\">&nbsp; <span style=\"color:#21b69f\" class=\"tadv-color\">#AM\u00edG\u00fastameVivirCadaMomento   <\/span><\/span><\/strong>  <br><strong>TEMA.<\/strong>&nbsp;Primavera. Ocio saludable<br><strong>ENSE\u00d1ANZA.&nbsp;<\/strong>Infantil y Primaria<br><strong>FORMATO.&nbsp;<\/strong>V\u00eddeo<br><strong>ACTIVIDADES.<\/strong> Reflexi\u00f3n: riegos adictivos de las tecnolog\u00edas. Debate en la radio escolar <em>Radio Vega<\/em><\/p>\n<\/div>\n<\/div>\n<\/div>\n\n\n\n<div class=\"wp-block-column is-vertically-aligned-center is-layout-flow wp-block-column-is-layout-flow\">\n<h2 class=\"has-text-align-center has-large-font-size wp-block-heading\"><em>#AM\u00edG\u00fastameVivirCadaMomento<\/em><br><strong>CP Vega de Rengos (Cangas del Narcea)<\/strong><\/h2>\n\n\n\n<div class=\"wp-block-buttons is-content-justification-center is-layout-flex wp-block-buttons-is-layout-flex\">\n<div class=\"wp-block-button is-style-fill\"><a class=\"wp-block-button__link has-background\" href=\"https:\/\/edublog.educastur.es\/menospantallasmasvida\/2023-invierno-cp-vega-rengos-cangas-narcea\/\" style=\"background-color:#21b69f\" target=\"_blank\" rel=\"noreferrer noopener\">ver microproyecto<\/a><\/div>\n<\/div>\n<\/div>\n<\/div>\n\n\n\n<div class=\"wp-block-columns alignwide is-layout-flex wp-container-core-columns-is-layout-9d6595d7 wp-block-columns-is-layout-flex\">\n<div class=\"wp-block-column is-layout-flow wp-block-column-is-layout-flow\" style=\"flex-basis:50%\">\n<div class=\"wp-block-columns has-background-color has-secondary-background-color has-text-color has-background is-layout-flex wp-container-core-columns-is-layout-9d6595d7 wp-block-columns-is-layout-flex\">\n<div class=\"wp-block-column is-layout-flow wp-block-column-is-layout-flow\" style=\"flex-basis:100%\">\n<p class=\"has-text-align-left\" style=\"font-size:20px\"><strong>CENTRO. CIFP Imagen y sonido (CISLAN) (Langreo)<\/strong><br><strong>T\u00cdTULO.&nbsp;<strong><span style=\"background-color:#ffffff\" class=\"tadv-background-color\"><span style=\"color:#6d6d6d\" class=\"tadv-color\">  #Ociosaludable   <\/span><\/span><\/strong><\/strong> <br><strong>TEMA.<\/strong>&nbsp;Primavera. Ocio saludable<br><strong>ENSE\u00d1ANZA.&nbsp;<\/strong>Todas las ense\u00f1anzas.<br><strong>FORMATO.&nbsp;<\/strong>Cartel, infograf\u00edas, canci\u00f3n.<br><strong>ACTIVIDADES.<\/strong> Infograf\u00edas: an\u00e1lisis de la problem\u00e1tica del uso excesivo de dispositivos e internet. Canci\u00f3n adaptada para educaci\u00f3n infantil y primaria.<\/p>\n<\/div>\n<\/div>\n<\/div>\n\n\n\n<div class=\"wp-block-column is-vertically-aligned-center is-layout-flow wp-block-column-is-layout-flow\">\n<h2 class=\"has-text-align-center has-large-font-size wp-block-heading\"><em>#Ociosaludable<\/em><br><strong>CIFP Imagen y Sonido (CISLAN). (Langreo)<\/strong><\/h2>\n\n\n\n<div class=\"wp-block-buttons is-content-justification-center is-layout-flex wp-block-buttons-is-layout-flex\">\n<div class=\"wp-block-button is-style-fill\"><a class=\"wp-block-button__link has-background-color has-secondary-background-color has-text-color has-background\" href=\"https:\/\/edublog.educastur.es\/menospantallasmasvida\/2023-primavera-cifp-imagen-y-sonido-langreo\/\" target=\"_blank\" rel=\"noreferrer noopener\">ver microproyecto<\/a><\/div>\n<\/div>\n<\/div>\n<\/div>\n\n\n\n<div class=\"wp-block-columns alignwide is-layout-flex wp-container-core-columns-is-layout-9d6595d7 wp-block-columns-is-layout-flex\">\n<div class=\"wp-block-column is-layout-flow wp-block-column-is-layout-flow\" style=\"flex-basis:50%\">\n<div class=\"wp-block-columns has-background-color has-text-color has-background is-layout-flex wp-container-core-columns-is-layout-9d6595d7 wp-block-columns-is-layout-flex\" style=\"background-color:#21b69f\">\n<div class=\"wp-block-column is-layout-flow wp-block-column-is-layout-flow\" style=\"flex-basis:100%\">\n<p class=\"has-text-align-left\" style=\"font-size:20px\"><strong>CENTRO. COL Mar\u00eda Inmaculada (Pola de Laviana)<\/strong><br><strong>T\u00cdTULO.  <span style=\"background-color:#ffffff\" class=\"tadv-background-color\"><span style=\"color:#21b69f\" class=\"tadv-color\"> #LasCosasBuenasPasanEnLaVidaReal  <\/span><\/span><\/strong>  <br><strong>TEMA.<\/strong>&nbsp;Primavera. Ocio saludable<br><strong>ENSE\u00d1ANZA.&nbsp;<\/strong>Primaria y ESO<br><strong>FORMATO.&nbsp;<\/strong>Calendario, v\u00eddeo, redes sociales.<br><strong>ACTIVIDADES.<\/strong> Encuesta. Calendario: propuestas de ocio saludable, una por cada d\u00eda del mes. V\u00eddeo: canal ficticio.<\/p>\n<\/div>\n<\/div>\n<\/div>\n\n\n\n<div class=\"wp-block-column is-vertically-aligned-center is-layout-flow wp-block-column-is-layout-flow\">\n<h2 class=\"has-text-align-center has-large-font-size wp-block-heading\"><em>#LasCosasBuenasPasanEnLaVidareal<\/em><br><strong>COL Mar\u00eda Inmaculada (Pola de Laviana)<\/strong><\/h2>\n\n\n\n<div class=\"wp-block-buttons is-content-justification-center is-layout-flex wp-block-buttons-is-layout-flex\">\n<div class=\"wp-block-button is-style-fill\"><a class=\"wp-block-button__link has-background\" href=\"https:\/\/edublog.educastur.es\/menospantallasmasvida\/2023-primavera-col-maria-inmaculada-pola-de-laviana\/\" style=\"background-color:#21b69f\" target=\"_blank\" rel=\"noreferrer noopener\">ver microproyecto<\/a><\/div>\n<\/div>\n<\/div>\n<\/div>\n\n\n\n<div class=\"wp-block-columns alignwide is-layout-flex wp-container-core-columns-is-layout-9d6595d7 wp-block-columns-is-layout-flex\">\n<div class=\"wp-block-column is-layout-flow wp-block-column-is-layout-flow\" style=\"flex-basis:50%\">\n<div class=\"wp-block-columns has-background-color has-secondary-background-color has-text-color has-background is-layout-flex wp-container-core-columns-is-layout-9d6595d7 wp-block-columns-is-layout-flex\">\n<div class=\"wp-block-column is-layout-flow wp-block-column-is-layout-flow\" style=\"flex-basis:100%\">\n<p class=\"has-text-align-left\" style=\"font-size:20px\"><strong>CENTRO. CP El Tru\u00e9banu (Campo de Caso)<\/strong><br><strong>T\u00cdTULO.&nbsp;<strong><span style=\"background-color:#ffffff\" class=\"tadv-background-color\"><span style=\"color:#6d6d6d\" class=\"tadv-color\"> #LasCosasBuenasPasanEnLaVidaReal  <\/span><\/span><\/strong><\/strong> <br><strong>TEMA.<\/strong>&nbsp;Primavera. Ocio saludable<br><strong>ENSE\u00d1ANZA.&nbsp;<\/strong>Infantil y Primaria.<br><strong>FORMATO.&nbsp;<\/strong>Presentaci\u00f3n.<br><strong>ACTIVIDADES.<\/strong> Presentaci\u00f3n.<\/p>\n<\/div>\n<\/div>\n<\/div>\n\n\n\n<div class=\"wp-block-column is-vertically-aligned-center is-layout-flow wp-block-column-is-layout-flow\">\n<h2 class=\"has-text-align-center has-large-font-size wp-block-heading\">#<em>LasCosasBuenasPasanEnLaVidaReal<\/em><br><strong>CP El Tru\u00e9banu (Campo de Caso)<\/strong><\/h2>\n\n\n\n<div class=\"wp-block-buttons is-content-justification-center is-layout-flex wp-block-buttons-is-layout-flex\">\n<div class=\"wp-block-button is-style-fill\"><a class=\"wp-block-button__link has-background-color has-secondary-background-color has-text-color has-background\" href=\"https:\/\/edublog.educastur.es\/menospantallasmasvida\/2023-primavera-cp-el-truebanu-campo-de-caso\/\" target=\"_blank\" rel=\"noreferrer noopener\">ver microproyecto<\/a><\/div>\n<\/div>\n<\/div>\n<\/div>\n\n\n\n<div class=\"wp-block-columns alignwide is-layout-flex wp-container-core-columns-is-layout-9d6595d7 wp-block-columns-is-layout-flex\">\n<div class=\"wp-block-column is-layout-flow wp-block-column-is-layout-flow\" style=\"flex-basis:50%\">\n<div class=\"wp-block-columns has-background-color has-text-color has-background is-layout-flex wp-container-core-columns-is-layout-9d6595d7 wp-block-columns-is-layout-flex\" style=\"background-color:#21b69f\">\n<div class=\"wp-block-column is-layout-flow wp-block-column-is-layout-flow\" style=\"flex-basis:100%\">\n<p class=\"has-text-align-left\" style=\"font-size:20px\"><strong>CENTRO. CP Villafr\u00eda de Otero (Oviedo)<\/strong><br><strong>T\u00cdTULO.  <span style=\"background-color:#ffffff\" class=\"tadv-background-color\"><span style=\"color:#21b69f\" class=\"tadv-color\"> #LasCosasBuenasPasanEnLaVidaReal  <\/span><\/span><\/strong>  <br><strong>TEMA.<\/strong>&nbsp;Primavera. Ocio saludable<br><strong>ENSE\u00d1ANZA.&nbsp;<\/strong>Infantil y Primaria<br><strong>FORMATO.&nbsp;<\/strong>Cartel, presentaci\u00f3n (sway).<br><strong>ACTIVIDADES.<\/strong> V\u00eddeoforum, salidas de convivencia familiar, cartel y presentaci\u00f3n, difusi\u00f3n.<\/p>\n<\/div>\n<\/div>\n<\/div>\n\n\n\n<div class=\"wp-block-column is-vertically-aligned-center is-layout-flow wp-block-column-is-layout-flow\">\n<h2 class=\"has-text-align-center has-large-font-size wp-block-heading\"><em>#LasCosasBuenasPasanEnLaVidareal<\/em><br><strong>CP Villafr\u00eda de Otero (Oviedo)<\/strong><\/h2>\n\n\n\n<div class=\"wp-block-buttons is-content-justification-center is-layout-flex wp-block-buttons-is-layout-flex\">\n<div class=\"wp-block-button is-style-fill\"><a class=\"wp-block-button__link has-background\" href=\"https:\/\/edublog.educastur.es\/menospantallasmasvida\/2023-primavera-cp-villafria-otero\/\" style=\"background-color:#21b69f\" target=\"_blank\" rel=\"noreferrer noopener\">ver microproyecto<\/a><\/div>\n<\/div>\n<\/div>\n<\/div>\n\n\n\n<div class=\"wp-block-columns alignwide is-layout-flex wp-container-core-columns-is-layout-9d6595d7 wp-block-columns-is-layout-flex\">\n<div class=\"wp-block-column is-layout-flow wp-block-column-is-layout-flow\" style=\"flex-basis:50%\">\n<div class=\"wp-block-columns has-background-color has-secondary-background-color has-text-color has-background is-layout-flex wp-container-core-columns-is-layout-9d6595d7 wp-block-columns-is-layout-flex\">\n<div class=\"wp-block-column is-layout-flow wp-block-column-is-layout-flow\" style=\"flex-basis:100%\">\n<p class=\"has-text-align-left\" style=\"font-size:20px\"><strong>CENTRO. IES Virgen de Covadonga (El Entrego)<\/strong><br><strong>T\u00cdTULO.&nbsp;<strong><span style=\"background-color:#ffffff\" class=\"tadv-background-color\"><span style=\"color:#6d6d6d\" class=\"tadv-color\"> \u00a1Desconecta y eng\u00e1nchate a la vida!  <\/span><\/span><\/strong><\/strong> <br><strong>TEMA.<\/strong>&nbsp;Primavera. Ocio saludable<br><strong>ENSE\u00d1ANZA.&nbsp;<\/strong>Bachillerato<br><strong>FORMATO.&nbsp;<\/strong>Presentaci\u00f3n (genially)<br><strong>ACTIVIDADES.<\/strong> Investigaci\u00f3n, presentaci\u00f3n (alternativas a las pantallas)<\/p>\n<\/div>\n<\/div>\n<\/div>\n\n\n\n<div class=\"wp-block-column is-vertically-aligned-center is-layout-flow wp-block-column-is-layout-flow\">\n<h2 class=\"has-text-align-center has-large-font-size wp-block-heading\"><em>\u00a1Desconecta y eng\u00e1nchate a la vida!<\/em><br>IES Virgen de Covadonga (El Entrego)<\/h2>\n\n\n\n<div class=\"wp-block-buttons is-content-justification-center is-layout-flex wp-block-buttons-is-layout-flex\">\n<div class=\"wp-block-button is-style-fill\"><a class=\"wp-block-button__link has-background-color has-secondary-background-color has-text-color has-background\" href=\"https:\/\/edublog.educastur.es\/menospantallasmasvida\/2023-primavera-ies-virgen-de-covadonga\/\" target=\"_blank\" rel=\"noreferrer noopener\">ver microproyecto<\/a><\/div>\n<\/div>\n<\/div>\n<\/div>\n\n\n\n<div class=\"wp-block-columns alignwide is-layout-flex wp-container-core-columns-is-layout-9d6595d7 wp-block-columns-is-layout-flex\">\n<div class=\"wp-block-column is-layout-flow wp-block-column-is-layout-flow\" style=\"flex-basis:50%\">\n<div class=\"wp-block-columns has-background-color has-text-color has-background is-layout-flex wp-container-core-columns-is-layout-9d6595d7 wp-block-columns-is-layout-flex\" style=\"background-color:#21b69f\">\n<div class=\"wp-block-column is-layout-flow wp-block-column-is-layout-flow\" style=\"flex-basis:100%\">\n<p class=\"has-text-align-left\" style=\"font-size:20px\"><strong>CENTRO. CRA Pintos \u00c1lvaro Delgado (Moanes, Vald\u00e9s)<\/strong><br><strong>T\u00cdTULO.  <span style=\"background-color:#ffffff\" class=\"tadv-background-color\"><span style=\"color:#21b69f\" class=\"tadv-color\"> #OcioSaludable <\/span><\/span><\/strong>  <br><strong>TEMA.<\/strong>&nbsp;Primavera. Ocio saludable<br><strong>ENSE\u00d1ANZA.&nbsp;<\/strong>Infantil y Primaria<br><strong>FORMATO.&nbsp;<\/strong>Proyecto, episodio Radio Raitanes (Spotify)<br><strong>ACTIVIDADES.<\/strong> Sesiones y actividades de ocio saludable sobre educaci\u00f3n ambiental. Radio escolar.<\/p>\n<\/div>\n<\/div>\n<\/div>\n\n\n\n<div class=\"wp-block-column is-vertically-aligned-center is-layout-flow wp-block-column-is-layout-flow\">\n<h2 class=\"has-text-align-center has-large-font-size wp-block-heading\"><em>#Ocio Saludable<\/em><br>CRA Pintor \u00c1lvaro Delgado (Moanes, Vald\u00e9s)<\/h2>\n\n\n\n<div class=\"wp-block-buttons is-content-justification-center is-layout-flex wp-block-buttons-is-layout-flex\">\n<div class=\"wp-block-button is-style-fill\"><a class=\"wp-block-button__link has-background\" href=\"https:\/\/edublog.educastur.es\/menospantallasmasvida\/2023-primavera-cra-pintor-alvaro-delgado-moanes\" style=\"background-color:#21b69f\" target=\"_blank\" rel=\"noreferrer noopener\">ver microproyecto<\/a><\/div>\n<\/div>\n<\/div>\n<\/div>\n\n\n\n<div class=\"wp-block-columns alignfull is-layout-flex wp-container-core-columns-is-layout-9d6595d7 wp-block-columns-is-layout-flex\">\n<div class=\"wp-block-column is-layout-flow wp-block-column-is-layout-flow\" style=\"flex-basis:100%\">\n<p class=\"has-text-align-center has-primary-background-color has-background has-normal-font-size\"><a rel=\"noreferrer noopener\" href=\"https:\/\/edublog.educastur.es\/menospantallasmasvida\/otono-salud-y-vida\/\" target=\"_blank\"><span style=\"color:#fb4a4a\" class=\"tadv-color\"><span style=\"text-decoration: underline\" class=\"underline\">OTO\u00d1O<\/span><\/span><\/a> &#8211; <a rel=\"noreferrer noopener\" href=\"https:\/\/edublog.educastur.es\/menospantallasmasvida\/invierno-uso-seguro\/\" target=\"_blank\"><span style=\"color:#6360ae\" class=\"tadv-color\"><span style=\"text-decoration: underline\" class=\"underline\">INVIERNO<\/span><\/span><\/a> &#8211; <a rel=\"noreferrer noopener\" href=\"https:\/\/edublog.educastur.es\/menospantallasmasvida\/portada\/primavera-ocio-saludable\/\" target=\"_blank\"><span style=\"color:#21b69f\" class=\"tadv-color\"><span style=\"text-decoration: underline\" class=\"underline\">PRIMAVERA<\/span><\/span><\/a> &#8211; <a rel=\"noreferrer noopener\" href=\"https:\/\/edublog.educastur.es\/menospantallasmasvida\/portada\/verano-vida-familia\/\" target=\"_blank\"><span style=\"color:#ffc926\" class=\"tadv-color\"><span style=\"text-decoration: underline\" class=\"underline\">VERANO<\/span><\/span><\/a> &#8211; <a rel=\"noreferrer noopener\" href=\"https:\/\/edublog.educastur.es\/menospantallasmasvida\/futuro\/\" target=\"_blank\"><span style=\"color:#26c9ff\" class=\"tadv-color\"><span style=\"text-decoration: underline\" class=\"underline\">EL FUTURO<\/span><\/span><\/a><\/p>\n<\/div>\n<\/div>\n","protected":false},"excerpt":{"rendered":"<p>Tocar un instrumento, visitar un museo, leer un libro, bailar, contemplar la naturaleza o charlar, son actividades que favorecen el desarrollo personal. Desarrolla tus Me gusta sin dispositivos, ni redes, ni selfies, ni clics. CALENDARIO. Primavera: marzo-abrilLEMA: #Las CosasBuenasPasanEnLaVidaReal\u00bfC\u00f3mo participar? MICROPROYECTOS CENTRO. CP Vega de Rengos (Cangas del Narcea)T\u00cdTULO. &nbsp; #AM\u00edG\u00fastameVivirCadaMomento TEMA.&nbsp;Primavera. Ocio saludableENSE\u00d1ANZA.&nbsp;Infantil y [&hellip;]<\/p>\n","protected":false},"author":7,"featured_media":1463,"parent":451,"menu_order":2,"comment_status":"closed","ping_status":"closed","template":"templates\/template-full-width.php","meta":{"footnotes":""},"class_list":["post-1435","page","type-page","status-publish","has-post-thumbnail","hentry"],"_links":{"self":[{"href":"https:\/\/edublog.educastur.es\/menospantallasmasvida\/wp-json\/wp\/v2\/pages\/1435","targetHints":{"allow":["GET"]}}],"collection":[{"href":"https:\/\/edublog.educastur.es\/menospantallasmasvida\/wp-json\/wp\/v2\/pages"}],"about":[{"href":"https:\/\/edublog.educastur.es\/menospantallasmasvida\/wp-json\/wp\/v2\/types\/page"}],"author":[{"embeddable":true,"href":"https:\/\/edublog.educastur.es\/menospantallasmasvida\/wp-json\/wp\/v2\/users\/7"}],"replies":[{"embeddable":true,"href":"https:\/\/edublog.educastur.es\/menospantallasmasvida\/wp-json\/wp\/v2\/comments?post=1435"}],"version-history":[{"count":28,"href":"https:\/\/edublog.educastur.es\/menospantallasmasvida\/wp-json\/wp\/v2\/pages\/1435\/revisions"}],"predecessor-version":[{"id":2338,"href":"https:\/\/edublog.educastur.es\/menospantallasmasvida\/wp-json\/wp\/v2\/pages\/1435\/revisions\/2338"}],"up":[{"embeddable":true,"href":"https:\/\/edublog.educastur.es\/menospantallasmasvida\/wp-json\/wp\/v2\/pages\/451"}],"wp:featuredmedia":[{"embeddable":true,"href":"https:\/\/edublog.educastur.es\/menospantallasmasvida\/wp-json\/wp\/v2\/media\/1463"}],"wp:attachment":[{"href":"https:\/\/edublog.educastur.es\/menospantallasmasvida\/wp-json\/wp\/v2\/media?parent=1435"}],"curies":[{"name":"wp","href":"https:\/\/api.w.org\/{rel}","templated":true}]}}