{"id":1439,"date":"2022-12-05T11:26:23","date_gmt":"2022-12-05T11:26:23","guid":{"rendered":"https:\/\/edublog.educastur.es\/menospantallasmasvida\/?page_id=1439"},"modified":"2023-11-11T13:35:59","modified_gmt":"2023-11-11T13:35:59","slug":"futuro","status":"publish","type":"page","link":"https:\/\/edublog.educastur.es\/menospantallasmasvida\/futuro\/","title":{"rendered":"El FUTURO (+ 20 a\u00f1os)"},"content":{"rendered":"\n<div class=\"wp-block-columns alignwide has-background is-layout-flex wp-container-core-columns-is-layout-9d6595d7 wp-block-columns-is-layout-flex\" style=\"background-color:#26c9ff\">\n<div class=\"wp-block-column is-layout-flow wp-block-column-is-layout-flow\">\n<p style=\"font-size:20px\"><span style=\"color:#ffffff\" class=\"tadv-color\">Reflexi\u00f3n de la comunidad educativa sobre la evoluci\u00f3n del mundo tecnol\u00f3gico y c\u00f3mo ser\u00e1 la vida de sus alumnos y alumnas con 20 a\u00f1os m\u00e1s: el impacto en la vida cotidiana, una tecnolog\u00eda m\u00e1s <em>humana<\/em> o m\u00e1s <em>rob\u00f3tica<\/em>, viviremos con los pies en el suelo o en las <em>nubes<\/em>, se har\u00e1n realidad los mundos <em>dist\u00f3picos<\/em>&#8230;<\/span><\/p>\n<\/div>\n\n\n\n<div class=\"wp-block-column is-layout-flow wp-block-column-is-layout-flow\">\n<h2 class=\"has-text-align-center has-background-background-color has-background has-normal-font-size wp-block-heading\"><span style=\"color:#000000\" class=\"tadv-color\"><strong>CALENDARIO.<\/strong> Todo el curso escolar<br><strong>LEMA:<\/strong> <em>#MiMundoDentroDe20A\u00f1os<\/em><\/span><br><strong><a rel=\"noreferrer noopener\" href=\"https:\/\/edublog.educastur.es\/menospantallasmasvida\/portada\/centros\/\" target=\"_blank\"><span style=\"color:#000000\" class=\"tadv-color\"><span style=\"text-decoration: underline\" class=\"underline\">\u00bfC\u00f3mo participar?<\/span><\/span><\/a><\/strong><\/h2>\n<\/div>\n<\/div>\n\n\n\n<div class=\"wp-block-columns alignfull has-secondary-background-color has-background is-layout-flex wp-container-core-columns-is-layout-9d6595d7 wp-block-columns-is-layout-flex\">\n<div class=\"wp-block-column is-layout-flow wp-block-column-is-layout-flow\" style=\"flex-basis:100%\">\n<h2 class=\"has-text-align-center wp-block-heading\" style=\"font-size:50px\"><span style=\"color:#ffffff\" class=\"tadv-color\">MICROPROYECTOS<\/span><\/h2>\n<\/div>\n<\/div>\n\n\n\n<div class=\"wp-block-columns alignwide is-layout-flex wp-container-core-columns-is-layout-9d6595d7 wp-block-columns-is-layout-flex\">\n<div class=\"wp-block-column is-layout-flow wp-block-column-is-layout-flow\" style=\"flex-basis:50%\">\n<div class=\"wp-block-columns has-background-color has-text-color has-background is-layout-flex wp-container-core-columns-is-layout-9d6595d7 wp-block-columns-is-layout-flex\" style=\"background-color:#26c9ff\">\n<div class=\"wp-block-column is-layout-flow wp-block-column-is-layout-flow\" style=\"flex-basis:100%\">\n<p class=\"has-text-align-left\" style=\"font-size:20px\"><strong>CENTRO. CEE Sanatorio Mar\u00edtimo<\/strong> <strong>(Gij\u00f3n)<\/strong><br><strong>T\u00cdTULO. <span style=\"background-color:#ffffff\" class=\"tadv-background-color\"><span style=\"color:#26c9ff\" class=\"tadv-color\"> El futuro by Mar\u00edtimo <\/span><\/span><\/strong><br><strong>TEMA.<\/strong>&nbsp;El futuro. Mi mundo en 20 a\u00f1os<br><strong>ENSE\u00d1ANZA.&nbsp;<\/strong>Otras ense\u00f1anzas<br><strong>FORMATO.&nbsp;<\/strong>Presentaci\u00f3n interactiva<br><strong>ACTIVIDADES.<\/strong> \u00a1Nos ha llegado una carta del futuro! ; Reflexionamos (lluvia de ideas) ; Elaboramos la respuesta a la carta<\/p>\n<\/div>\n<\/div>\n<\/div>\n\n\n\n<div class=\"wp-block-column is-vertically-aligned-center is-layout-flow wp-block-column-is-layout-flow\">\n<h2 class=\"has-text-align-center has-large-font-size wp-block-heading\"><em>#<strong>ElFuturoByMar\u00edtimo<\/strong><\/em><br><strong><strong>CEE Sanatorio Mar\u00edtimo<\/strong> <strong>(Gij\u00f3n)<\/strong><\/strong><\/h2>\n\n\n\n<div class=\"wp-block-buttons is-content-justification-center is-layout-flex wp-block-buttons-is-layout-flex\">\n<div class=\"wp-block-button is-style-fill\"><a class=\"wp-block-button__link has-background\" href=\"https:\/\/edublog.educastur.es\/menospantallasmasvida\/2023-el-futuro-cee-sanatorio-maritimo-gijon\/\" style=\"background-color:#26c9ff\" target=\"_blank\" rel=\"noreferrer noopener\">ver microproyecto<\/a><\/div>\n<\/div>\n<\/div>\n<\/div>\n\n\n\n<div class=\"wp-block-columns alignwide is-layout-flex wp-container-core-columns-is-layout-9d6595d7 wp-block-columns-is-layout-flex\">\n<div class=\"wp-block-column is-layout-flow wp-block-column-is-layout-flow\" style=\"flex-basis:50%\">\n<div class=\"wp-block-columns has-background-color has-secondary-background-color has-text-color has-background is-layout-flex wp-container-core-columns-is-layout-9d6595d7 wp-block-columns-is-layout-flex\">\n<div class=\"wp-block-column is-layout-flow wp-block-column-is-layout-flow\" style=\"flex-basis:100%\">\n<p class=\"has-text-align-left\" style=\"font-size:20px\"><strong>T\u00cdTULO. <span style=\"color:#6d6d6d\" class=\"tadv-color\"> <span style=\"background-color:#ffffff\" class=\"tadv-background-color\"> La sociedad en el a\u00f1o 2043 <\/span><\/span><\/strong><br><strong>CENTRO. <\/strong>CP El Tru\u00e9banu (Campo de Caso)<br><strong>TEMA.<\/strong>&nbsp;El futuro. Mi mundo en 20 a\u00f1os<br><strong>ENSE\u00d1ANZA.&nbsp;<\/strong>Infantil y Primaria<br><strong>FORMATO.&nbsp;<\/strong>Cartel<br><strong>ACTIVIDADES.<\/strong> Cartel<\/p>\n<\/div>\n<\/div>\n<\/div>\n\n\n\n<div class=\"wp-block-column is-vertically-aligned-center is-layout-flow wp-block-column-is-layout-flow\">\n<h2 class=\"has-text-align-center has-large-font-size wp-block-heading\"><em>#La sociedad en el a\u00f1o 2043<\/em><br><strong><strong>CP El Tru\u00e9banu (Campo de Caso)<\/strong><\/strong><\/h2>\n\n\n\n<div class=\"wp-block-buttons is-content-justification-center is-layout-flex wp-block-buttons-is-layout-flex\">\n<div class=\"wp-block-button is-style-fill\"><a class=\"wp-block-button__link has-secondary-background-color has-background\" href=\"https:\/\/edublog.educastur.es\/menospantallasmasvida\/2023-futuro-cp-el-truebanu-campo-de-caso\/\" target=\"_blank\" rel=\"noreferrer noopener\">ver microproyecto<\/a><\/div>\n<\/div>\n<\/div>\n<\/div>\n\n\n\n<div class=\"wp-block-columns alignfull is-layout-flex wp-container-core-columns-is-layout-9d6595d7 wp-block-columns-is-layout-flex\">\n<div class=\"wp-block-column is-layout-flow wp-block-column-is-layout-flow\" style=\"flex-basis:100%\">\n<p class=\"has-text-align-center has-primary-background-color has-background has-normal-font-size\"><a rel=\"noreferrer noopener\" href=\"https:\/\/edublog.educastur.es\/menospantallasmasvida\/otono-salud-y-vida\/\" target=\"_blank\"><span style=\"color:#fb4a4a\" class=\"tadv-color\"><span style=\"text-decoration: underline\" class=\"underline\">OTO\u00d1O<\/span><\/span><\/a> &#8211; <a rel=\"noreferrer noopener\" href=\"https:\/\/edublog.educastur.es\/menospantallasmasvida\/invierno-uso-seguro\/\" target=\"_blank\"><span style=\"color:#6360ae\" class=\"tadv-color\"><span style=\"text-decoration: underline\" class=\"underline\">INVIERNO<\/span><\/span><\/a> &#8211; <a rel=\"noreferrer noopener\" href=\"https:\/\/edublog.educastur.es\/menospantallasmasvida\/portada\/primavera-ocio-saludable\/\" target=\"_blank\"><span style=\"color:#21b69f\" class=\"tadv-color\"><span style=\"text-decoration: underline\" class=\"underline\">PRIMAVERA<\/span><\/span><\/a> &#8211; <a rel=\"noreferrer noopener\" href=\"https:\/\/edublog.educastur.es\/menospantallasmasvida\/portada\/verano-vida-familia\/\" target=\"_blank\"><span style=\"color:#ffc926\" class=\"tadv-color\"><span style=\"text-decoration: underline\" class=\"underline\">VERANO<\/span><\/span><\/a> &#8211; <a rel=\"noreferrer noopener\" href=\"https:\/\/edublog.educastur.es\/menospantallasmasvida\/futuro\/\" target=\"_blank\"><span style=\"color:#26c9ff\" class=\"tadv-color\"><span style=\"text-decoration: underline\" class=\"underline\">EL FUTURO<\/span><\/span><\/a><\/p>\n<\/div>\n<\/div>\n\n\n\n<p><\/p>\n","protected":false},"excerpt":{"rendered":"<p>Reflexi\u00f3n de la comunidad educativa sobre la evoluci\u00f3n del mundo tecnol\u00f3gico y c\u00f3mo ser\u00e1 la vida de sus alumnos y alumnas con 20 a\u00f1os m\u00e1s: el impacto en la vida cotidiana, una tecnolog\u00eda m\u00e1s humana o m\u00e1s rob\u00f3tica, viviremos con los pies en el suelo o en las nubes, se har\u00e1n realidad los mundos dist\u00f3picos&#8230; [&hellip;]<\/p>\n","protected":false},"author":7,"featured_media":1465,"parent":0,"menu_order":7,"comment_status":"closed","ping_status":"closed","template":"templates\/template-full-width.php","meta":{"footnotes":""},"class_list":["post-1439","page","type-page","status-publish","has-post-thumbnail","hentry"],"_links":{"self":[{"href":"https:\/\/edublog.educastur.es\/menospantallasmasvida\/wp-json\/wp\/v2\/pages\/1439","targetHints":{"allow":["GET"]}}],"collection":[{"href":"https:\/\/edublog.educastur.es\/menospantallasmasvida\/wp-json\/wp\/v2\/pages"}],"about":[{"href":"https:\/\/edublog.educastur.es\/menospantallasmasvida\/wp-json\/wp\/v2\/types\/page"}],"author":[{"embeddable":true,"href":"https:\/\/edublog.educastur.es\/menospantallasmasvida\/wp-json\/wp\/v2\/users\/7"}],"replies":[{"embeddable":true,"href":"https:\/\/edublog.educastur.es\/menospantallasmasvida\/wp-json\/wp\/v2\/comments?post=1439"}],"version-history":[{"count":30,"href":"https:\/\/edublog.educastur.es\/menospantallasmasvida\/wp-json\/wp\/v2\/pages\/1439\/revisions"}],"predecessor-version":[{"id":2377,"href":"https:\/\/edublog.educastur.es\/menospantallasmasvida\/wp-json\/wp\/v2\/pages\/1439\/revisions\/2377"}],"wp:featuredmedia":[{"embeddable":true,"href":"https:\/\/edublog.educastur.es\/menospantallasmasvida\/wp-json\/wp\/v2\/media\/1465"}],"wp:attachment":[{"href":"https:\/\/edublog.educastur.es\/menospantallasmasvida\/wp-json\/wp\/v2\/media?parent=1439"}],"curies":[{"name":"wp","href":"https:\/\/api.w.org\/{rel}","templated":true}]}}