{"id":451,"date":"2022-11-14T08:48:46","date_gmt":"2022-11-14T08:48:46","guid":{"rendered":"https:\/\/edublog.educastur.es\/menospantallasmasvida\/?page_id=451"},"modified":"2023-11-05T09:29:23","modified_gmt":"2023-11-05T09:29:23","slug":"portada","status":"publish","type":"page","link":"https:\/\/edublog.educastur.es\/menospantallasmasvida\/","title":{"rendered":""},"content":{"rendered":"\n<div class=\"wp-block-columns alignwide is-layout-flex wp-container-core-columns-is-layout-9d6595d7 wp-block-columns-is-layout-flex\">\n<div class=\"wp-block-column is-layout-flow wp-block-column-is-layout-flow\" style=\"flex-basis:100%\">\n<p class=\"has-text-align-center has-background has-normal-font-size\" id=\"microproyectos\" style=\"background-color:#6360ae\"><span style=\"color:#ffffff\" class=\"tadv-color\"><strong>Menos pantallas, m\u00e1s vida<\/strong> es una campa\u00f1a de prevenci\u00f3n de adicciones tecnol\u00f3gicas<strong>&nbsp;<\/strong>dirigida a promover la reflexi\u00f3n de la comunidad educativa sobre el uso y el abuso de la tecnolog\u00eda y las medidas que fomentan h\u00e1bitos saludables y seguros.<\/span><\/p>\n<\/div>\n<\/div>\n\n\n\n<h2 class=\"has-text-align-center wp-block-heading\" style=\"font-size:35px\"><strong>MICROPROYECTOS DE LOS CENTROS<\/strong> EDUCATIVOS<\/h2>\n\n\n\n<div class=\"wp-block-columns alignfull is-layout-flex wp-container-core-columns-is-layout-9d6595d7 wp-block-columns-is-layout-flex\">\n<div class=\"wp-block-column is-vertically-aligned-top is-layout-flow wp-block-column-is-layout-flow\" style=\"flex-basis:100%\">\n<div class=\"wp-block-columns alignfull has-background is-layout-flex wp-container-core-columns-is-layout-9d6595d7 wp-block-columns-is-layout-flex\" style=\"background-color:#1fb69f\">\n<div class=\"wp-block-column is-layout-flow wp-block-column-is-layout-flow\">\n<figure class=\"wp-block-image size-large is-resized is-style-default\"><a href=\"https:\/\/edublog.educastur.es\/menospantallasmasvida\/otono-salud-y-vida\/\" target=\"_blank\" rel=\"noopener\"><img loading=\"lazy\" decoding=\"async\" width=\"600\" height=\"600\" src=\"http:\/\/edublog.educastur.es\/menospantallasmasvida\/files\/2022\/12\/2022-11-AT-BLOG-destacado-otono-600x600-1.png\" alt=\"menos pantallas, m\u00e1s vida\" class=\"wp-image-1763\" srcset=\"https:\/\/edublog.educastur.es\/menospantallasmasvida\/files\/2022\/12\/2022-11-AT-BLOG-destacado-otono-600x600-1.png 600w, https:\/\/edublog.educastur.es\/menospantallasmasvida\/files\/2022\/12\/2022-11-AT-BLOG-destacado-otono-600x600-1-300x300.png 300w, https:\/\/edublog.educastur.es\/menospantallasmasvida\/files\/2022\/12\/2022-11-AT-BLOG-destacado-otono-600x600-1-150x150.png 150w\" sizes=\"auto, (max-width: 600px) 100vw, 600px\" \/><\/a><\/figure>\n\n\n\n<h2 class=\"has-text-align-center has-primary-color has-text-color has-large-font-size wp-block-heading\"><a href=\"https:\/\/edublog.educastur.es\/menospantallasmasvida\/otono-salud-y-vida\" target=\"_blank\" rel=\"noreferrer noopener\"><strong><span style=\"color:#000000\" class=\"tadv-color\"><span style=\"text-decoration: underline\" class=\"underline\">Salud y vida<\/span><\/span><\/strong><\/a><\/h2>\n\n\n\n<p class=\"has-text-align-center has-large-font-size\"><span style=\"color:#000000\" class=\"tadv-color\">Octubre-noviembre<\/span><\/p>\n<\/div>\n\n\n\n<div class=\"wp-block-column is-layout-flow wp-block-column-is-layout-flow\">\n<figure class=\"wp-block-image size-large is-resized size-full is-style-default\"><a href=\"https:\/\/edublog.educastur.es\/menospantallasmasvida\/invierno-uso-seguro\/\" target=\"_blank\" rel=\"noopener\"><img loading=\"lazy\" decoding=\"async\" width=\"600\" height=\"600\" src=\"http:\/\/edublog.educastur.es\/menospantallasmasvida\/files\/2022\/12\/2022-11-AT-BLOG-destacado-invierno-600x600-1.png\" alt=\"menos pantallas, m\u00e1s vida\" class=\"wp-image-1764\" srcset=\"https:\/\/edublog.educastur.es\/menospantallasmasvida\/files\/2022\/12\/2022-11-AT-BLOG-destacado-invierno-600x600-1.png 600w, https:\/\/edublog.educastur.es\/menospantallasmasvida\/files\/2022\/12\/2022-11-AT-BLOG-destacado-invierno-600x600-1-300x300.png 300w, https:\/\/edublog.educastur.es\/menospantallasmasvida\/files\/2022\/12\/2022-11-AT-BLOG-destacado-invierno-600x600-1-150x150.png 150w\" sizes=\"auto, (max-width: 600px) 100vw, 600px\" \/><\/a><\/figure>\n\n\n\n<h2 class=\"has-text-align-center has-primary-color has-text-color has-large-font-size wp-block-heading\"><a rel=\"noreferrer noopener\" href=\"https:\/\/edublog.educastur.es\/menospantallasmasvida\/invierno-uso-seguro\" target=\"_blank\"><strong><span style=\"color:#000000\" class=\"tadv-color\"><span style=\"text-decoration: underline\" class=\"underline\">Uso seguro de la tecnolog\u00eda<\/span><\/span><\/strong><\/a><\/h2>\n\n\n\n<p class=\"has-text-align-center has-large-font-size\"><span style=\"color:#000000\" class=\"tadv-color\">Diciembre-febrero<\/span><\/p>\n<\/div>\n\n\n\n<div class=\"wp-block-column is-layout-flow wp-block-column-is-layout-flow\">\n<figure class=\"wp-block-image size-large is-resized is-style-default\"><a href=\"https:\/\/edublog.educastur.es\/menospantallasmasvida\/portada\/primavera-ocio-saludable\" target=\"_blank\" rel=\"noopener\"><img loading=\"lazy\" decoding=\"async\" width=\"600\" height=\"600\" src=\"http:\/\/edublog.educastur.es\/menospantallasmasvida\/files\/2022\/12\/2022-11-AT-BLOG-destacado-primavera-blanco-600x600-1.png\" alt=\"menos pantallas, m\u00e1s vida\" class=\"wp-image-1767\" srcset=\"https:\/\/edublog.educastur.es\/menospantallasmasvida\/files\/2022\/12\/2022-11-AT-BLOG-destacado-primavera-blanco-600x600-1.png 600w, https:\/\/edublog.educastur.es\/menospantallasmasvida\/files\/2022\/12\/2022-11-AT-BLOG-destacado-primavera-blanco-600x600-1-300x300.png 300w, https:\/\/edublog.educastur.es\/menospantallasmasvida\/files\/2022\/12\/2022-11-AT-BLOG-destacado-primavera-blanco-600x600-1-150x150.png 150w\" sizes=\"auto, (max-width: 600px) 100vw, 600px\" \/><\/a><\/figure>\n\n\n\n<h2 class=\"has-text-align-center has-primary-color has-text-color has-large-font-size wp-block-heading\"><a rel=\"noreferrer noopener\" href=\"https:\/\/edublog.educastur.es\/menospantallasmasvida\/portada\/primavera-ocio-saludable\/\" target=\"_blank\"><strong><span style=\"color:#000000\" class=\"tadv-color\"><span style=\"text-decoration: underline\" class=\"underline\">Ocio saludable<\/span><\/span><\/strong><\/a><\/h2>\n\n\n\n<p class=\"has-text-align-center has-large-font-size\"><span style=\"color:#000000\" class=\"tadv-color\">Marzo-abril<\/span><\/p>\n<\/div>\n\n\n\n<div class=\"wp-block-column is-layout-flow wp-block-column-is-layout-flow\">\n<figure class=\"wp-block-image size-large is-style-default\"><a href=\"https:\/\/edublog.educastur.es\/menospantallasmasvida\/portada\/verano-vida-familia\/\" target=\"_blank\" rel=\"noopener\"><img loading=\"lazy\" decoding=\"async\" width=\"600\" height=\"600\" src=\"http:\/\/edublog.educastur.es\/menospantallasmasvida\/files\/2022\/12\/2022-11-AT-BLOG-destacado-verano-600x600-1.png\" alt=\"menos pantallas, m\u00e1s vida\" class=\"wp-image-1768\" srcset=\"https:\/\/edublog.educastur.es\/menospantallasmasvida\/files\/2022\/12\/2022-11-AT-BLOG-destacado-verano-600x600-1.png 600w, https:\/\/edublog.educastur.es\/menospantallasmasvida\/files\/2022\/12\/2022-11-AT-BLOG-destacado-verano-600x600-1-300x300.png 300w, https:\/\/edublog.educastur.es\/menospantallasmasvida\/files\/2022\/12\/2022-11-AT-BLOG-destacado-verano-600x600-1-150x150.png 150w\" sizes=\"auto, (max-width: 600px) 100vw, 600px\" \/><\/a><\/figure>\n\n\n\n<h2 class=\"has-text-align-center has-primary-color has-text-color has-large-font-size wp-block-heading\"><strong><a href=\"https:\/\/edublog.educastur.es\/menospantallasmasvida\/verano-vida-familia\/\" target=\"_blank\" rel=\"noreferrer noopener\"><span style=\"color:#000000\" class=\"tadv-color\"><span style=\"text-decoration: underline\" class=\"underline\">Tecnolog\u00eda, vida y familia<\/span><\/span><\/a><\/strong><\/h2>\n\n\n\n<p class=\"has-text-align-center has-large-font-size\"><span style=\"color:#000000\" class=\"tadv-color\">Mayo-junio<\/span><\/p>\n<\/div>\n\n\n\n<div class=\"wp-block-column is-layout-flow wp-block-column-is-layout-flow\">\n<figure class=\"wp-block-image size-large is-style-default\"><a href=\"https:\/\/edublog.educastur.es\/menospantallasmasvida\/futuro\/\" target=\"_blank\" rel=\"noopener\"><img loading=\"lazy\" decoding=\"async\" width=\"600\" height=\"600\" src=\"http:\/\/edublog.educastur.es\/menospantallasmasvida\/files\/2022\/12\/2022-11-AT-BLOG-destacado-futuro-600x600-1.png\" alt=\"Menos pantallas, m\u00e1s vida\" class=\"wp-image-1786\" srcset=\"https:\/\/edublog.educastur.es\/menospantallasmasvida\/files\/2022\/12\/2022-11-AT-BLOG-destacado-futuro-600x600-1.png 600w, https:\/\/edublog.educastur.es\/menospantallasmasvida\/files\/2022\/12\/2022-11-AT-BLOG-destacado-futuro-600x600-1-300x300.png 300w, https:\/\/edublog.educastur.es\/menospantallasmasvida\/files\/2022\/12\/2022-11-AT-BLOG-destacado-futuro-600x600-1-150x150.png 150w\" sizes=\"auto, (max-width: 600px) 100vw, 600px\" \/><\/a><\/figure>\n\n\n\n<h2 class=\"has-text-align-center has-primary-color has-text-color has-large-font-size wp-block-heading\"><a href=\"https:\/\/edublog.educastur.es\/menospantallasmasvida\/portada\/futuro\" target=\"_blank\" rel=\"noreferrer noopener\"><strong><span style=\"color:#000000\" class=\"tadv-color\"><span style=\"text-decoration: underline\" class=\"underline\">El futuro. Mi mundo en 20 a\u00f1os<\/span><\/span><\/strong><\/a><\/h2>\n\n\n\n<p class=\"has-text-align-center has-large-font-size\"><span style=\"color:#000000\" class=\"tadv-color\">Todo el curso<\/span><\/p>\n<\/div>\n<\/div>\n\n\n\n<div class=\"wp-block-columns has-secondary-background-color has-background is-layout-flex wp-container-core-columns-is-layout-9d6595d7 wp-block-columns-is-layout-flex\">\n<div class=\"wp-block-column is-layout-flow wp-block-column-is-layout-flow\">\n<h2 class=\"has-text-align-center has-large-font-size wp-block-heading\">Tambi\u00e9n puedes buscar por el tipo de ense\u00f1anza<\/h2>\n\n\n\n<div class=\"wp-block-columns has-subtle-background-background-color has-background is-layout-flex wp-container-core-columns-is-layout-9d6595d7 wp-block-columns-is-layout-flex\">\n<div class=\"wp-block-column is-layout-flow wp-block-column-is-layout-flow\">\n<p class=\"has-text-align-center\" style=\"font-size:25px\"><strong><a rel=\"noreferrer noopener\" href=\"https:\/\/edublog.educastur.es\/menospantallasmasvida\/category\/infantil-primaria\/\" target=\"_blank\"><span style=\"color:#6d6d6d\" class=\"tadv-color\"><span style=\"text-decoration: underline\" class=\"underline\">Infantil y Primaria<\/span><\/span><\/a><\/strong><span style=\"color:#6d6d6d\" class=\"tadv-color\"> &#8211; <\/span><strong><a rel=\"noreferrer noopener\" href=\"https:\/\/edublog.educastur.es\/menospantallasmasvida\/category\/eso-bachillerato\/\" target=\"_blank\"><span style=\"color:#6d6d6d\" class=\"tadv-color\"><span style=\"text-decoration: underline\" class=\"underline\">ESO y Bachillerato<\/span><\/span><\/a><\/strong><span style=\"color:#6d6d6d\" class=\"tadv-color\"> &#8211; <\/span><strong><a rel=\"noreferrer noopener\" href=\"https:\/\/edublog.educastur.es\/menospantallasmasvida\/category\/otras-ensenanzas\/\" target=\"_blank\"><span style=\"color:#6d6d6d\" class=\"tadv-color\"><span style=\"text-decoration: underline\" class=\"underline\">Otras ense\u00f1anzas<\/span><\/span><\/a><\/strong><span style=\"color:#6d6d6d\" class=\"tadv-color\"> &#8211; <\/span><strong><a rel=\"noreferrer noopener\" href=\"https:\/\/edublog.educastur.es\/menospantallasmasvida\/category\/todas-ensenanzas\/\" target=\"_blank\"><span style=\"color:#6d6d6d\" class=\"tadv-color\"><span style=\"text-decoration: underline\" class=\"underline\">Todas las ense\u00f1anzas<\/span><\/span><\/a><\/strong><\/p>\n<\/div>\n<\/div>\n<\/div>\n<\/div>\n<\/div>\n<\/div>\n","protected":false},"excerpt":{"rendered":"<p>Menos pantallas, m\u00e1s vida es una campa\u00f1a de prevenci\u00f3n de adicciones tecnol\u00f3gicas&nbsp;dirigida a promover la reflexi\u00f3n de la comunidad educativa sobre el uso y el abuso de la tecnolog\u00eda y las medidas que fomentan h\u00e1bitos saludables y seguros. MICROPROYECTOS DE LOS CENTROS EDUCATIVOS Salud y vida Octubre-noviembre Uso seguro de la tecnolog\u00eda Diciembre-febrero Ocio saludable [&hellip;]<\/p>\n","protected":false},"author":7,"featured_media":1984,"parent":0,"menu_order":0,"comment_status":"closed","ping_status":"closed","template":"templates\/template-cover.php","meta":{"footnotes":""},"class_list":["post-451","page","type-page","status-publish","has-post-thumbnail","hentry"],"_links":{"self":[{"href":"https:\/\/edublog.educastur.es\/menospantallasmasvida\/wp-json\/wp\/v2\/pages\/451","targetHints":{"allow":["GET"]}}],"collection":[{"href":"https:\/\/edublog.educastur.es\/menospantallasmasvida\/wp-json\/wp\/v2\/pages"}],"about":[{"href":"https:\/\/edublog.educastur.es\/menospantallasmasvida\/wp-json\/wp\/v2\/types\/page"}],"author":[{"embeddable":true,"href":"https:\/\/edublog.educastur.es\/menospantallasmasvida\/wp-json\/wp\/v2\/users\/7"}],"replies":[{"embeddable":true,"href":"https:\/\/edublog.educastur.es\/menospantallasmasvida\/wp-json\/wp\/v2\/comments?post=451"}],"version-history":[{"count":236,"href":"https:\/\/edublog.educastur.es\/menospantallasmasvida\/wp-json\/wp\/v2\/pages\/451\/revisions"}],"predecessor-version":[{"id":2228,"href":"https:\/\/edublog.educastur.es\/menospantallasmasvida\/wp-json\/wp\/v2\/pages\/451\/revisions\/2228"}],"wp:featuredmedia":[{"embeddable":true,"href":"https:\/\/edublog.educastur.es\/menospantallasmasvida\/wp-json\/wp\/v2\/media\/1984"}],"wp:attachment":[{"href":"https:\/\/edublog.educastur.es\/menospantallasmasvida\/wp-json\/wp\/v2\/media?parent=451"}],"curies":[{"name":"wp","href":"https:\/\/api.w.org\/{rel}","templated":true}]}}