{"id":488,"date":"2022-11-14T12:25:12","date_gmt":"2022-11-14T12:25:12","guid":{"rendered":"https:\/\/edublog.educastur.es\/menospantallasmasvida\/?page_id=488"},"modified":"2023-11-05T13:33:52","modified_gmt":"2023-11-05T13:33:52","slug":"otono-salud-y-vida","status":"publish","type":"page","link":"https:\/\/edublog.educastur.es\/menospantallasmasvida\/otono-salud-y-vida\/","title":{"rendered":"OTO\u00d1O. Salud y vida"},"content":{"rendered":"\n<div class=\"wp-block-columns alignwide has-background is-layout-flex wp-container-core-columns-is-layout-9d6595d7 wp-block-columns-is-layout-flex\" style=\"background-color:#fb4a4a\">\n<div class=\"wp-block-column is-layout-flow wp-block-column-is-layout-flow\" style=\"flex-basis:50%\">\n<p class=\"has-secondary-color has-text-color has-background\" style=\"background-color:#fb4a4a;font-size:20px\"><span style=\"color:#ffffff\" class=\"tadv-color\">Los h\u00e1bitos saludables, como el deporte o una buena alimentaci\u00f3n, pasear por la naturaleza, compartir tiempo con la familia y las amistades, son la mejor prevenci\u00f3n contra las adicciones tecnol\u00f3gicas.<\/span><\/p>\n<\/div>\n\n\n\n<div class=\"wp-block-column is-vertically-aligned-center is-layout-flow wp-block-column-is-layout-flow\" style=\"flex-basis:50%\">\n<h2 class=\"alignwide has-text-align-center has-background-background-color has-background has-normal-font-size wp-block-heading\"><span style=\"color:#000000\" class=\"tadv-color\"><strong>Oto\u00f1o: octubre-noviembre<\/strong><\/span>  <br><span style=\"color:#000000\" class=\"tadv-color\"><strong>LEMA:<\/strong> <em><strong>#VoyAClaseEnBici<\/strong><\/em><\/span><br><strong><a href=\"https:\/\/edublog.educastur.es\/menospantallasmasvida\/portada\/centros\/\" target=\"_blank\" rel=\"noreferrer noopener\"><span style=\"color:#000000\" class=\"tadv-color\"><span style=\"text-decoration: underline\" class=\"underline\">\u00bfC\u00f3mo participar?<\/span><\/span><\/a><\/strong><\/h2>\n<\/div>\n<\/div>\n\n\n\n<div class=\"wp-block-columns alignfull has-secondary-background-color has-background is-layout-flex wp-container-core-columns-is-layout-9d6595d7 wp-block-columns-is-layout-flex\">\n<div class=\"wp-block-column is-layout-flow wp-block-column-is-layout-flow\" style=\"flex-basis:100%\">\n<h2 class=\"has-text-align-center wp-block-heading\" style=\"font-size:50px\"><span style=\"color:#ffffff\" class=\"tadv-color\">MICROPROYECTOS<\/span><\/h2>\n<\/div>\n<\/div>\n\n\n\n<div class=\"wp-block-columns alignwide is-layout-flex wp-container-core-columns-is-layout-9d6595d7 wp-block-columns-is-layout-flex\">\n<div class=\"wp-block-column is-vertically-aligned-center is-layout-flow wp-block-column-is-layout-flow\">\n<p class=\"has-background\" style=\"background-color:#fb4a4a;font-size:20px\"><span style=\"color:#ffffff\" class=\"tadv-color\"><strong>CENTRO. Consejer\u00eda de Educaci\u00f3n<\/strong>  <br><strong>T\u00cdTULO.<\/strong> <\/span><span style=\"color:#fb4a4a\" class=\"tadv-color\"><span style=\"background-color:#ffffff\" class=\"tadv-background-color\"> #VoyAClaseEnBici   <\/span> <\/span><span style=\"color:#ffffff\" class=\"tadv-color\"><br><strong>TEMA.<\/strong> Oto\u00f1o. Salud y vida  <br><strong>ENSE\u00d1ANZA. <\/strong>Todas las ense\u00f1anzas  <br><strong>FORMATO. <\/strong>Carteles<br><strong>ACTIVIDADES. <\/strong>Exposici\u00f3n de carteles, sesiones para sugerir, reflexionar, jugar, investigar&#8230;<\/span><\/p>\n<\/div>\n\n\n\n<div class=\"wp-block-column is-vertically-aligned-center is-layout-flow wp-block-column-is-layout-flow\">\n<h2 class=\"has-text-align-center has-large-font-size wp-block-heading\"><em>#VoyAClaseEnBici<\/em><br><strong>Consejer\u00eda de Educaci\u00f3n<\/strong><\/h2>\n\n\n\n<div class=\"wp-block-buttons is-content-justification-center is-layout-flex wp-block-buttons-is-layout-flex\">\n<div class=\"wp-block-button is-style-fill\"><a class=\"wp-block-button__link has-background\" href=\"https:\/\/edublog.educastur.es\/menospantallasmasvida\/otono-voyaclaseenbici\/\" style=\"background-color:#fb4a4a\" target=\"_blank\" rel=\"noreferrer noopener\">ver microproyecto<\/a><\/div>\n<\/div>\n<\/div>\n<\/div>\n\n\n\n<div class=\"wp-block-columns alignwide is-layout-flex wp-container-core-columns-is-layout-9d6595d7 wp-block-columns-is-layout-flex\">\n<div class=\"wp-block-column is-vertically-aligned-top is-layout-flow wp-block-column-is-layout-flow\">\n<div class=\"wp-block-columns is-layout-flex wp-container-core-columns-is-layout-9d6595d7 wp-block-columns-is-layout-flex\">\n<div class=\"wp-block-column is-layout-flow wp-block-column-is-layout-flow\" style=\"flex-basis:100%\">\n<p class=\"has-secondary-background-color has-background\" style=\"font-size:20px\"><strong><span style=\"color:#ffffff\" class=\"tadv-color\">CENTRO. CP Villafr\u00eda de Otero (Oviedo)<\/span><\/strong>  <br><strong><span style=\"color:#ffffff\" class=\"tadv-color\">T\u00cdTULO.<\/span><\/strong> <span style=\"color:#fb4a4a\" class=\"tadv-color\"><span style=\"background-color:#ffffff\" class=\"tadv-background-color\"> <\/span><\/span><span style=\"background-color:#ffffff\" class=\"tadv-background-color\"><span style=\"color:#6d6d6d\" class=\"tadv-color\">#VoyEnBiciAlCole   <\/span><\/span><span style=\"color:#fb4a4a\" class=\"tadv-color\"> <\/span> <br><span style=\"color:#ffffff\" class=\"tadv-color\"><strong>TEMA.<\/strong> Oto\u00f1o. Salud y vida  <br><strong>ENSE\u00d1ANZA. <\/strong>Infantil y Primaria  <br><strong>FORMATO. <\/strong>Sway, galer\u00eda fotogr\u00e1fica, v\u00eddeo<\/span><br><span style=\"color:#ffffff\" class=\"tadv-color\"><strong>ACTIVIDADES. <\/strong>Asambleas, clases pr\u00e1cticas, charlas, salidas<\/span><\/p>\n<\/div>\n<\/div>\n<\/div>\n\n\n\n<div class=\"wp-block-column is-vertically-aligned-center is-layout-flow wp-block-column-is-layout-flow\">\n<h2 class=\"has-text-align-center has-large-font-size wp-block-heading\"><em>#VoyEnBiciAlCole<\/em><br><strong>CP Villafr\u00eda de Otero (Oviedo)<\/strong><\/h2>\n\n\n\n<div class=\"wp-block-buttons is-content-justification-center is-layout-flex wp-block-buttons-is-layout-flex\">\n<div class=\"wp-block-button is-style-fill\"><a class=\"wp-block-button__link has-secondary-background-color has-background\" href=\"https:\/\/edublog.educastur.es\/menospantallasmasvida\/2022-otono-cp-villafria-otero\/\" target=\"_blank\" rel=\"noreferrer noopener\">ver microproyecto<\/a><\/div>\n<\/div>\n<\/div>\n<\/div>\n\n\n\n<div class=\"wp-block-columns alignwide is-layout-flex wp-container-core-columns-is-layout-9d6595d7 wp-block-columns-is-layout-flex\">\n<div class=\"wp-block-column is-vertically-aligned-top is-layout-flow wp-block-column-is-layout-flow\">\n<p class=\"has-background\" style=\"background-color:#fb4a4a;font-size:20px\"><strong><span style=\"color:#ffffff\" class=\"tadv-color\">CENTRO. CP Maximiliano Arboleya (Barredos, Laviana)<\/span><\/strong>  <br><strong><span style=\"color:#ffffff\" class=\"tadv-color\">T\u00cdTULO.<\/span><\/strong> <span style=\"background-color:#ffffff\" class=\"tadv-background-color\"><span style=\"color:#6d6d6d\" class=\"tadv-color\"> <\/span><span style=\"color:#fb4a4a\" class=\"tadv-color\">#VoyAClaseEnBici<\/span><span style=\"color:#6d6d6d\" class=\"tadv-color\">   <\/span><\/span><br><span style=\"color:#ffffff\" class=\"tadv-color\"><strong>TEMA.<\/strong> Oto\u00f1o. Salud y vida  <br><strong>ENSE\u00d1ANZA. <\/strong>Infantil y Primaria  <br><strong>FORMATO. <\/strong>Cartel<\/span><br><span style=\"color:#ffffff\" class=\"tadv-color\"><strong>ACTIVIDADES.<\/strong> Trabajo colaborativo, investigaci\u00f3n, debates, reflexi\u00f3n<\/span><\/p>\n<\/div>\n\n\n\n<div class=\"wp-block-column is-vertically-aligned-center is-layout-flow wp-block-column-is-layout-flow\">\n<h2 class=\"has-text-align-center has-large-font-size wp-block-heading\"><em>#VoyAClaseEnBici<\/em><br><strong>CP Maximiliano Arboleya (Barredos, Laviana)<\/strong><\/h2>\n\n\n\n<div class=\"wp-block-buttons is-content-justification-center is-layout-flex wp-block-buttons-is-layout-flex\">\n<div class=\"wp-block-button is-style-fill\"><a class=\"wp-block-button__link has-background\" href=\"https:\/\/edublog.educastur.es\/menospantallasmasvida\/2022-otono-cp-maximiliano-arboleya\/\" style=\"background-color:#fb4a4a\" target=\"_blank\" rel=\"noreferrer noopener\">ver microproyecto<\/a><\/div>\n<\/div>\n<\/div>\n<\/div>\n\n\n\n<div class=\"wp-block-columns alignwide is-layout-flex wp-container-core-columns-is-layout-9d6595d7 wp-block-columns-is-layout-flex\">\n<div class=\"wp-block-column is-vertically-aligned-top is-layout-flow wp-block-column-is-layout-flow\">\n<p class=\"has-secondary-color has-secondary-background-color has-text-color has-background\" style=\"font-size:20px\"><strong><span style=\"color:#ffffff\" class=\"tadv-color\">CENTRO. CP El Tru\u00e9banu (Campo de Caso, Caso)<\/span><\/strong><br><strong><span style=\"color:#ffffff\" class=\"tadv-color\">T\u00cdTULO.<\/span><\/strong> <span style=\"background-color:#ffffff\" class=\"tadv-background-color\"><span style=\"color:#6d6d6d\" class=\"tadv-color\">  Salud y vida   <\/span><\/span><br><span style=\"color:#ffffff\" class=\"tadv-color\"><strong>TEMA.<\/strong> Oto\u00f1o. Salud y vida  <br><strong>ENSE\u00d1ANZA. <\/strong>Infantil, Primaria y ESO  <br><strong>FORMATO. <\/strong>Cartel<\/span><br><span style=\"color:#ffffff\" class=\"tadv-color\"><strong><strong>ACTIVIDADES.<\/strong> <\/strong>Estudio: tiempo dedicado a dormir, familia, deporte, dispositivos&#8230; Debate sobre h\u00e1bitos saludables.<\/span><\/p>\n<\/div>\n\n\n\n<div class=\"wp-block-column is-vertically-aligned-center is-layout-flow wp-block-column-is-layout-flow\">\n<h2 class=\"has-text-align-center has-large-font-size wp-block-heading\"><em>Salud y vida<\/em><br><strong>CP El Tru\u00e9banu (Campo de Caso, Caso)<\/strong><\/h2>\n\n\n\n<div class=\"wp-block-buttons is-content-justification-center is-layout-flex wp-block-buttons-is-layout-flex\">\n<div class=\"wp-block-button is-style-fill\"><a class=\"wp-block-button__link has-secondary-background-color has-background\" href=\"https:\/\/edublog.educastur.es\/menospantallasmasvida\/cp-el-truebanu-caso\/\" target=\"_blank\" rel=\"noreferrer noopener\">ver microproyecto<\/a><\/div>\n<\/div>\n<\/div>\n<\/div>\n\n\n\n<div class=\"wp-block-columns alignwide is-layout-flex wp-container-core-columns-is-layout-9d6595d7 wp-block-columns-is-layout-flex\">\n<div class=\"wp-block-column is-vertically-aligned-top is-layout-flow wp-block-column-is-layout-flow\">\n<p class=\"has-background\" style=\"background-color:#fb4a4a;font-size:20px\"><span style=\"color:#ffffff\" class=\"tadv-color\"><strong>CENTRO.<\/strong><\/span><strong><span style=\"color:#ffffff\" class=\"tadv-color\">\u00a0CP Manuel \u00c1lvarez Iglesias (Salinas)<\/span><\/strong><br><strong><span style=\"color:#ffffff\" class=\"tadv-color\"><strong>T\u00cdTULO<\/strong>.\u00a0<\/span><\/strong><em><span style=\"color:#fb4a4a\" class=\"tadv-color\"><span style=\"background-color:#ffffff\" class=\"tadv-background-color\"> <\/span><\/span><\/em><span style=\"color:#fb4a4a\" class=\"tadv-color\"><span style=\"background-color:#ffffff\" class=\"tadv-background-color\">Ocio saludable <\/span><\/span><em><span style=\"color:#fb4a4a\" class=\"tadv-color\"><span style=\"background-color:#ffffff\" class=\"tadv-background-color\"> <\/span><\/span><\/em><span style=\"color:#ffffff\" class=\"tadv-color\"> <\/span><strong><span style=\"color:#ffffff\" class=\"tadv-color\"><br><strong>TEMA.<\/strong>\u00a0<\/span><\/strong><span style=\"color:#ffffff\" class=\"tadv-color\">Oto\u00f1o. Salud y vida<\/span><strong><span style=\"color:#ffffff\" class=\"tadv-color\"><br><strong>ENSE\u00d1ANZA.\u00a0<\/strong><\/span><\/strong><span style=\"color:#ffffff\" class=\"tadv-color\">Infantil y Primaria<\/span><strong><span style=\"color:#ffffff\" class=\"tadv-color\"><br><strong>FORMATO.\u00a0<\/strong><\/span><\/strong><span style=\"color:#ffffff\" class=\"tadv-color\">V\u00eddeo, sway.<\/span><strong><span style=\"color:#ffffff\" class=\"tadv-color\"><br><strong>ACTIVIDADES.<\/strong>\u00a0<\/span><\/strong><span style=\"color:#ffffff\" class=\"tadv-color\">Reflexi\u00f3n: ocio saludable frente a personas\u00a0<em>enganchadas<\/em>, experiencias reales frente a digitales.<\/span><\/p>\n<\/div>\n\n\n\n<div class=\"wp-block-column is-vertically-aligned-center is-layout-flow wp-block-column-is-layout-flow\">\n<h2 class=\"has-text-align-center has-large-font-size wp-block-heading\"><em>Ocio saludable<\/em><br><strong>CP Manual \u00c1lvarez Iglesias (Salinas, Castrill\u00f3n)<\/strong><\/h2>\n\n\n\n<div class=\"wp-block-buttons is-content-justification-center is-layout-flex wp-block-buttons-is-layout-flex\">\n<div class=\"wp-block-button is-style-fill\"><a class=\"wp-block-button__link has-background\" href=\"https:\/\/edublog.educastur.es\/menospantallasmasvida\/cp-manuel-alvarez-iglesias\/\" style=\"background-color:#fb4a4a\" target=\"_blank\" rel=\"noreferrer noopener\">ver microproyecto<\/a><\/div>\n<\/div>\n<\/div>\n<\/div>\n\n\n\n<div class=\"wp-block-columns alignfull is-layout-flex wp-container-core-columns-is-layout-9d6595d7 wp-block-columns-is-layout-flex\">\n<div class=\"wp-block-column is-layout-flow wp-block-column-is-layout-flow\" style=\"flex-basis:100%\">\n<p class=\"has-text-align-center has-primary-background-color has-background has-normal-font-size\"><a rel=\"noreferrer noopener\" href=\"https:\/\/edublog.educastur.es\/menospantallasmasvida\/otono-salud-y-vida\/\" target=\"_blank\"><span style=\"color:#fb4a4a\" class=\"tadv-color\"><span style=\"text-decoration: underline\" class=\"underline\">OTO\u00d1O<\/span><\/span><\/a> &#8211; <a rel=\"noreferrer noopener\" href=\"https:\/\/edublog.educastur.es\/menospantallasmasvida\/invierno-uso-seguro\/\" target=\"_blank\"><span style=\"color:#6360ae\" class=\"tadv-color\"><span style=\"text-decoration: underline\" class=\"underline\">INVIERNO<\/span><\/span><\/a> &#8211; <a rel=\"noreferrer noopener\" href=\"https:\/\/edublog.educastur.es\/menospantallasmasvida\/portada\/primavera-ocio-saludable\/\" target=\"_blank\"><span style=\"color:#21b69f\" class=\"tadv-color\"><span style=\"text-decoration: underline\" class=\"underline\">PRIMAVERA<\/span><\/span><\/a> &#8211; <a rel=\"noreferrer noopener\" href=\"https:\/\/edublog.educastur.es\/menospantallasmasvida\/portada\/verano-vida-familia\/\" target=\"_blank\"><span style=\"color:#ffc926\" class=\"tadv-color\"><span style=\"text-decoration: underline\" class=\"underline\">VERANO<\/span><\/span><\/a> &#8211; <a rel=\"noreferrer noopener\" href=\"https:\/\/edublog.educastur.es\/menospantallasmasvida\/futuro\/\" target=\"_blank\"><span style=\"color:#26c9ff\" class=\"tadv-color\"><span style=\"text-decoration: underline\" class=\"underline\">EL FUTURO<\/span><\/span><\/a><\/p>\n<\/div>\n<\/div>\n","protected":false},"excerpt":{"rendered":"<p>Los h\u00e1bitos saludables, como el deporte o una buena alimentaci\u00f3n, pasear por la naturaleza, compartir tiempo con la familia y las amistades, son la mejor prevenci\u00f3n contra las adicciones tecnol\u00f3gicas. Oto\u00f1o: octubre-noviembre LEMA: #VoyAClaseEnBici\u00bfC\u00f3mo participar? MICROPROYECTOS CENTRO. Consejer\u00eda de Educaci\u00f3n T\u00cdTULO. #VoyAClaseEnBici TEMA. Oto\u00f1o. Salud y vida ENSE\u00d1ANZA. Todas las ense\u00f1anzas FORMATO. CartelesACTIVIDADES. Exposici\u00f3n de [&hellip;]<\/p>\n","protected":false},"author":7,"featured_media":1462,"parent":0,"menu_order":3,"comment_status":"closed","ping_status":"closed","template":"templates\/template-full-width.php","meta":{"footnotes":""},"class_list":["post-488","page","type-page","status-publish","has-post-thumbnail","hentry"],"_links":{"self":[{"href":"https:\/\/edublog.educastur.es\/menospantallasmasvida\/wp-json\/wp\/v2\/pages\/488","targetHints":{"allow":["GET"]}}],"collection":[{"href":"https:\/\/edublog.educastur.es\/menospantallasmasvida\/wp-json\/wp\/v2\/pages"}],"about":[{"href":"https:\/\/edublog.educastur.es\/menospantallasmasvida\/wp-json\/wp\/v2\/types\/page"}],"author":[{"embeddable":true,"href":"https:\/\/edublog.educastur.es\/menospantallasmasvida\/wp-json\/wp\/v2\/users\/7"}],"replies":[{"embeddable":true,"href":"https:\/\/edublog.educastur.es\/menospantallasmasvida\/wp-json\/wp\/v2\/comments?post=488"}],"version-history":[{"count":78,"href":"https:\/\/edublog.educastur.es\/menospantallasmasvida\/wp-json\/wp\/v2\/pages\/488\/revisions"}],"predecessor-version":[{"id":2169,"href":"https:\/\/edublog.educastur.es\/menospantallasmasvida\/wp-json\/wp\/v2\/pages\/488\/revisions\/2169"}],"wp:featuredmedia":[{"embeddable":true,"href":"https:\/\/edublog.educastur.es\/menospantallasmasvida\/wp-json\/wp\/v2\/media\/1462"}],"wp:attachment":[{"href":"https:\/\/edublog.educastur.es\/menospantallasmasvida\/wp-json\/wp\/v2\/media?parent=488"}],"curies":[{"name":"wp","href":"https:\/\/api.w.org\/{rel}","templated":true}]}}