{"id":141,"date":"2023-11-29T12:17:51","date_gmt":"2023-11-29T12:17:51","guid":{"rendered":"https:\/\/edublog.educastur.es\/miblogdeeie\/?page_id=141"},"modified":"2023-12-02T09:16:02","modified_gmt":"2023-12-02T09:16:02","slug":"visita-valnalon","status":"publish","type":"page","link":"https:\/\/edublog.educastur.es\/miblogdeeie\/visita-valnalon\/","title":{"rendered":"Visita Valnal\u00f3n"},"content":{"rendered":"<p style=\"text-align: justify\">El alumnado del primer y segundo curso de <strong>Administraci\u00f3n y Finanzas<\/strong>, ha realizado una visita al <strong>Centro de Empresas Valnal\u00f3n<\/strong>, con la siguiente agenda:<\/p>\n<p style=\"text-align: center\"><strong>10:30h. Bienvenida.<\/strong><\/p>\n<p style=\"text-align: center\"><strong>10:40h. Valnal\u00f3n un lugar para emprender.<\/strong><\/p>\n<p style=\"text-align: center\"><strong>11:15. INOXNAL\u00d3N competencias y empleabilidad en administraci\u00f3n.<\/strong><\/p>\n<p style=\"text-align: center\"><strong>12:00. Banco de ensayos y apoyo a las personas emprendedroas.<\/strong><\/p>\n<p style=\"text-align: center\"><strong>12:45. Despedida.<\/strong><\/p>\n<p>Actividad muy interesante. <strong>Muchas gracias por todo.<\/strong><\/p>\n<p><img loading=\"lazy\" decoding=\"async\" class=\"alignnone size-medium wp-image-200 aligncenter\" src=\"http:\/\/edublog.educastur.es\/miblogdeeie\/files\/2023\/12\/1701339405805-300x225.jpg\" alt=\"\" width=\"300\" height=\"225\" srcset=\"https:\/\/edublog.educastur.es\/miblogdeeie\/files\/2023\/12\/1701339405805-300x225.jpg 300w, https:\/\/edublog.educastur.es\/miblogdeeie\/files\/2023\/12\/1701339405805-1024x768.jpg 1024w, https:\/\/edublog.educastur.es\/miblogdeeie\/files\/2023\/12\/1701339405805-768x576.jpg 768w, https:\/\/edublog.educastur.es\/miblogdeeie\/files\/2023\/12\/1701339405805-1536x1152.jpg 1536w, https:\/\/edublog.educastur.es\/miblogdeeie\/files\/2023\/12\/1701339405805-900x675.jpg 900w, https:\/\/edublog.educastur.es\/miblogdeeie\/files\/2023\/12\/1701339405805-1280x960.jpg 1280w, https:\/\/edublog.educastur.es\/miblogdeeie\/files\/2023\/12\/1701339405805.jpg 1600w\" sizes=\"auto, (max-width: 300px) 100vw, 300px\" \/><img loading=\"lazy\" decoding=\"async\" class=\"alignnone size-medium wp-image-201 aligncenter\" src=\"http:\/\/edublog.educastur.es\/miblogdeeie\/files\/2023\/12\/1701339405814-300x225.jpg\" alt=\"\" width=\"300\" height=\"225\" srcset=\"https:\/\/edublog.educastur.es\/miblogdeeie\/files\/2023\/12\/1701339405814-300x225.jpg 300w, https:\/\/edublog.educastur.es\/miblogdeeie\/files\/2023\/12\/1701339405814-768x576.jpg 768w, https:\/\/edublog.educastur.es\/miblogdeeie\/files\/2023\/12\/1701339405814-900x675.jpg 900w, https:\/\/edublog.educastur.es\/miblogdeeie\/files\/2023\/12\/1701339405814.jpg 1024w\" sizes=\"auto, (max-width: 300px) 100vw, 300px\" \/><img loading=\"lazy\" decoding=\"async\" class=\"alignnone size-medium wp-image-199 aligncenter\" src=\"http:\/\/edublog.educastur.es\/miblogdeeie\/files\/2023\/12\/1701339405794-300x225.jpg\" alt=\"\" width=\"300\" height=\"225\" \/><\/p>\n","protected":false},"excerpt":{"rendered":"<p>El alumnado del primer y segundo curso de Administraci\u00f3n y Finanzas, ha realizado una visita al Centro de Empresas Valnal\u00f3n, con la siguiente agenda: 10:30h. Bienvenida. 10:40h. Valnal\u00f3n un lugar para emprender. 11:15. INOXNAL\u00d3N competencias y empleabilidad en administraci\u00f3n. 12:00. Banco de ensayos y apoyo a las personas emprendedroas. 12:45. Despedida. Actividad muy interesante. Muchas [&hellip;]<\/p>\n","protected":false},"author":1261,"featured_media":0,"parent":0,"menu_order":0,"comment_status":"closed","ping_status":"closed","template":"","meta":{"footnotes":""},"class_list":["post-141","page","type-page","status-publish","hentry"],"_links":{"self":[{"href":"https:\/\/edublog.educastur.es\/miblogdeeie\/wp-json\/wp\/v2\/pages\/141","targetHints":{"allow":["GET"]}}],"collection":[{"href":"https:\/\/edublog.educastur.es\/miblogdeeie\/wp-json\/wp\/v2\/pages"}],"about":[{"href":"https:\/\/edublog.educastur.es\/miblogdeeie\/wp-json\/wp\/v2\/types\/page"}],"author":[{"embeddable":true,"href":"https:\/\/edublog.educastur.es\/miblogdeeie\/wp-json\/wp\/v2\/users\/1261"}],"replies":[{"embeddable":true,"href":"https:\/\/edublog.educastur.es\/miblogdeeie\/wp-json\/wp\/v2\/comments?post=141"}],"version-history":[{"count":12,"href":"https:\/\/edublog.educastur.es\/miblogdeeie\/wp-json\/wp\/v2\/pages\/141\/revisions"}],"predecessor-version":[{"id":203,"href":"https:\/\/edublog.educastur.es\/miblogdeeie\/wp-json\/wp\/v2\/pages\/141\/revisions\/203"}],"wp:attachment":[{"href":"https:\/\/edublog.educastur.es\/miblogdeeie\/wp-json\/wp\/v2\/media?parent=141"}],"curies":[{"name":"wp","href":"https:\/\/api.w.org\/{rel}","templated":true}]}}